000
CXUS55 KLKN 011117
CLSEKO


CLIMATE REPORT
NATIONAL WEATHER SERVICE ELKO NV
249 AM PST FRI DEC 1 2017

...................................

...THE ELKO AIRPORT NV CLIMATE SUMMARY FOR THE SEASON, FROM
9/1/2017 TO 11/30/2017...

CLIMATE NORMAL PERIOD 1981 TO 2010
CLIMATE RECORD PERIOD 1888 TO 2017

WEATHER         OBSERVED          NORMAL  DEPART  LAST YEAR`S
                 VALUE   DATE(S)  VALUE   FROM    VALUE
                                          NORMAL
.............................................................
TEMPERATURE (F)
RECORD
 HIGH             100   09/04/2017
 LOW              -16   11/29/1896
HIGHEST           100R  09/04        92       8       92
LOWEST             18   11/19         4      14       15
                        11/18
AVG. MAXIMUM     64.8              63.7     1.1     66.4
AVG. MINIMUM     31.9              29.7     2.2     34.2
MEAN             48.4              46.7     1.7     50.3
DAYS MAX >= 90      7               2.0     5.0        1
DAYS MAX <= 32      0               2.2    -2.2        0
DAYS MIN <= 32     61              52.2     8.8       46
DAYS MIN <= 0       0               0.7    -0.7        0

PRECIPITATION (INCHES)
RECORD
 MAXIMUM         5.73   1900
 MINIMUM         0.45   1933
TOTALS           3.32              2.43    0.89     3.88
DAILY AVG.       0.03              0.03    0.00     0.04
DAYS >= .01        19              17.3     1.7       22
DAYS >= .10         8               7.8     0.2        9
DAYS >= .50         2               1.0     1.0        3
DAYS >= 1.00        0               0.0     0.0        0

SNOWFALL (INCHES)
RECORDS
 TOTAL           20.0   1930
TOTALS            0.7               5.7    -5.0      5.5
DAYS >= 1.0         0               2.2    -2.2        3

DEGREE_DAYS
HEATING TOTAL    1584              1686    -102     1332
COOLING TOTAL      89                21      68       16
..............................................................

WIND (MPH)
AVERAGE WIND SPEED              4.9
HIGHEST WIND SPEED/DIRECTION    41/270    DATE  10/20
HIGHEST GUST SPEED/DIRECTION    52/270    DATE  10/20

AVERAGE RH (PERCENT)     52

WEATHER CONDITIONS. NUMBER OF DAYS WITH
THUNDERSTORM              1     MIXED PRECIP               0
HEAVY RAIN                1     RAIN                       7
LIGHT RAIN               20     FREEZING RAIN              0
LT FREEZING RAIN          0     HAIL                       0
HEAVY SNOW                0     SNOW                       1
LIGHT SNOW                3     SLEET                      0
FOG                      11     FOG W/VIS <= 1/4 MILE      4
HAZE                      9

-  INDICATES NEGATIVE NUMBERS.
R  INDICATES RECORD WAS SET OR TIED.
MM INDICATES DATA IS MISSING.
T  INDICATES TRACE AMOUNT.

&&

=====================================================================

...SEPTEMBER WAS THE 3RD WETTEST ON RECORD WITH 1.93 INCHES..

A RECORD MONTHLY AND SEASONAL MAXIMUM TEMP OF 100 DEGREES WAS SET
ON SEPTEMBER 4TH.

$$

DS
