000
CXUS53 KDVN 011630
CLSIOW


CLIMATE REPORT
NATIONAL WEATHER SERVICE QUAD CITIES IA IL
1130 AM CDT SUN JUN 1 2014

...................................

...THE IOWA CITY IA CLIMATE SUMMARY FOR THE SEASON, FROM
3/1/2014 TO 5/31/2014...

CLIMATE NORMAL PERIOD 1981 TO 2010
CLIMATE RECORD PERIOD 9999 TO 9999

WEATHER         OBSERVED          NORMAL  DEPART
                 VALUE   DATE(S)  VALUE   FROM
                                          NORMAL
................................................
TEMPERATURE (F)
HIGHEST            89   05/31        80       9
LOWEST            -10   03/03        24     -34
AVG. MAXIMUM     58.4              60.6    -2.2
AVG. MINIMUM     36.4              40.1    -3.7
MEAN             47.3              50.3    -3.0
DAYS MAX >= 90      0
DAYS MAX <= 32      8
DAYS MIN <= 32     34
DAYS MIN <= 0       2

PRECIPITATION (INCHES)
TOTALS           9.22              9.93   -0.71
DAILY AVG.       0.10              0.11   -0.01
DAYS >= .01        31
DAYS >= .10        15
DAYS >= .50         4
DAYS >= 1.00        3
GREATEST
 24 HR. TOTAL    2.12   04/12 TO 04/13

DEGREE_DAYS
HEATING TOTAL    1689              1411     278
 SINCE 7/1       7482              6361    1121
COOLING TOTAL      89                61      28
 SINCE 1/1         89                61      28
.................................................

WIND (MPH)
AVERAGE WIND SPEED              9.9
HIGHEST WIND SPEED/DIRECTION    44/250    DATE  04/12
HIGHEST GUST SPEED/DIRECTION    53/240    DATE  04/12

SKY COVER
POSSIBLE SUNSHINE (PERCENT)   MM
AVERAGE SKY COVER           0.40
NUMBER OF DAYS FAIR           50
NUMBER OF DAYS PC             25
NUMBER OF DAYS CLOUDY         17

AVERAGE RH (PERCENT)     67

WEATHER CONDITIONS. NUMBER OF DAYS WITH
THUNDERSTORM             19     HAIL                       0
SLEET                     0     FOG                       38
FOG W/VIS <= 1/4 MILE     1     HAZE                      11

-  INDICATES NEGATIVE NUMBERS.
R  INDICATES RECORD WAS SET OR TIED.
MM INDICATES DATA IS MISSING.
T  INDICATES TRACE AMOUNT.

$$
