000
CXUS51 KCTP 011410
CLSIPT

CLIMATE REPORT
NATIONAL WEATHER SERVICE STATE COLLEGE PA
910 AM EST SAT MAR 1 2014

...................................

...THE WILLIAMSPORT PA CLIMATE SUMMARY FOR THE SEASON, FROM
12/1/2013 TO 2/28/2014...

CLIMATE NORMAL PERIOD 1981 TO 2010
CLIMATE RECORD PERIOD 1895 TO 2014

WEATHER         OBSERVED          NORMAL  DEPART  LAST YEAR`S
                 VALUE   DATE(S)  VALUE   FROM    VALUE  DATE(S)
                                          NORMAL
................................................................
TEMPERATURE (F)
RECORD
 HIGH              71   02/24/1985
                        02/16/1954
 LOW              -20   01/21/1994
HIGHEST            64   12/22         0      64       66  12/04
LOWEST             -7   02/12         0      -7        1  01/23

AVG. MAXIMUM     33.4              36.7    -3.3     38.1
AVG. MINIMUM     16.2              21.7    -5.5     24.8
MEAN             24.8              29.2    -4.4     31.5
DAYS MAX >= 90      0               0.0     0.0        0
DAYS MAX <= 32     45              26.9    18.1       21
DAYS MIN <= 32     86              76.8     9.2       72
DAYS MIN <= 0       8               2.2     5.8        0

PRECIPITATION (INCHES)
RECORD
 MAXIMUM        14.86   1914
 MINIMUM         3.55   1979

TOTALS           7.44              7.97   -0.53    10.07
DAILY AVG.       0.08              0.09   -0.01     0.11
DAYS >= .01        41              31.5     9.5       36
DAYS >= .10        19              16.4     2.6       21
DAYS >= .50         5               5.2    -0.2        7
DAYS >= 1.00        1               1.3    -0.3        2
GREATEST
 24 HR. TOTAL    1.09   MM


 STORM TOTAL       MM
 (MM/DD(HH))            MM


SNOWFALL (INCHES)
RECORDS
 TOTAL           74.0   1963
 24 HR TOTAL       MM
 SNOW DEPTH        MM   MM
TOTALS           43.6              26.2    17.4     25.3
 LIQUID EQUIV      MM              0.00      MM     2.53
SINCE 7/1        45.8              28.0    17.8     27.1
 LIQUID 7/1      0.22              2.80   -2.58     2.71
SNOWDEPTH AVG.      3                MM      MM        1
DAYS >= TRACE      47              18.3    28.7       38
DAYS >= 1.0        13               7.6     5.4        6
GREATEST
 SNOW DEPTH        13   02/16
                        02/15

 24 HR TOTAL      8.6   MM


 STORM TOTAL       MM
 (MM/DD(HH))            MM

DEGREE_DAYS
HEATING TOTAL    3589              3221     368     2986
 SINCE 7/1         MM              4467      MM       MM
COOLING TOTAL       0                 0       0        0
 SINCE 1/1          0                 0       0        0

FREEZE DATES
RECORD
 EARLIEST     09/22/1904
 LATEST       05/25/1956
EARLIEST                        09/22
LATEST                          05/25
.........................................................

WIND (MPH)
AVERAGE WIND SPEED              5.9
RESULTANT WIND SPEED/DIRECTION   3/276
HIGHEST WIND SPEED/DIRECTION    33/160    DATE  01/06
HIGHEST GUST SPEED/DIRECTION    45/250    DATE  01/06

SKY COVER
POSSIBLE SUNSHINE (PERCENT)   MM
AVERAGE SKY COVER           0.60
NUMBER OF DAYS FAIR           19
NUMBER OF DAYS PC             38
NUMBER OF DAYS CLOUDY         33

AVERAGE RH (PERCENT)     68

WEATHER CONDITIONS. NUMBER OF DAYS WITH
THUNDERSTORM              0     MIXED PRECIP               0
HEAVY RAIN                2     RAIN                       7
LIGHT RAIN               23     FREEZING RAIN              2
LT FREEZING RAIN          9     HAIL                       0
HEAVY SNOW                5     SNOW                       9
LIGHT SNOW               41     SLEET                      4
FOG                      52     FOG W/VIS <= 1/4 MILE     17
HAZE                     34

-  INDICATES NEGATIVE NUMBERS.
R  INDICATES RECORD WAS SET OR TIED.
MM INDICATES DATA IS MISSING.
T  INDICATES TRACE AMOUNT.

$$

LA CORTE
