000
CXUS54 KLZK 011356
CLSLIT


CLIMATE REPORT
NATIONAL WEATHER SERVICE LITTLE ROCK AR
848 AM CDT THU JUN 1 2017

...................................

...THE LITTLE ROCK ADAMS FIELD CLIMATE SUMMARY FOR THE SEASON, FROM
3/1/2017 TO 5/31/2017...

CLIMATE NORMAL PERIOD 1981 TO 2010
CLIMATE RECORD PERIOD 1874 TO 2017

WEATHER         OBSERVED          NORMAL  DEPART  LAST YEAR`S
                 VALUE   DATE(S)  VALUE   FROM    VALUE  DATE(S)
                                          NORMAL
................................................................
TEMPERATURE (F)
RECORD
 HIGH              98   05/31/1998
                        05/26/1964
 LOW               11   03/03/1943
HIGHEST            89   05/27        MM      MM       92  05/29
LOWEST             28   03/15        MM      MM       32  03/21
AVG. MAXIMUM     74.5              72.8     1.7     74.6
AVG. MINIMUM     52.3              51.6     0.7     54.2
MEAN             63.4              62.2     1.2     64.4
DAYS MAX >= 90      0               2.4    -2.4        1
DAYS MAX <= 32      0               0.1    -0.1        0
DAYS MIN <= 32      3               3.6    -0.6        1
DAYS MIN <= 0       0               0.0     0.0        0

PRECIPITATION (INCHES)
TOTALS          20.82             14.69    6.13    23.50
DAILY AVG.       0.23              0.16    0.07     0.26
DAYS >= .01        32              30.3     1.7       34
DAYS >= .10        24              21.2     2.8       24
DAYS >= .50        11              10.2     0.8       12
DAYS >= 1.00        8               4.4     3.6        8
GREATEST
 24 HR. TOTAL    5.45   04/29 TO 04/30

SNOWFALL (INCHES)
RECORDS
 TOTAL           12.0   1875
 24 HR TOTAL     12.0   03/06/1875 TO 03/06/1875
 SNOW DEPTH         8   03/17/1892
TOTALS            0.0               0.4    -0.4      0.0
 LIQUID EQUIV    0.00              0.00    0.00     0.00
SINCE 7/1         0.2               3.5    -3.3      5.7
 LIQUID 7/1      0.02                MM      MM     0.57
SNOWDEPTH AVG.      0                 0       0        0
DAYS >= TRACE       0               0.3    -0.3        0
DAYS >= 1.0         0               0.1    -0.1        0
GREATEST
 SNOW DEPTH         0   MM                             0  MM
 24 HR TOTAL      0.0

DEGREE_DAYS
HEATING TOTAL     380               539    -159      302
 SINCE 7/1       2294              3052    -758     2191
COOLING TOTAL     254               279     -25      268
 SINCE 1/1        266               281     -15      274

FREEZE DATES
RECORD
 EARLIEST     10/20/1989
 LATEST       04/19/1983
EARLIEST                        11/13
LATEST                          03/19
.................................................

WIND (MPH)
AVERAGE WIND SPEED              8.6
HIGHEST WIND SPEED/DIRECTION    37/240    DATE  03/24
HIGHEST GUST SPEED/DIRECTION    48/260    DATE  03/27

SKY COVER
POSSIBLE SUNSHINE (PERCENT)   MM
AVERAGE SKY COVER           0.60
NUMBER OF DAYS FAIR           28
NUMBER OF DAYS PC             32
NUMBER OF DAYS CLOUDY         32


WEATHER CONDITIONS. NUMBER OF DAYS WITH
THUNDERSTORM              0     MIXED PRECIP               0
HEAVY RAIN               17     RAIN                      25
LIGHT RAIN               40     FREEZING RAIN              0
LT FREEZING RAIN          0     HAIL                       1
HEAVY SNOW                0     SNOW                       0
LIGHT SNOW                0     SLEET                      0
FOG                      37     FOG W/VIS <= 1/4 MILE      1
HAZE                      2

-  INDICATES NEGATIVE NUMBERS.
R  INDICATES RECORD WAS SET OR TIED.
MM INDICATES DATA IS MISSING.
T  INDICATES TRACE AMOUNT.

&&

...Date for Little Rock Adams Field for Spring 2017...

.Summary...
Over all, spring was a little over a degree above average. However,
what spared us from a higher number was May, which was the only
month in the season with below average temperatures. More
significantly, this spring was the first in two years with no 90-
degree temperatures.

Even though rainfall was well above average, this was the driest
spring in two years. March was the driest month, and April was the
wettest.

.Seasonal Temperatures...
The average high temperature was the coolest since 2015. The average
low temperature was the coolest since 2014. The average seasonal
temperature was the coolest since 2015.

.Seasonal Rainfall...
Even though rainfall was well above average, and this was the 20th
wettest spring on record, it was also the driest spring since 2014.

.Seasonal Snowfall...
No snow fell for the second spring in a row.

$$

57
