000
CXUS53 KJKL 011547
CLSLOZ

CLIMATE REPORT
NATIONAL WEATHER SERVICE JACKSON KY
1147 AM EDT THU JUN 1 2017

...................................

...THE LONDON KY CLIMATE SUMMARY FOR THE SEASON, FROM
3/1/2017 TO 5/31/2017...

CLIMATE NORMAL PERIOD 1981 TO 2010
CLIMATE RECORD PERIOD 1954 TO 2017

WEATHER         OBSERVED          NORMAL  DEPART  LAST YEAR`S
                 VALUE   DATE(S)  VALUE   FROM    VALUE  DATE(S)
                                          NORMAL
................................................................
TEMPERATURE (F)
RECORD
 HIGH              91   05/30/2006
 LOW              -12   03/03/1980
HIGHEST            88   04/29        MM      MM       86  05/31
LOWEST             16   03/16        MM      MM       27  04/10
                                                          03/21
                                                          03/02
AVG. MAXIMUM     69.5              67.8     1.7     69.2
AVG. MINIMUM     47.5              44.7     2.8     46.0
MEAN             58.5              56.2     2.3     57.6
DAYS MAX >= 90      0               0.2    -0.2        0
DAYS MAX <= 32      0               0.3    -0.3        0
DAYS MIN <= 32     15              14.7     0.3       13
DAYS MIN <= 0       0               0.0     0.0        0

PRECIPITATION (INCHES)
RECORD
 MAXIMUM        22.28   1984
 MINIMUM         5.03   2016
TOTALS             MM             13.28      MM     5.03
DAILY AVG.       0.19              0.14    0.05     0.09
DAYS >= .01        43              38.4     4.6       19
DAYS >= .10        29              24.4     4.6       12
DAYS >= .50        15               8.9     6.1        5
DAYS >= 1.00        4               2.8     1.2        0
GREATEST
 24 HR. TOTAL    1.21   04/21 TO 04/21              1.67

SNOWFALL (INCHES)
RECORDS
 TOTAL           31.0   1960
TOTALS             MM               1.6      MM       MM
SINCE 7/1          MM              10.3      MM       MM
SNOWDEPTH AVG.     MM                MM      MM       MM
DAYS >= 1.0        MM               0.7      MM        0
GREATEST
 24 HR TOTAL       MM                                 MM

DEGREE_DAYS
HEATING TOTAL     724               920    -196      758
 SINCE 7/1       3319              4196    -877     3674
COOLING TOTAL     151               114      37      102
 SINCE 1/1        151               114      37      102
.................................................................

WIND (MPH)
AVERAGE WIND SPEED              6.5
RESULTANT WIND SPEED/DIRECTION   2/240
HIGHEST WIND SPEED/DIRECTION    33/300    DATE  03/01
HIGHEST GUST SPEED/DIRECTION    50/310    DATE  03/01

SKY COVER
POSSIBLE SUNSHINE (PERCENT)   MM
NUMBER OF DAYS FAIR           46
NUMBER OF DAYS PC             24
NUMBER OF DAYS CLOUDY         21

AVERAGE RH (PERCENT)     63

WEATHER CONDITIONS. NUMBER OF DAYS WITH
THUNDERSTORM             19     MIXED PRECIP               0
HEAVY RAIN               18     RAIN                      29
LIGHT RAIN               44     FREEZING RAIN              0
LT FREEZING RAIN          0     HAIL                       0
HEAVY SNOW                0     SNOW                       0
LIGHT SNOW                2     SLEET                      0
FOG                      46     FOG W/VIS <= 1/4 MILE      4
HAZE                      6

-  INDICATES NEGATIVE NUMBERS.
R  INDICATES RECORD WAS SET OR TIED.
MM INDICATES DATA IS MISSING.
T  INDICATES TRACE AMOUNT.

$$

CARICO

...SEASONAL PRECIPITATION TOTAL MISSING DUE TO SENSOR OUTAGE
ON MAY 27TH...UNOFFICIAL SEASONAL PRECIPITATION TOTAL WITHOUT
MAY 27TH IS 17.37 INCHES...
