000
CXUS51 KRNK 011553
CLSLWB


CLIMATE REPORT
NATIONAL WEATHER SERVICE BLACKSBURG VA
1034 AM EST SUN MAR 1 2015

...................................

...THE LEWISBURG WV CLIMATE SUMMARY FOR THE SEASON, FROM
12/1/2014 TO 2/28/2015...

CLIMATE NORMAL PERIOD 1981 TO 2010
CLIMATE RECORD PERIOD 1973 TO 2015

WEATHER         OBSERVED          NORMAL  DEPART
                 VALUE   DATE(S)  VALUE   FROM
                                          NORMAL
................................................
TEMPERATURE (F)
RECORD
 HIGH              73   01/31/2002
                        02/25/2000
 LOW              -24   12/23/1989
HIGHEST            66   02/08
LOWEST             -5   02/20
AVG. MAXIMUM     40.0              40.6    -0.6
AVG. MINIMUM     22.3              20.3     2.0
MEAN             31.2              30.5     0.7
DAYS MAX >= 90      0               0.0     0.0
DAYS MAX <= 32     17              22.0    -5.0
DAYS MIN <= 32     74              79.2    -5.2
DAYS MIN <= 0       3               3.2    -0.2

SNOWFALL (INCHES)
TOTALS           33.7
SINCE 7/1        35.7
SNOWDEPTH AVG.      2
DAYS >= 1.0         5
GREATEST
 SNOW DEPTH        21

DEGREE_DAYS
HEATING TOTAL    3001              3108    -107
 SINCE 7/1       4213              4425    -212
COOLING TOTAL       0                 0       0
 SINCE 1/1          0                 0       0
.................................................

WIND (MPH)
AVERAGE WIND SPEED              4.9
HIGHEST WIND SPEED/DIRECTION    24/330    DATE  02/14
HIGHEST GUST SPEED/DIRECTION    40/330    DATE  02/14


-  INDICATES NEGATIVE NUMBERS.
R  INDICATES RECORD WAS SET OR TIED.
MM INDICATES DATA IS MISSING.
T  INDICATES TRACE AMOUNT.

REMARKS:
DUE TO HIGHLY SUSPECT PRECIPITATION VALUES FROM THE AUTOMATED RAIN
GAUGE...ALL LIQUID PRECIPITATION DATA WILL BE CODED AS MISSING.

$$

PW
