000
CXUS51 KRNK 011259
CLSLWB


CLIMATE REPORT
NATIONAL WEATHER SERVICE BLACKSBURG VA
851 AM EDT MON JUN 1 2015

...................................

...THE LEWISBURG WV CLIMATE SUMMARY FOR THE SEASON, FROM
3/1/2015 TO 5/31/2015...

CLIMATE NORMAL PERIOD 1981 TO 2010
CLIMATE RECORD PERIOD 1973 TO 2015

WEATHER         OBSERVED          NORMAL  DEPART  LAST YEAR`S
                 VALUE   DATE(S)  VALUE   FROM    VALUE
                                          NORMAL
.............................................................
TEMPERATURE (F)
RECORD
 HIGH              91   05/31/2011
 LOW               -4   03/15/1993
HIGHEST            87   05/11                         87
LOWEST             -3   03/06                         -2
AVG. MAXIMUM     65.4              62.1     3.3     62.4
AVG. MINIMUM     42.0              36.3     5.7     37.1
MEAN             53.7              49.2     4.5     49.8
DAYS MAX >= 90      0               0.1    -0.1        0
DAYS MAX <= 32      2               1.9     0.1        4
DAYS MIN <= 32     16              35.0   -19.0       33
DAYS MIN <= 0       1               0.1     0.9        1

SNOWFALL (INCHES)
TOTALS            4.0                                9.5
DAYS >= TRACE       6                                 10
DAYS >= 1.0         1                                  4
GREATEST
 24 HR TOTAL      4.0                                4.5

DEGREE_DAYS
HEATING TOTAL    1082              1478    -396     1412
COOLING TOTAL      84                26      58       33
..............................................................

WIND (MPH)
AVERAGE WIND SPEED              4.3
HIGHEST WIND SPEED/DIRECTION    23/220    DATE  04/20
HIGHEST GUST SPEED/DIRECTION    38/300    DATE  05/11

SKY COVER
AVERAGE SKY COVER           0.40

AVERAGE RH (PERCENT)     63

WEATHER CONDITIONS. NUMBER OF DAYS WITH
THUNDERSTORM             11     MIXED PRECIP               0
HEAVY RAIN               11     RAIN                      24
LIGHT RAIN               43     FREEZING RAIN              0
LT FREEZING RAIN          1     HAIL                       0
HEAVY SNOW                0     SNOW                       1
LIGHT SNOW                6     SLEET                      2
FOG                      38     FOG W/VIS <= 1/4 MILE     17
HAZE                      0

-  INDICATES NEGATIVE NUMBERS.
R  INDICATES RECORD WAS SET OR TIED.
MM INDICATES DATA IS MISSING.
T  INDICATES TRACE AMOUNT.

REMARKS:
DUE TO HIGHLY SUSPECT PRECIPITATION VALUES FROM THE AUTOMATED RAIN
GAUGE...ALL LIQUID PRECIPITATION DATA WILL BE CODED AS MISSING.
ALSO...DUE TO EQUIPMENT FAILURE RESULTING IN MISSING TEMPERATURE
DATA ON APRIL 26...THE SEASONAL TOTAL AND DEPARTURE FROM NORMAL FOR
HDD WILL BE CALCULATED WITHOUT DATA FROM THIS DATE.

$$

PW
