214
CXUS53 KMKX 012139
CLSMKE

CLIMATE REPORT
NATIONAL WEATHER SERVICE IN MILWAUKEE
336 PM CST THU DEC 1 2016

...................................

...THE MILWAUKEE WI CLIMATE SUMMARY FOR THE SEASON, FROM
9/1/2016 TO 11/30/2016...

CLIMATE NORMAL PERIOD 1981 TO 2010
CLIMATE RECORD PERIOD 1871 TO 2016

WEATHER         OBSERVED          NORMAL  DEPART  LAST YEAR`S
                 VALUE   DATE(S)  VALUE   FROM    VALUE  DATE(S)
                                          NORMAL
................................................................
TEMPERATURE (F)
RECORD
 HIGH              99   09/15/1939
 LOW              -14   11/29/1875
HIGHEST            94   09/06        88       6       90  09/06
                                                          09/01
LOWEST             24   11/21        13      11       16  11/22
AVG. MAXIMUM     65.2              58.9     6.3     63.3
AVG. MINIMUM     49.5              43.3     6.2     47.4
MEAN             57.4              51.1     6.3     55.3
DAYS MAX >= 90      1               0.4     0.6        2
DAYS MAX <= 32      0               2.6    -2.6        1
DAYS MIN <= 32      6              16.7   -10.7       12
DAYS MIN <= 0       0               0.0     0.0        0

PRECIPITATION (INCHES)
RECORD
 MAXIMUM        15.94   1985
 MINIMUM         2.07   1956
TOTALS           9.67              8.54    1.13    11.27
DAILY AVG.       0.10              0.09    0.01     0.12
DAYS >= .01        27              30.1    -3.1       25
DAYS >= .10        12              16.8    -4.8       18
DAYS >= .50         9               5.4     3.6       10
DAYS >= 1.00        4               1.9     2.1        3
GREATEST
 24 HR. TOTAL    1.80   10/26 TO 10/27              1.87

SNOWFALL (INCHES)
RECORDS
 TOTAL           18.7   1896
TOTALS              T               2.7    -2.7      6.9
SINCE 7/1           T               2.7    -2.7      6.9
SNOWDEPTH AVG.      0                MM      MM        0
DAYS >= 1.0         0               0.7    -0.7        1
GREATEST
 SNOW DEPTH         0   MM                             4  11/22
 24 HR TOTAL        T   11/25 TO 11/25               6.1
                        11/22 TO 11/22

DEGREE_DAYS
HEATING TOTAL     828              1339    -511      991
 SINCE 7/1        830              1365    -535       MM
COOLING TOTAL     155                76      79      135
 SINCE 1/1        991               641     350      622

FREEZE DATES
RECORD
 EARLIEST     09/20/1956
 LATEST       05/27/1961
EARLIEST                        10/17
LATEST                          04/27
.................................................................

WIND (MPH)
AVERAGE WIND SPEED              9.0
RESULTANT WIND SPEED/DIRECTION   2/232
HIGHEST WIND SPEED/DIRECTION    35/240    DATE  11/18
HIGHEST GUST SPEED/DIRECTION    46/300    DATE  11/19

SKY COVER
POSSIBLE SUNSHINE (PERCENT)   MM
AVERAGE SKY COVER           0.60
NUMBER OF DAYS FAIR           23
NUMBER OF DAYS PC             43
NUMBER OF DAYS CLOUDY         25

AVERAGE RH (PERCENT)     70

WEATHER CONDITIONS. NUMBER OF DAYS WITH
THUNDERSTORM             10     MIXED PRECIP               0
HEAVY RAIN               10     RAIN                      11
LIGHT RAIN               34     FREEZING RAIN              0
LT FREEZING RAIN          0     HAIL                       0
HEAVY SNOW                0     SNOW                       0
LIGHT SNOW                1     SLEET                      0
FOG                      36     FOG W/VIS <= 1/4 MILE      4
HAZE                     21

-  INDICATES NEGATIVE NUMBERS.
R  INDICATES RECORD WAS SET OR TIED.
MM INDICATES DATA IS MISSING.
T  INDICATES TRACE AMOUNT.

$$
