000
CXUS53 KDDC 011555
CLSP28


CLIMATE REPORT
NATIONAL WEATHER SERVICE DODGE CITY KS
941 AM CST THU DEC 1 2016

...................................

...THE MEDICINE LODGE KS CLIMATE SUMMARY FOR THE SEASON, FROM
9/1/2016 TO 11/30/2016...

CLIMATE NORMAL PERIOD 1981 TO 2010
CLIMATE RECORD PERIOD 1893 TO 2016

WEATHER         OBSERVED          NORMAL  DEPART  LAST YEAR`S
                 VALUE   DATE(S)  VALUE   FROM    VALUE  DATE(S)
                                          NORMAL
................................................................
TEMPERATURE (F)
RECORD
 HIGH             113   09/29/1984
 LOW                0   11/29/1976
HIGHEST            97   09/20        MM      MM      104  09/07
LOWEST             20   11/19        MM      MM       22  11/22
AVG. MAXIMUM     75.9              71.0     4.9     74.9
AVG. MINIMUM     49.1              45.8     3.3     49.1
MEAN             62.5              58.4     4.1     62.0
DAYS MAX >= 90     13               8.7     4.3       16
DAYS MAX <= 32      0               0.2    -0.2        3
DAYS MIN <= 32     11              16.6    -5.6       13
DAYS MIN <= 0       0               0.0     0.0        0

PRECIPITATION (INCHES)
RECORD
 MAXIMUM        21.01   1923
 MINIMUM         0.31   1939
TOTALS           9.21              5.87    3.34     5.66
DAILY AVG.       0.10              0.06    0.04     0.06
DAYS >= .01        16              17.1    -1.1       23
DAYS >= .10        10               9.3     0.7       10
DAYS >= .50         3               3.5    -0.5        4
DAYS >= 1.00        3               1.3     1.7        1
GREATEST
 24 HR. TOTAL    3.09   09/08 TO 09/08           11/17 TO 11/17

SNOWFALL (INCHES)
RECORDS
 TOTAL           19.0   1992
 24 HR TOTAL     14.0   11/30/1992
 SNOW DEPTH        15   11/30/1992
TOTALS            0.0               0.2    -0.2        T
SINCE 7/1         0.0               0.2    -0.2        T
DAYS >= TRACE       0               0.2    -0.2        1
DAYS >= 1.0         0               0.1    -0.1        0
GREATEST
 SNOW DEPTH         0   MM                            -1  11/28
                                                          11/29
                                                          11/30
 24 HR TOTAL      0.0   MM                       11/28 TO 11/28

DEGREE_DAYS
HEATING TOTAL     536               858    -322      595
 SINCE 7/1        536               858    -322      595
COOLING TOTAL     337               259      78      388
 SINCE 1/1       1937              1770     167     1867

.........................................................

WIND (MPH)
AVERAGE WIND SPEED              8.7
RESULTANT WIND SPEED/DIRECTION   3/149
HIGHEST WIND SPEED/DIRECTION    38/330    DATE  09/09
HIGHEST GUST SPEED/DIRECTION    64/190    DATE  09/24

AVERAGE RH (PERCENT)     65


-  INDICATES NEGATIVE NUMBERS.
R  INDICATES RECORD WAS SET OR TIED.
MM INDICATES DATA IS MISSING.
T  INDICATES TRACE AMOUNT.

$$
