000
CXUS53 KUNR 041501
CLSRAP

FSDCLSRAP 000
TTAA00 KUNR 031724


CLIMATE REPORT
NATIONAL WEATHER SERVICE RAPID CITY SD
1122 AM MDT THU SEP 3 2015

...................................

...THE RAPID CITY AIRPORT SD CLIMATE SUMMARY FOR THE SEASON, FROM
6/1/2015 TO 8/31/2015...

CLIMATE NORMAL PERIOD 1981 TO 2010
CLIMATE RECORD PERIOD 1942 TO 2015

WEATHER         OBSERVED          NORMAL  DEPART  LAST YEAR`S
                 VALUE   DATE(S)  VALUE   FROM    VALUE  DATE(S)
                                          NORMAL
................................................................
TEMPERATURE (F)
RECORD
 HIGH             111   07/15/2006
 LOW               31   06/02/1951
                        06/01/1951
HIGHEST           100   08/15                         96  07/21
                        08/12
LOWEST             38   08/23                         41  06/12
                                                          06/09
AVG. MAXIMUM     82.3              83.9    -1.6     79.2
AVG. MINIMUM     56.3              55.4     0.9     54.1
MEAN             69.3              69.6    -0.3     66.6
DAYS MAX >= 90     18                                  4
DAYS MAX <= 32      0                                  0
DAYS MIN <= 32      0                                  0
DAYS MIN <= 0       0                                  0

PRECIPITATION (INCHES)
RECORD
 MAXIMUM        14.54   2015
 MINIMUM         2.23   1994
TOTALS          14.54              5.94    8.60    11.21
DAILY AVG.       0.16              0.06    0.10     0.12
DAYS >= .01        31                                 38
DAYS >= .10        19                                 25
DAYS >= .50        10                                  7
DAYS >= 1.00        5                                  1
GREATEST
 24 HR. TOTAL    2.46   MM                          1.75

SNOWFALL (INCHES)
RECORDS
 TOTAL            3.6   1951
TOTALS            0.0               0.0     0.0      0.0
SINCE 7/1         0.0               0.0     0.0      0.0
SNOWDEPTH AVG.      0                MM      MM        0
DAYS >= 1.0         0               0.0     0.0        0
GREATEST
 SNOW DEPTH         0   MM                             0  MM
 24 HR TOTAL      0.0   MM                           0.0

DEGREE_DAYS
HEATING TOTAL      72               135     -63      164
COOLING TOTAL     490               557     -67      343
.................................................................

WIND (MPH)
AVERAGE WIND SPEED              8.4
HIGHEST WIND SPEED/DIRECTION    58/280    DATE  07/27
HIGHEST GUST SPEED/DIRECTION    72/280    DATE  07/27

AVERAGE RH (PERCENT)     66

WEATHER CONDITIONS. NUMBER OF DAYS WITH
THUNDERSTORM              0     MIXED PRECIP               0
HEAVY RAIN               15     RAIN                      17
LIGHT RAIN               39     FREEZING RAIN              0
LT FREEZING RAIN          0     HAIL                       0
HEAVY SNOW                0     SNOW                       0
LIGHT SNOW                0     SLEET                      0
FOG                      30     FOG W/VIS <= 1/4 MILE      2
HAZE                     17

-  INDICATES NEGATIVE NUMBERS.
R  INDICATES RECORD WAS SET OR TIED.
MM INDICATES DATA IS MISSING.
T  INDICATES TRACE AMOUNT.

$$
