000
CXUS53 KGRB 012109
CLSRHI

CLIMATE REPORT
NATIONAL WEATHER SERVICE GREEN BAY
310 PM CST TUE MAR 1 2016

...4TH WARMEST AND 4TH WETTEST WINTER ON RECORD AT RHINELANDER...

...THE RHINELANDER WI WINTER CLIMATE SUMMARY FROM 12/1/2015 TO 2/29/2016...

CLIMATE NORMAL PERIOD 1981 TO 2010
CLIMATE RECORD PERIOD 1908 TO 2016

WEATHER         OBSERVED          NORMAL  DEPART  LAST YEAR`S
                 VALUE   DATE(S)  VALUE   FROM    VALUE  DATE(S)
                                          NORMAL
................................................................
TEMPERATURE (F)
RECORD
 HIGH              62   12/02/1998
 LOW              -42   02/03/1996
HIGHEST            52   02/27        48       4       43  12/15
LOWEST            -20   02/14       -27       7      -24  02/19
                        01/11                             01/13
AVG. MAXIMUM     28.1              24.2     3.9     19.5
AVG. MINIMUM     14.2               6.0     8.2      2.3
MEAN             21.2              15.1     6.1     10.9
DAYS MAX >= 90      0               0.0     0.0        0
DAYS MAX <= 32     59              70.1   -11.1       81
DAYS MIN <= 32     85              88.6    -3.6       88
DAYS MIN <= 0      18              30.5   -12.5       39

PRECIPITATION (INCHES)
RECORD
 MAXIMUM         7.94   2005
 MINIMUM         0.93   1958
TOTALS           5.69              3.48    2.21     2.91
DAILY AVG.       0.06              0.04    0.02     0.03
DAYS >= .01        44                MM      MM       30
DAYS >= .10        15                MM      MM        7
DAYS >= .50         2                MM      MM        1
DAYS >= 1.00        2                MM      MM        0

SNOWFALL (INCHES)
RECORDS
 TOTAL           79.0   1969
 24 HR TOTAL       MM
TOTALS           30.6                MM      MM     33.8
SINCE 7/1        34.7                MM      MM     68.9
DAYS >= TRACE      62                MM      MM       60
DAYS >= 1.0        10                MM      MM       11
GREATEST
 SNOW DEPTH        14   02/17                         17  02/28
                        02/16                             02/26
                                                          02/27
 24 HR TOTAL      3.6   MM

DEGREE_DAYS
HEATING TOTAL    3966              4488    -522     4820
 SINCE 7/1       5683              6666    -983     7341
COOLING TOTAL       0                 0       0        0
 SINCE 1/1          0                 0       0        0

FREEZE DATES
RECORD
 EARLIEST     08/27/1915
 LATEST       07/30/1928
EARLIEST                        09/23
LATEST                          05/20
.................................................................

WIND (MPH)
AVERAGE WIND SPEED              7.8
HIGHEST WIND SPEED/DIRECTION    35/260    DATE  12/24
HIGHEST GUST SPEED/DIRECTION    43/270    DATE  12/24

SKY COVER
POSSIBLE SUNSHINE (PERCENT)   MM
AVERAGE SKY COVER           0.70
NUMBER OF DAYS FAIR           12
NUMBER OF DAYS PC             17
NUMBER OF DAYS CLOUDY         62

AVERAGE RH (PERCENT)     78

WEATHER CONDITIONS. NUMBER OF DAYS WITH
THUNDERSTORM              1     MIXED PRECIP               0
HEAVY RAIN                2     RAIN                       2
LIGHT RAIN               13     FREEZING RAIN              0
LT FREEZING RAIN          5     HAIL                       0
HEAVY SNOW                1     SNOW                       8
LIGHT SNOW               59     SLEET                      0
FOG                      65     FOG W/VIS <= 1/4 MILE      8
HAZE                     39

-  INDICATES NEGATIVE NUMBERS.
R  INDICATES RECORD WAS SET OR TIED.
MM INDICATES DATA IS MISSING.
T  INDICATES TRACE AMOUNT.

$$
