608
CXUS54 KEWX 011110
CF63T5
PRELIMINARY LOCAL CLIMATOLOGICAL DATA (WS FORM: F-6)
STATION: LA GRANGE
MONTH: FEBRUARY
YEAR: 2021
LATITUDE: 29 54 N
LONGITUDE: 96 57 W
TEMPERATURE IN F: :PCPN: SNOW: WIND :SUNSHINE: SKY :PK WND
================================================================================
1 2 3 4 5 6A 6B 7 8 9 10 11 12 13 14 15 16 17 18
12Z AVG MX 2MIN
DY MAX MIN AVG DEP HDD CDD WTR SNW DPTH SPD SPD DIR MIN PSBL S-S WX SPD DR
================================================================================
1 65 39 52 M 13 0 0.00 M M 5.3 10 340 M M 0 16 360
2 68 37 53 M 12 0 0.00 M M 3.5 9 140 M M 0 M M
3 76 44 60 M 5 0 0.00 M M 7.5 16 180 M M 2 1 22 190
4 83 56 70 M 0 5 0.00 M M 10.0 16 220 M M 5 25 10
5 56 47 52 M 13 0 0.05 M M 5.0 12 20 M M 8 17 30
6 76 48 62 M 3 0 0.00 M M 3.5 17 340 M M 5 1 29 340
7 69 36 53 M 12 0 0.00 M M 5.8 13 160 M M 0 18 160
8 76 52 64 M 1 0 0.00 M M 7.2 14 200 M M 7 1 21 200
9 67 50 59 M 6 0 0.00 M M 5.0 10 340 M M 10 128 17 0
10 53 38 46 M 19 0 0.01 M M 8.4 12 350 M M 10 1 20 10
11 38 32 35 M 30 0 0.06 M M 12.4 16 360 M M 10 1 23 360
12 35 31 33 M 32 0 0.00 M M 11.7 17 360 M M 10 1 25 360
13 32 29 31 M 34 0 0.00 M M 10.5 15 340 M M 10 1 22 360
14 32 18 25 M 40 0 0.01 M M 10.9 20 340 M M 10 1 23 360
15 23 11 17 M 48 0 0.01 M M 13.1 20 340 M M 5 8 29 340
16 28 7 18 M 47 0 0.00 M M 2.7 7 30 M M 5 M M
17 34 26 30 M 35 0 0.67 M M 1.9 9 360 M M 10 12 M M
18 32 27 30 M 35 0 0.00 M M 2.1 8 360 M M 9 18 16 350
19 45 21 33 M 32 0 0.00 M M 2.4 7 340 M M 0 M M
20 62 26 44 M 21 0 0.00 M M 5.6 13 180 M M 0 20 180
21 74 43 59 M 6 0 0.00 M M 7.3 20 180 M M 6 1 30 180
22 74 42 58 M 7 0 0.00 M M 3.1 10 190 M M 2 M M
23 79 41 60 M 5 0 0.00 M M 7.0 16 190 M M 2 22 190
24 81 64 73 M 0 8 0.00 M M 7.5 14 190 M M 8 1 20 190
25 68 56 62 M 3 0 0.10 M M 3.8 6 140 M M 10 1 18 140
26 69 49 59 M 6 0 0.04 M M 4.5 12 350 M M 10 1 17 340
27 80 61 71 M 0 6 0.00 M M 7.4 17 160 M M 10 1 24 180
28 83 63 73 M 0 8 0.00 M M 9.3 17 180 M M 9 1 24 180
================================================================================
SM 1658 1094 465 27 0.95 M 184.4 M 173
================================================================================
AV 59.2 39.1 6.6 FASTST M M 6 MAX(MPH)
MISC ----> # 20 340 30 180
================================================================================
NOTES:
# LAST OF SEVERAL OCCURRENCES
COLUMN 17 PEAK WIND IN M.P.H.
PRELIMINARY LOCAL CLIMATOLOGICAL DATA (WS FORM: F-6) , PAGE 2
STATION: LA GRANGE
MONTH: FEBRUARY
YEAR: 2021
LATITUDE: 29 54 N
LONGITUDE: 96 57 W
[TEMPERATURE DATA] [PRECIPITATION DATA] SYMBOLS USED IN COLUMN 16
AVERAGE MONTHLY: 49.1 TOTAL FOR MONTH: 0.95 1 = FOG OR MIST
DPTR FM NORMAL: 0.0 DPTR FM NORMAL: 0.95 2 = FOG REDUCING VISIBILITY
HIGHEST: 83 ON 28, 4 GRTST 24HR 0.67 ON 17-17 TO 1/4 MILE OR LESS
LOWEST: 7 ON 16 3 = THUNDER
SNOW, ICE PELLETS, HAIL 4 = ICE PELLETS
TOTAL MONTH: M 5 = HAIL
GRTST 24HR M ON M 6 = FREEZING RAIN OR DRIZZLE
GRTST DEPTH: M ON M 7 = DUSTSTORM OR SANDSTORM:
VSBY 1/2 MILE OR LESS
8 = SMOKE OR HAZE
[NO. OF DAYS WITH] [WEATHER - DAYS WITH] 9 = BLOWING SNOW
X = TORNADO
MAX 32 OR BELOW: 5 0.01 INCH OR MORE: 8
MAX 90 OR ABOVE: 0 0.10 INCH OR MORE: 1
MIN 32 OR BELOW: 10 0.50 INCH OR MORE: 1
MIN 0 OR BELOW: 0 1.00 INCH OR MORE: 0
[HDD (BASE 65) ]
TOTAL THIS MO. 465 CLEAR (SCALE 0-3) 8
DPTR FM NORMAL M PTCLDY (SCALE 4-7) 7
TOTAL FM JUL 1 1299 CLOUDY (SCALE 8-10) 13
DPTR FM NORMAL M
[CDD (BASE 65) ]
TOTAL THIS MO. 27
DPTR FM NORMAL M [PRESSURE DATA]
TOTAL FM JAN 1 36 HIGHEST SLP M ON M
DPTR FM NORMAL M LOWEST SLP M ON M
[REMARKS]
#FINAL-02-21#