000
CXUS56 KMFR 010930
CF6AAT
PRELIMINARY LOCAL CLIMATOLOGICAL DATA (WS FORM: F-6)
STATION: ALTURAS CA
MONTH: MARCH
YEAR: 2023
LATITUDE: 41 29 N
LONGITUDE: 120 34 W
TEMPERATURE IN F: :PCPN: SNOW: WIND :SUNSHINE: SKY :PK WND
================================================================================
1 2 3 4 5 6A 6B 7 8 9 10 11 12 13 14 15 16 17 18
12Z AVG MX 2MIN
DY MAX MIN AVG DEP HDD CDD WTR SNW DPTH SPD SPD DIR MIN PSBL S-S WX SPD DR
================================================================================
1 32 0 16 -21 49 0 0.00 M M 4.5 17 10 M M 1 18 25 20
2 40 -1 20 -17 45 0 0.01 M M 2.9 9 290 M M 5 18 13 280
3 36 20 28 -10 37 0 0.00 M M 2.5 9 310 M M 4 18 14 300
4 37 20 29 -9 36 0 0.01 M M 9.4 28 210 M M 6 128 40 210
5 33 22 28 -10 37 0 0.14 M M 12.5 29 240 M M 7 18 39 240
6 33 14 24 -14 41 0 0.02 M M 5.0 21 200 M M 8 18 29 220
7 35 13 24 -14 41 0 0.05 M M 7.6 20 250 M M 8 18 25 170
8 31 21 26 -12 39 0 0.22 M M 8.2 20 170 M M 9 128 27 180
9 39 24 32 -7 33 0 0.08 M M 10.1 23 170 M M 8 1 33 180
10 40 18 29 -10 36 0 0.31 M M 17.0 31 230 M M 4 1 52 260
11 39 12 26 -13 39 0 0.04 M M 3.6 15 170 M M M 19 180
12 46 32 39 0 26 0 0.02 M M 7.2 17 190 M M M 25 200
13 52 36 44 5 21 0 0.04 M M 12.5 31 220 M M M 43 220
14 47 32 40 0 25 0 0.57 M M 8.9 31 240 M M M 47 240
15 41 23 32 -8 33 0 0.00 M M 4.8 13 290 M M M 15 290
16 47 20 34 -6 31 0 0.00 M M 2.5 10 180 M M 0 18 18 190
17 50 21 36 -4 29 0 0.00 M M 3.2 10 170 M M 0 1 M M
18 54 22 38 -2 27 0 0.00 M M 4.7 16 170 M M 0 18 22 170
19 43 32 38 -2 27 0 0.40 M M 4.1 18 260 M M 9 18 23 250
20 42 26 34 -6 31 0 0.39 M M 7.5 17 240 M M 3 18 23 230
21 45 22 34 -6 31 0 0.00 M M 6.6 21 50 M M 3 1 30 60
22 44 30 37 -3 28 0 0.13 M M 7.0 20 270 M M 9 1 27 260
23 43 22 33 -8 32 0 0.21 M M 9.3 36 290 M M 8 18 47 280
24 36 11 24 -17 41 0 T M M 9.5 24 320 M M 6 18 33 340
25 36 19 28 -13 37 0 0.05 M M 8.3 23 300 M M 5 12 30 310
26 38 20 29 -12 36 0 0.00 M M 4.4 10 330 M M 4 8 17 350
27 40 16 28 -13 37 0 0.00 M M 12.5 28 200 M M 5 1 36 200
28 40 27 34 -7 31 0 0.06 M M 12.9 33 180 M M 7 12 49 190
29 41 22 32 -9 33 0 T M M 4.4 18 230 M M 5 18 24 240
30 45 21 33 -8 32 0 T M M 6.8 18 260 M M 8 1 29 220
31 45 32 39 -2 26 0 0.05 M M 10.1 22 250 M M 8 1 29 250
================================================================================
SM 1270 649 1047 0 2.80 M 230.5 M 140
================================================================================
AV 41.0 20.9 7.4 FASTST M M 5 MAX(MPH)
MISC ----> 36 290 52 260
================================================================================
NOTES:
# LAST OF SEVERAL OCCURRENCES
COLUMN 17 PEAK WIND IN M.P.H.
PRELIMINARY LOCAL CLIMATOLOGICAL DATA (WS FORM: F-6) , PAGE 2
STATION: ALTURAS CA
MONTH: MARCH
YEAR: 2023
LATITUDE: 41 29 N
LONGITUDE: 120 34 W
[TEMPERATURE DATA] [PRECIPITATION DATA] SYMBOLS USED IN COLUMN 16
AVERAGE MONTHLY: 31.0 TOTAL FOR MONTH: 2.80 1 = FOG OR MIST
DPTR FM NORMAL: -8.6 DPTR FM NORMAL: 1.42 2 = FOG REDUCING VISIBILITY
HIGHEST: 54 ON 18 GRTST 24HR 0.78 ON 19-20 TO 1/4 MILE OR LESS
LOWEST: -1 ON 2 3 = THUNDER
SNOW, ICE PELLETS, HAIL 4 = ICE PELLETS
TOTAL MONTH: M 5 = HAIL
GRTST 24HR M ON M 6 = FREEZING RAIN OR DRIZZLE
GRTST DEPTH: M ON M 7 = DUSTSTORM OR SANDSTORM:
VSBY 1/2 MILE OR LESS
8 = SMOKE OR HAZE
[NO. OF DAYS WITH] [WEATHER - DAYS WITH] 9 = BLOWING SNOW
X = TORNADO
MAX 32 OR BELOW: 2 0.01 INCH OR MORE: 19
MAX 90 OR ABOVE: 0 0.10 INCH OR MORE: 8
MIN 32 OR BELOW: 30 0.50 INCH OR MORE: 1
MIN 0 OR BELOW: 2 1.00 INCH OR MORE: 0
[HDD (BASE 65) ]
TOTAL THIS MO. 1047 CLEAR (SCALE 0-3) 4
DPTR FM NORMAL 259 PTCLDY (SCALE 4-7) 18
TOTAL FM JUL 1 6101 CLOUDY (SCALE 8-10) 9
DPTR FM NORMAL 722
[CDD (BASE 65) ]
TOTAL THIS MO. 0
DPTR FM NORMAL 0 [PRESSURE DATA]
TOTAL FM JAN 1 0 HIGHEST SLP M ON M
DPTR FM NORMAL 0 LOWEST SLP 29.36 ON 14
[REMARKS]
#FINAL-03-23#