000
CXUS56 KMFR 010930
CF6AAT
PRELIMINARY LOCAL CLIMATOLOGICAL DATA (WS FORM: F-6)
STATION: ALTURAS CA
MONTH: OCTOBER
YEAR: 2022
LATITUDE: 41 29 N
LONGITUDE: 120 34 W
TEMPERATURE IN F: :PCPN: SNOW: WIND :SUNSHINE: SKY :PK WND
================================================================================
1 2 3 4 5 6A 6B 7 8 9 10 11 12 13 14 15 16 17 18
12Z AVG MX 2MIN
DY MAX MIN AVG DEP HDD CDD WTR SNW DPTH SPD SPD DIR MIN PSBL S-S WX SPD DR
================================================================================
1 75 31 53 0 12 0 0.00 M M 1.8 9 350 M M 0 13 360
2 79 34 57 4 8 0 0.00 M M 1.1 10 280 M M 0 17 290
3 81 32 57 5 8 0 0.00 M M 2.0 8 350 M M 0 15 190
4 82 32 57 5 8 0 0.00 M M 1.5 9 360 M M 0 14 330
5 83 32 58 6 7 0 0.00 M M 1.6 9 70 M M 0 17 70
6 84 31 58 7 7 0 0.00 M M 1.6 9 220 M M 0 13 220
7 84 32 58 7 7 0 0.00 M M 1.7 8 70 M M 0 13 290
8 83 31 57 7 8 0 0.00 M M 2.3 16 280 M M 0 22 250
9 81 30 56 6 9 0 0.00 M M 1.6 12 230 M M 0 15 240
10 80 29 55 5 10 0 0.00 M M 3.2 16 300 M M 0 8 21 330
11 76 28 52 3 13 0 0.00 M M 1.4 10 340 M M 0 8 14 340
12 82 26 54 5 11 0 0.00 M M 1.6 8 60 M M 0 12 60
13 83 27 55 7 10 0 0.00 M M 1.8 9 60 M M 0 13 70
14 81 27 54 6 11 0 0.00 M M 2.1 8 10 M M 0 14 50
15 81 27 54 6 11 0 0.00 M M 1.4 8 60 M M 0 15 80
16 80 26 53 6 12 0 0.00 M M 2.4 14 200 M M 0 18 200
17 79 25 52 5 13 0 0.00 M M 1.6 7 180 M M 0 M M
18 80 27 54 7 11 0 0.00 M M 1.6 14 160 M M 0 19 170
19 81 26 54 8 11 0 0.00 M M 1.3 10 30 M M 0 14 140
20 79 26 53 7 12 0 0.00 M M 1.4 12 300 M M 0 14 300
21 73 26 50 4 15 0 T M M 8.1 24 260 M M 2 8 34 240
22 55 28 42 -3 23 0 0.16 M M 13.3 36 310 M M 5 1 47 320
23 48 21 35 -10 30 0 0.00 M M 3.9 13 320 M M 5 18 18 320
24 57 16 37 -8 28 0 T M M 4.0 15 300 M M 6 21 300
25 55 27 41 -3 24 0 0.00 M M 2.7 17 320 M M 2 18 24 310
26 48 23 36 -8 29 0 0.00 M M 5.0 14 320 M M 3 8 21 330
27 58 17 38 -6 27 0 0.00 M M 1.9 9 160 M M 0 18 13 80
28 58 19 39 -4 26 0 0.00 M M 1.4 8 270 M M 0 8 12 280
29 63 20 42 -1 23 0 0.00 M M 1.3 7 50 M M 0 8 10 350
30 63 19 41 -2 24 0 0.00 M M 0.4 7 350 M M 0 8 10 200
31 69 20 45 3 20 0 0.00 M M 1.7 15 250 M M 0 18 19 250
================================================================================
SM 2261 815 468 0 0.16 M 78.7 M 23
================================================================================
AV 72.9 26.3 2.5 FASTST M M 1 MAX(MPH)
MISC ----> 36 310 47 320
================================================================================
NOTES:
# LAST OF SEVERAL OCCURRENCES
COLUMN 17 PEAK WIND IN M.P.H.
PRELIMINARY LOCAL CLIMATOLOGICAL DATA (WS FORM: F-6) , PAGE 2
STATION: ALTURAS CA
MONTH: OCTOBER
YEAR: 2022
LATITUDE: 41 29 N
LONGITUDE: 120 34 W
[TEMPERATURE DATA] [PRECIPITATION DATA] SYMBOLS USED IN COLUMN 16
AVERAGE MONTHLY: 49.6 TOTAL FOR MONTH: 0.16 1 = FOG OR MIST
DPTR FM NORMAL: 2.1 DPTR FM NORMAL: -0.73 2 = FOG REDUCING VISIBILITY
HIGHEST: 84 ON 7, 6 GRTST 24HR 0.16 ON 21-22 TO 1/4 MILE OR LESS
LOWEST: 16 ON 24 3 = THUNDER
SNOW, ICE PELLETS, HAIL 4 = ICE PELLETS
TOTAL MONTH: M 5 = HAIL
GRTST 24HR M ON M 6 = FREEZING RAIN OR DRIZZLE
GRTST DEPTH: M ON M 7 = DUSTSTORM OR SANDSTORM:
VSBY 1/2 MILE OR LESS
8 = SMOKE OR HAZE
[NO. OF DAYS WITH] [WEATHER - DAYS WITH] 9 = BLOWING SNOW
X = TORNADO
MAX 32 OR BELOW: 0 0.01 INCH OR MORE: 1
MAX 90 OR ABOVE: 0 0.10 INCH OR MORE: 1
MIN 32 OR BELOW: 30 0.50 INCH OR MORE: 0
MIN 0 OR BELOW: 0 1.00 INCH OR MORE: 0
[HDD (BASE 65) ]
TOTAL THIS MO. 468 CLEAR (SCALE 0-3) 27
DPTR FM NORMAL -74 PTCLDY (SCALE 4-7) 4
TOTAL FM JUL 1 647 CLOUDY (SCALE 8-10) 0
DPTR FM NORMAL -181
[CDD (BASE 65) ]
TOTAL THIS MO. 0
DPTR FM NORMAL 0 [PRESSURE DATA]
TOTAL FM JAN 1 399 HIGHEST SLP M ON M
DPTR FM NORMAL 164 LOWEST SLP 29.53 ON 22
[REMARKS]
#FINAL-10-22#