000
CXUS51 KPHI 010915
CF6ABE
PRELIMINARY LOCAL CLIMATOLOGICAL DATA (WS FORM: F-6)
STATION: ALLENTOWN PA
MONTH: NOVEMBER
YEAR: 2021
LATITUDE: 40 39 N
LONGITUDE: 75 26 W
TEMPERATURE IN F: :PCPN: SNOW: WIND :SUNSHINE: SKY :PK WND
================================================================================
1 2 3 4 5 6A 6B 7 8 9 10 11 12 13 14 15 16 17 18
12Z AVG MX 2MIN
DY MAX MIN AVG DEP HDD CDD WTR SNW DPTH SPD SPD DIR MIN PSBL S-S WX SPD DR
================================================================================
1 57 40 49 0 16 0 0.00 0.0 0 8.6 18 310 M M 1 8 27 320
2 50 35 43 -6 22 0 T 0.0 0 5.1 14 240 M M 7 18 19 220
3 50 29 40 -8 25 0 0.00 0.0 0 5.4 16 310 M M 2 1 23 290
4 50 26 38 -10 27 0 0.00 0.0 0 0.0 9 300 M M 1 15 330
5 52 24 38 -10 27 0 0.00 0.0 0 2.6 10 320 M M 0 13 10
6 54 24 39 -8 26 0 0.00 0.0 0 1.3 7 20 M M 0 11 130
7 58 23 41 -6 24 0 0.00 0.0 0 2.0 8 300 M M 0 13 140
8 69 30 50 4 15 0 0.00 0.0 0 3.6 10 320 M M 0 13 360
9 69 35 52 6 13 0 0.00 0.0 0 4.6 13 250 M M 0 16 250
10 64 36 50 4 15 0 T 0.0 0 5.1 17 330 M M 1 1 24 320
11 60 33 47 1 18 0 0.00 0.0 0 6.9 15 90 M M 4 21 110
12 63 35 49 4 16 0 0.97 0.0 0 7.9 21 190 M M 5 1 32 220
13 49 33 41 -4 24 0 0.14 0.0 0 6.9 22 270 M M 3 1 30 250
14 46 29 38 -6 27 0 0.02 0.0 0 7.9 21 210 M M 4 27 220
15 48 33 41 -3 24 0 0.01 0.0 0 8.7 21 270 M M 7 1 32 270
16 48 28 38 -6 27 0 0.00 0.0 0 6.0 15 240 M M 0 20 260
17 52 26 39 -4 26 0 0.00 0.0 0 2.4 8 70 M M 3 11 80
18 69 32 51 8 14 0 0.12 0.0 0 4.5 24 300 M M 5 128 33 300
19 45 28 37 -6 28 0 0.00 0.0 0 10.3 21 300 M M 3 31 300
20 46 24 35 -7 30 0 0.00 0.0 0 4.1 13 190 M M 0 19 140
21 53 33 43 1 22 0 T 0.0 0 4.7 14 210 M M 6 18 180
22 47 30 39 -3 26 0 0.07 0.0 0 7.6 18 300 M M 3 1 23 320
23 41 24 33 -8 32 0 T T 0 8.8 22 320 M M 2 29 330
24 45 24 35 -6 30 0 0.00 0.0 0 5.5 12 250 M M 0 16 290
25 54 27 41 0 24 0 T 0.0 0 3.5 8 220 M M 4 13 230
26 45 35 40 0 25 0 0.04 0.0 0 13.4 26 280 M M 10 1 44 300
27 38 30 34 -6 31 0 T T 0 11.9 24 290 M M 7 33 310
28 36 30 33 -7 32 0 T T T 3.1 8 300 M M 9 1 11 120
29 40 21 31 -9 34 0 0.00 0.0 0 6.2 17 320 M M 4 24 330
30 36 23 30 -9 35 0 0.02 T 0 3.4 13 250 M M 10 1 17 240
================================================================================
SM 1534 880 735 0 1.39 T 172.0 M 101
================================================================================
AV 51.1 29.3 5.7 FASTST M M 3 MAX(MPH)
MISC ----> 26 280 44 300
================================================================================
NOTES:
# LAST OF SEVERAL OCCURRENCES
COLUMN 17 PEAK WIND IN M.P.H.
PRELIMINARY LOCAL CLIMATOLOGICAL DATA (WS FORM: F-6) , PAGE 2
STATION: ALLENTOWN PA
MONTH: NOVEMBER
YEAR: 2021
LATITUDE: 40 39 N
LONGITUDE: 75 26 W
[TEMPERATURE DATA] [PRECIPITATION DATA] SYMBOLS USED IN COLUMN 16
AVERAGE MONTHLY: 40.2 TOTAL FOR MONTH: 1.39 1 = FOG OR MIST
DPTR FM NORMAL: -3.7 DPTR FM NORMAL: -1.85 2 = FOG REDUCING VISIBILITY
HIGHEST: 69 ON 18, 9 GRTST 24HR 0.97 ON 12-12 TO 1/4 MILE OR LESS
LOWEST: 21 ON 29 3 = THUNDER
SNOW, ICE PELLETS, HAIL 4 = ICE PELLETS
TOTAL MONTH: T 5 = HAIL
GRTST 24HR T ON 23-23 6 = FREEZING RAIN OR DRIZZLE
GRTST DEPTH: T 7 = DUSTSTORM OR SANDSTORM:
VSBY 1/2 MILE OR LESS
8 = SMOKE OR HAZE
[NO. OF DAYS WITH] [WEATHER - DAYS WITH] 9 = BLOWING SNOW
X = TORNADO
MAX 32 OR BELOW: 0 0.01 INCH OR MORE: 8
MAX 90 OR ABOVE: 0 0.10 INCH OR MORE: 3
MIN 32 OR BELOW: 20 0.50 INCH OR MORE: 1
MIN 0 OR BELOW: 0 1.00 INCH OR MORE: 0
[HDD (BASE 65) ]
TOTAL THIS MO. 735 CLEAR (SCALE 0-3) 15
DPTR FM NORMAL 103 PTCLDY (SCALE 4-7) 12
TOTAL FM JUL 1 957 CLOUDY (SCALE 8-10) 3
DPTR FM NORMAL -83
[CDD (BASE 65) ]
TOTAL THIS MO. 0
DPTR FM NORMAL 0 [PRESSURE DATA]
TOTAL FM JAN 1 997 HIGHEST SLP 30.59 ON 20
DPTR FM NORMAL 16 LOWEST SLP 29.66 ON 26
[REMARKS]
#FINAL-11-21#