000
CXUS54 KSJT 011000
CF6ABI
PRELIMINARY LOCAL CLIMATOLOGICAL DATA (WS FORM: F-6)
STATION: ABILENE
MONTH: OCTOBER
YEAR: 2022
LATITUDE: 32 25 N
LONGITUDE: 99 41 W
TEMPERATURE IN F: :PCPN: SNOW: WIND :SUNSHINE: SKY :PK WND
================================================================================
1 2 3 4 5 6A 6B 7 8 9 10 11 12 13 14 15 16 17 18
12Z AVG MX 2MIN
DY MAX MIN AVG DEP HDD CDD WTR SNW DPTH SPD SPD DIR MIN PSBL S-S WX SPD DR
================================================================================
1 89 61 75 3 0 10 0.00 0.0 0 8.6 15 160 M M 0 19 170
2 86 58 72 0 0 7 0.00 0.0 0 6.7 14 80 M M 0 20 120
3 85 56 71 -1 0 6 0.00 0.0 0 6.8 15 140 M M 0 24 120
4 86 57 72 1 0 7 0.00 0.0 0 6.4 14 150 M M 0 18 130
5 88 57 73 2 0 8 0.00 0.0 M 6.7 13 130 M M 0 20 190
6 89 59 74 3 0 9 0.00 0.0 0 4.4 13 70 M M 2 17 60
7 86 63 75 5 0 10 T 0.0 0 8.5 24 360 M M 4 31 360
8 78 58 68 -2 0 3 T 0.0 M 8.2 14 360 M M 5 18 50
9 85 54 70 0 0 5 0.62 0.0 0 6.5 36 170 M M 6 13 49 170
10 77 62 70 1 0 5 0.23 0.0 0 6.4 21 190 M M 6 13 29 180
11 82 61 72 3 0 7 0.22 0.0 0 12.2 24 190 M M 2 1 34 220
12 84 65 75 6 0 10 0.00 0.0 0 11.4 20 300 M M 0 27 200
13 81 54 68 0 0 3 0.00 0.0 0 5.3 12 360 M M 0 8 17 10
14 86 51 69 1 0 4 0.00 0.0 0 7.3 17 210 M M 0 24 210
15 89 67 78 10 0 13 0.00 0.0 M 11.3 23 180 M M 0 32 170
16 79 58 69 2 0 4 0.10 0.0 M 8.6 20 90 M M 7 25 40
17 67 50 59 -8 6 0 0.11 0.0 0 8.2 18 360 M M 4 1 24 360
18 70 45 58 -8 7 0 0.00 0.0 M 4.4 14 350 M M 6 18 350
19 77 47 62 -4 3 0 T 0.0 0 7.6 17 280 M M 2 27 290
20 85 54 70 4 0 5 0.00 0.0 0 6.8 15 290 M M 0 21 300
21 89 53 71 6 0 6 0.00 0.0 0 12.4 26 190 M M 0 35 210
22 89 66 78 13 0 13 0.00 0.0 0 17.1 31 200 M M 0 43 200
23 88 68 78 14 0 13 T 0.0 0 19.4 31 170 M M 0 45 160
24 78 47 63 -1 2 0 0.84 0.0 0 13.0 36 290 M M 6 13 49 290
25 71 45 58 -6 7 0 0.00 0.0 0 8.2 25 300 M M 1 37 300
26 75 46 61 -2 4 0 0.00 0.0 0 11.2 18 140 M M 0 27 140
27 76 54 65 2 0 0 T 0.0 0 14.6 28 180 M M 0 3 38 160
28 66 51 59 -3 6 0 1.74 0.0 0 13.9 32 80 M M 10 13 43 80
29 65 49 57 -5 8 0 0.00 0.0 0 8.4 18 350 M M 6 18 24 350
30 73 46 60 -2 5 0 0.00 0.0 0 3.6 12 320 M M 0 1 15 330
31 77 50 64 3 1 0 0.00 0.0 0 3.7 10 190 M M 1 13 190
================================================================================
SM 2496 1712 49 148 3.86 0.0 277.8 M 68
================================================================================
AV 80.5 55.2 9.0 FASTST M M 2 MAX(MPH)
MISC ----> # 36 170 # 49 170
================================================================================
NOTES:
# LAST OF SEVERAL OCCURRENCES
COLUMN 17 PEAK WIND IN M.P.H.
PRELIMINARY LOCAL CLIMATOLOGICAL DATA (WS FORM: F-6) , PAGE 2
STATION: ABILENE
MONTH: OCTOBER
YEAR: 2022
LATITUDE: 32 25 N
LONGITUDE: 99 41 W
[TEMPERATURE DATA] [PRECIPITATION DATA] SYMBOLS USED IN COLUMN 16
AVERAGE MONTHLY: 67.9 TOTAL FOR MONTH: 3.86 1 = FOG OR MIST
DPTR FM NORMAL: 0.9 DPTR FM NORMAL: 1.03 2 = FOG REDUCING VISIBILITY
HIGHEST: 89 ON 22,21 GRTST 24HR 1.74 ON 28-28 TO 1/4 MILE OR LESS
LOWEST: 45 ON 25,18 3 = THUNDER
SNOW, ICE PELLETS, HAIL 4 = ICE PELLETS
TOTAL MONTH: 0.0 INCH 5 = HAIL
GRTST 24HR 0.0 6 = FREEZING RAIN OR DRIZZLE
GRTST DEPTH: 0 7 = DUSTSTORM OR SANDSTORM:
VSBY 1/2 MILE OR LESS
8 = SMOKE OR HAZE
[NO. OF DAYS WITH] [WEATHER - DAYS WITH] 9 = BLOWING SNOW
X = TORNADO
MAX 32 OR BELOW: 0 0.01 INCH OR MORE: 7
MAX 90 OR ABOVE: 0 0.10 INCH OR MORE: 7
MIN 32 OR BELOW: 0 0.50 INCH OR MORE: 3
MIN 0 OR BELOW: 0 1.00 INCH OR MORE: 1
[HDD (BASE 65) ]
TOTAL THIS MO. 49 CLEAR (SCALE 0-3) 21
DPTR FM NORMAL -35 PTCLDY (SCALE 4-7) 9
TOTAL FM JUL 1 49 CLOUDY (SCALE 8-10) 1
DPTR FM NORMAL -43
[CDD (BASE 65) ]
TOTAL THIS MO. 148
DPTR FM NORMAL 2 [PRESSURE DATA]
TOTAL FM JAN 1 3475 HIGHEST SLP 30.39 ON 8
DPTR FM NORMAL 804 LOWEST SLP 29.57 ON 24
[REMARKS]
#FINAL-10-22#