000
CXUS54 KSJT 011000
CF6ABI
PRELIMINARY LOCAL CLIMATOLOGICAL DATA (WS FORM: F-6)
STATION: ABILENE
MONTH: JUNE
YEAR: 2021
LATITUDE: 32 25 N
LONGITUDE: 99 41 W
TEMPERATURE IN F: :PCPN: SNOW: WIND :SUNSHINE: SKY :PK WND
================================================================================
1 2 3 4 5 6A 6B 7 8 9 10 11 12 13 14 15 16 17 18
12Z AVG MX 2MIN
DY MAX MIN AVG DEP HDD CDD WTR SNW DPTH SPD SPD DIR MIN PSBL S-S WX SPD DR
================================================================================
1 77 60 69 -10 0 4 0.00 0.0 0 6.3 15 340 M M 7 12 19 360
2 79 60 70 -9 0 5 0.10 0.0 0 5.3 26 350 M M 1 13 37 360
3 81 64 73 -6 0 8 T 0.0 0 5.8 17 250 M M 5 28 230
4 81 61 71 -8 0 6 0.00 0.0 0 5.6 17 140 M M 2 1 23 140
5 84 65 75 -5 0 10 0.00 0.0 0 8.2 16 150 M M 3 22 150
6 89 66 78 -2 0 13 T 0.0 0 13.0 21 130 M M 2 30 130
7 92 72 82 2 0 17 T 0.0 0 12.0 21 140 M M 3 138 29 160
8 92 66 79 -1 0 14 0.48 0.0 0 11.7 36 360 M M 2 138 53 350
9 93 76 85 5 0 20 0.00 0.0 0 11.5 18 190 M M 3 18 27 180
10 95 75 85 5 0 20 0.00 0.0 0 12.0 21 190 M M 2 27 150
11 98 75 87 6 0 22 0.00 0.0 0 13.8 24 180 M M 0 31 160
12 94 73 84 3 0 19 0.00 0.0 0 8.4 16 140 M M 0 23 160
13 96 73 85 4 0 20 0.00 0.0 0 7.3 14 160 M M 0 19 140
14 91 69 80 -1 0 15 0.26 0.0 0 6.3 18 360 M M 3 13 26 350
15 95 71 83 2 0 18 0.00 0.0 0 4.2 13 60 M M 1 19 50
16 95 67 81 0 0 16 0.00 0.0 0 6.0 13 150 M M 0 17 150
17 95 69 82 0 0 17 0.00 0.0 0 7.4 14 130 M M 0 18 150
18 94 70 82 0 0 17 0.00 0.0 0 7.9 15 120 M M 0 20 130
19 96 72 84 2 0 19 0.00 0.0 0 9.6 18 130 M M 0 25 140
20 98 73 86 4 0 21 0.00 0.0 0 13.7 21 140 M M 0 32 180
21 91 68 80 -2 0 15 0.00 0.0 0 11.9 35 360 M M 5 38 45 10
22 87 64 76 -6 0 11 T 0.0 0 8.8 18 120 M M 5 24 140
23 97 73 85 3 0 20 0.00 0.0 0 13.8 23 190 M M 0 1 33 190
24 97 76 87 5 0 22 0.00 0.0 0 13.5 22 180 M M 1 31 170
25 96 77 87 5 0 22 0.00 0.0 0 16.2 25 170 M M 2 36 170
26 94 77 86 3 0 21 0.00 0.0 0 15.0 29 170 M M 4 42 170
27 89 67 78 -5 0 13 1.47 0.0 0 7.0 18 340 M M 5 13 24 330
28 88 69 79 -4 0 14 0.38 0.0 0 6.4 23 100 M M 4 13 32 50
29 88 71 80 -3 0 15 0.00 0.0 0 5.4 17 60 M M 6 8 25 50
30 90 71 81 -2 0 16 0.00 M M 6.8 14 120 M M 4 18 210
================================================================================
SM 2732 2090 0 470 2.69 0.0 280.8 M 70
================================================================================
AV 91.1 69.7 9.4 FASTST M M 2 MAX(MPH)
MISC ----> 36 360 53 350
================================================================================
NOTES:
# LAST OF SEVERAL OCCURRENCES
COLUMN 17 PEAK WIND IN M.P.H.
PRELIMINARY LOCAL CLIMATOLOGICAL DATA (WS FORM: F-6) , PAGE 2
STATION: ABILENE
MONTH: JUNE
YEAR: 2021
LATITUDE: 32 25 N
LONGITUDE: 99 41 W
[TEMPERATURE DATA] [PRECIPITATION DATA] SYMBOLS USED IN COLUMN 16
AVERAGE MONTHLY: 80.4 TOTAL FOR MONTH: 2.69 1 = FOG OR MIST
DPTR FM NORMAL: -0.7 DPTR FM NORMAL: -0.75 2 = FOG REDUCING VISIBILITY
HIGHEST: 98 ON 20,11 GRTST 24HR 1.47 ON 27-27 TO 1/4 MILE OR LESS
LOWEST: 60 ON 2, 1 3 = THUNDER
SNOW, ICE PELLETS, HAIL 4 = ICE PELLETS
TOTAL MONTH: 0.0 INCH 5 = HAIL
GRTST 24HR 0.0 6 = FREEZING RAIN OR DRIZZLE
GRTST DEPTH: 0 7 = DUSTSTORM OR SANDSTORM:
VSBY 1/2 MILE OR LESS
8 = SMOKE OR HAZE
[NO. OF DAYS WITH] [WEATHER - DAYS WITH] 9 = BLOWING SNOW
X = TORNADO
MAX 32 OR BELOW: 0 0.01 INCH OR MORE: 5
MAX 90 OR ABOVE: 20 0.10 INCH OR MORE: 5
MIN 32 OR BELOW: 0 0.50 INCH OR MORE: 1
MIN 0 OR BELOW: 0 1.00 INCH OR MORE: 1
[HDD (BASE 65) ]
TOTAL THIS MO. 0 CLEAR (SCALE 0-3) 21
DPTR FM NORMAL 0 PTCLDY (SCALE 4-7) 9
TOTAL FM JUL 1 2535 CLOUDY (SCALE 8-10) 0
DPTR FM NORMAL 215
[CDD (BASE 65) ]
TOTAL THIS MO. 470
DPTR FM NORMAL -15 [PRESSURE DATA]
TOTAL FM JAN 1 782 HIGHEST SLP 30.13 ON 1
DPTR FM NORMAL -174 LOWEST SLP 29.61 ON 20
[REMARKS]
#FINAL-06-21#