000
CXUS55 KABQ 190124
CF6ABQ
PRELIMINARY LOCAL CLIMATOLOGICAL DATA (WS FORM: F-6)
STATION: ALBUQUERQUE NM
MONTH: APRIL
YEAR: 2021
LATITUDE: 35 2 N
LONGITUDE: 106 37 W
TEMPERATURE IN F: :PCPN: SNOW: WIND :SUNSHINE: SKY :PK WND
================================================================================
1 2 3 4 5 6A 6B 7 8 9 10 11 12 13 14 15 16 17 18
12Z AVG MX 2MIN
DY MAX MIN AVG DEP HDD CDD WTR SNW DPTH SPD SPD DIR MIN PSBL S-S WX SPD DR
================================================================================
1 67 35 51 -3 14 0 0.00 0.0 0 5.9 15 210 M M 5 18 180
2 76 43 60 6 5 0 0.00 0.0 0 5.8 23 270 M M 4 8 30 270
3 79 48 64 10 1 0 0.00 0.0 0 5.6 15 120 M M 3 8 20 90
4 80 51 66 12 0 1 0.00 0.0 0 6.1 24 330 M M 3 36 330
5 81 48 65 11 0 0 0.00 0.0 0 8.2 21 280 M M 4 31 250
6 76 51 64 9 1 0 0.00 0.0 0 16.3 37 280 M M 2 8 49 320
7 70 42 56 1 9 0 0.00 0.0 0 11.5 24 320 M M 1 36 320
8 79 39 59 4 6 0 0.00 0.0 0 9.1 31 270 M M 5 42 270
9 73 50 62 7 3 0 0.00 0.0 0 14.7 29 320 M M 1 42 300
10 73 41 57 2 8 0 0.00 0.0 0 4.5 14 350 M M 1 22 250
11 78 39 59 3 6 0 0.00 0.0 0 6.9 21 260 M M 4 40 230
12 75 51 63 7 2 0 0.00 0.0 0 18.1 41 100 M M 7 78 57 110
13 68 42 55 -1 10 0 T 0.0 0 23.9 39 100 M M 5 78 54 90
14 76 45 61 5 4 0 0.00 0.0 0 21.5 36 90 M M 6 49 90
15 75 49 62 6 3 0 0.00 0.0 0 16.4 38 260 M M 7 8 52 270
16 62 41 52 -5 13 0 0.00 0.0 0 13.6 41 100 M M 4 55 90
17 55 36 46 -11 19 0 T 0.0 0 17.1 35 90 M M 5 49 90
18 55 37 46 -11 19 0 0.00 0.0 0 10.6 24 70 M M 7 30 90
19 69 34 52 -5 13 0 0.00 0.0 0 6.7 21 270 M M 1 29 270
20 69 41 55 -3 10 0 0.00 0.0 0 15.4 38 90 M M 4 50 90
21 69 36 53 -5 12 0 0.00 0.0 0 18.0 35 90 M M 6 43 80
22 71 44 58 0 7 0 0.00 0.0 0 8.5 23 280 M M 7 33 250
23 66 43 55 -3 10 0 T 0.0 0 11.4 36 300 M M 5 45 300
24 76 37 57 -2 8 0 0.00 0.0 0 8.0 26 190 M M 1 34 190
25 83 44 64 5 1 0 0.00 0.0 0 7.7 24 220 M M 4 36 240
26 78 48 63 4 2 0 0.00 0.0 0 9.3 29 220 M M 6 39 240
27 66 44 55 -5 10 0 T 0.0 0 10.4 30 340 M M 7 43 330
28 54 39 47 -13 18 0 0.36 0.0 0 6.3 18 130 M M 7 13 26 120
29 74 40 57 -3 8 0 0.00 0.0 0 8.7 24 100 M M 3 32 90
30 76 50 63 3 2 0 0.00 0.0 0 8.7 22 110 M M 1 27 90
================================================================================
SM 2149 1288 224 1 0.36 0.0 334.9 M 126
================================================================================
AV 71.6 42.9 11.2 FASTST M M 4 MAX(MPH)
MISC ----> # 41 100 57 110
================================================================================
NOTES:
# LAST OF SEVERAL OCCURRENCES
COLUMN 17 PEAK WIND IN M.P.H.
PRELIMINARY LOCAL CLIMATOLOGICAL DATA (WS FORM: F-6) , PAGE 2
STATION: ALBUQUERQUE NM
MONTH: APRIL
YEAR: 2021
LATITUDE: 35 2 N
LONGITUDE: 106 37 W
[TEMPERATURE DATA] [PRECIPITATION DATA] SYMBOLS USED IN COLUMN 16
AVERAGE MONTHLY: 57.3 TOTAL FOR MONTH: 0.36 1 = FOG OR MIST
DPTR FM NORMAL: 0.5 DPTR FM NORMAL: -0.15 2 = FOG REDUCING VISIBILITY
HIGHEST: 83 ON 25 GRTST 24HR 0.36 ON 28-28 TO 1/4 MILE OR LESS
LOWEST: 34 ON 19 3 = THUNDER
SNOW, ICE PELLETS, HAIL 4 = ICE PELLETS
TOTAL MONTH: 0.0 INCH 5 = HAIL
GRTST 24HR 0.0 6 = FREEZING RAIN OR DRIZZLE
GRTST DEPTH: 0 7 = DUSTSTORM OR SANDSTORM:
VSBY 1/2 MILE OR LESS
8 = SMOKE OR HAZE
[NO. OF DAYS WITH] [WEATHER - DAYS WITH] 9 = BLOWING SNOW
X = TORNADO
MAX 32 OR BELOW: 0 0.01 INCH OR MORE: 1
MAX 90 OR ABOVE: 0 0.10 INCH OR MORE: 1
MIN 32 OR BELOW: 0 0.50 INCH OR MORE: 0
MIN 0 OR BELOW: 0 1.00 INCH OR MORE: 0
[HDD (BASE 65) ]
TOTAL THIS MO. 224 CLEAR (SCALE 0-3) 9
DPTR FM NORMAL -31 PTCLDY (SCALE 4-7) 21
TOTAL FM JUL 1 3902 CLOUDY (SCALE 8-10) 0
DPTR FM NORMAL -24
[CDD (BASE 65) ]
TOTAL THIS MO. 1
DPTR FM NORMAL -6 [PRESSURE DATA]
TOTAL FM JAN 1 1 HIGHEST SLP 30.38 ON 1
DPTR FM NORMAL -6 LOWEST SLP 29.49 ON 26
[REMARKS]
#FINAL-04-21#