000
CXUS54 KLCH 010830
CF6AEX
PRELIMINARY LOCAL CLIMATOLOGICAL DATA (WS FORM: F-6)
STATION: ALEXANDRIA
MONTH: MARCH
YEAR: 2020
LATITUDE: 31 19 N
LONGITUDE: 92 33 W
TEMPERATURE IN F: :PCPN: SNOW: WIND :SUNSHINE: SKY :PK WND
================================================================================
1 2 3 4 5 6A 6B 7 8 9 10 11 12 13 14 15 16 17 18
12Z AVG MX 2MIN
DY MAX MIN AVG DEP HDD CDD WTR SNW DPTH SPD SPD DIR MIN PSBL S-S WX SPD DR
================================================================================
1 70 48 59 3 6 0 T M 0 13.2 24 170 M M 5 34 160
2 72 59 66 10 0 1 0.02 0.0 0 7.7 17 160 M M 8 24 150
3 79 66 73 17 0 8 0.01 0.0 0 4.6 14 100 M M 8 18 100
4 70 54 62 6 3 0 0.87 0.0 0 12.4 25 30 M M 10 3 43 30
5 69 47 58 1 7 0 0.05 M 0 9.4 18 330 M M 6 28 320
6 69 40 55 -2 10 0 0.00 0.0 0 8.1 18 360 M M 0 28 350
7 60 38 49 -8 16 0 0.00 0.0 0 4.0 15 90 M M 0 25 110
8 69 40 55 -3 10 0 0.00 0.0 0 7.0 20 150 M M 0 28 160
9 68 55 62 4 3 0 0.16 0.0 0 10.8 20 170 M M M 29 160
10 79 62 71 13 0 6 0.00 0.0 0 4.9 8 150 M M 6 M M
11 79 59 69 11 0 4 0.00 0.0 0 9.6 17 220 M M 5 24 180
12 81 62 72 14 0 7 0.00 0.0 0 10.4 21 200 M M 6 28 210
13 79 67 73 14 0 8 0.00 0.0 0 6.8 14 130 M M 8 17 120
14 80 64 72 13 0 7 0.01 0.0 0 6.6 15 210 M M 7 20 210
15 78 53 66 7 0 1 0.00 0.0 0 5.6 16 50 M M 4 22 20
16 73 52 63 4 2 0 0.00 0.0 0 3.5 10 320 M M 6 13 310
17 80 60 70 10 0 5 T 0.0 0 4.7 22 140 M M 7 28 140
18 82 64 73 13 0 8 0.00 0.0 0 9.0 16 170 M M 6 22 200
19 84 70 77 17 0 12 0.02 0.0 0 11.1 26 200 M M 9 35 210
20 74 60 67 7 0 2 2.00 0.0 0 5.8 20 310 M M 10 3 29 310
21 60 51 56 -4 9 0 0.28 0.0 0 7.8 14 40 M M 9 3 22 20
22 73 51 62 1 3 0 0.98 0.0 0 7.0 14 130 M M 10 3 21 60
23 81 64 73 12 0 8 T 0.0 0 6.0 13 230 M M 7 18 230
24 82 66 74 13 0 9 T 0.0 0 9.5 22 210 M M 7 32 220
25 87 66 77 16 0 12 0.00 0.0 0 3.4 12 200 M M 4 16 210
26 87 65 76 14 0 11 0.00 0.0 0 9.4 17 190 M M 3 24 190
27 87 67 77 15 0 12 0.00 0.0 0 10.3 21 190 M M 3 28 180
28 83 59 71 9 0 6 0.12 0.0 0 10.6 28 320 M M 7 3 38 320
29 77 51 64 2 1 0 0.01 0.0 0 3.9 9 310 M M 0 3 13 70
30 70 62 66 4 0 1 T 0.0 0 5.7 12 40 M M 7 18 50
31 73 49 61 -1 4 0 0.12 M 0 9.8 24 320 M M 7 35 310
================================================================================
SM 2355 1771 74 128 4.65 0.0 238.6 M 175
================================================================================
AV 76.0 57.1 7.7 FASTST M M 6 MAX(MPH)
MISC ----> # 28 320 # 43 30
================================================================================
NOTES:
# LAST OF SEVERAL OCCURRENCES
COLUMN 17 PEAK WIND IN M.P.H.
PRELIMINARY LOCAL CLIMATOLOGICAL DATA (WS FORM: F-6) , PAGE 2
STATION: ALEXANDRIA
MONTH: MARCH
YEAR: 2020
LATITUDE: 31 19 N
LONGITUDE: 92 33 W
[TEMPERATURE DATA] [PRECIPITATION DATA] SYMBOLS USED IN COLUMN 16
AVERAGE MONTHLY: 66.6 TOTAL FOR MONTH: 4.65 1 = FOG OR MIST
DPTR FM NORMAL: 7.3 DPTR FM NORMAL: -0.40 2 = FOG REDUCING VISIBILITY
HIGHEST: 87 ON 27,26 GRTST 24HR 2.00 ON 20-20 TO 1/4 MILE OR LESS
LOWEST: 38 ON 7 3 = THUNDER
SNOW, ICE PELLETS, HAIL 4 = ICE PELLETS
TOTAL MONTH: 0.0 INCH 5 = HAIL
GRTST 24HR 0.0 6 = FREEZING RAIN OR DRIZZLE
GRTST DEPTH: 0 7 = DUSTSTORM OR SANDSTORM:
VSBY 1/2 MILE OR LESS
8 = SMOKE OR HAZE
[NO. OF DAYS WITH] [WEATHER - DAYS WITH] 9 = BLOWING SNOW
X = TORNADO
MAX 32 OR BELOW: 0 0.01 INCH OR MORE: 13
MAX 90 OR ABOVE: 0 0.10 INCH OR MORE: 7
MIN 32 OR BELOW: 0 0.50 INCH OR MORE: 3
MIN 0 OR BELOW: 0 1.00 INCH OR MORE: 1
[HDD (BASE 65) ]
TOTAL THIS MO. 74 CLEAR (SCALE 0-3) 6
DPTR FM NORMAL -141 PTCLDY (SCALE 4-7) 18
TOTAL FM JUL 1 1595 CLOUDY (SCALE 8-10) 6
DPTR FM NORMAL -285
[CDD (BASE 65) ]
TOTAL THIS MO. 128
DPTR FM NORMAL 92 [PRESSURE DATA]
TOTAL FM JAN 1 144 HIGHEST SLP 30.51 ON 7
DPTR FM NORMAL 91 LOWEST SLP 29.76 ON 31
[REMARKS]
#FINAL-03-20#