000
CXUS52 KFFC 011110
CF6AHN
PRELIMINARY LOCAL CLIMATOLOGICAL DATA (WS FORM: F-6)
STATION: ATHENS
MONTH: JANUARY
YEAR: 2024
LATITUDE: 33 57 N
LONGITUDE: 83 19 W
TEMPERATURE IN F: :PCPN: SNOW: WIND :SUNSHINE: SKY :PK WND
================================================================================
1 2 3 4 5 6A 6B 7 8 9 10 11 12 13 14 15 16 17 18
12Z AVG MX 2MIN
DY MAX MIN AVG DEP HDD CDD WTR SNW DPTH SPD SPD DIR MIN PSBL S-S WX SPD DR
================================================================================
1 54 33 44 0 21 0 0.00 0.0 M 6.2 16 300 M M 0 24 330
2 52 26 39 -5 26 0 0.00 0.0 M 3.1 10 260 M M 0 15 240
3 48 27 38 -6 27 0 0.00 0.0 M 3.5 9 290 M M 4 15 230
4 56 33 45 1 20 0 0.00 0.0 M 6.0 12 70 M M 1 17 350
5 50 26 38 -6 27 0 0.00 0.0 M 8.7 18 80 M M 2 26 70
6 48 37 43 -1 22 0 0.82 M M 7.2 22 90 M M 10 1 30 80
7 50 32 41 -3 24 0 0.00 0.0 M 9.2 22 290 M M 5 35 300
8 51 28 40 -4 25 0 0.30 M M 9.1 21 80 M M 3 1 29 80
9 59 39 49 5 16 0 4.56 M M 10.2 24 290 M M 9 123 41 290
10 50 38 44 0 21 0 0.00 0.0 M 8.7 22 270 M M 5 42 280
11 62 27 45 1 20 0 0.00 0.0 M 3.1 13 290 M M 0 18 300
12 49 34 42 -2 23 0 0.58 M M 6.0 18 100 M M 7 123 28 110
13 49 33 41 -3 24 0 0.00 0.0 M 9.2 22 280 M M 1 36 300
14 58 26 42 -2 23 0 0.00 0.0 M 3.8 14 280 M M 0 25 290
15 61 34 48 4 17 0 0.00 0.0 M 2.5 8 100 M M 1 16 250
16 49 22 36 -8 29 0 0.41 M M 8.9 20 290 M M 5 1 30 300
17 41 15 28 -16 37 0 0.00 0.0 M 7.2 14 290 M M 0 21 300
18 51 20 36 -8 29 0 0.00 0.0 M 1.3 9 260 M M 2 8 16 260
19 47 27 37 -7 28 0 T M M 11.2 24 310 M M 5 38 290
20 35 19 27 -17 38 0 0.00 0.0 M 10.3 18 300 M M 0 29 290
21 42 13 28 -16 37 0 0.00 0.0 M 2.2 7 70 M M 0 11 40
22 49 21 35 -9 30 0 0.00 0.0 M 5.9 10 90 M M 3 15 60
23 50 41 46 2 19 0 0.02 M M 7.1 12 70 M M 9 1 16 70
24 61 47 54 10 11 0 0.09 M M 6.9 12 80 M M 10 12 16 70
25 74 58 66 22 0 1 2.50 0.0 M 4.1 12 200 M M 8 123 21 210
26 73 58 66 21 0 1 T 0.0 M 3.3 10 290 M M 3 1 18 220
27 64 54 59 14 6 0 1.05 0.0 M 4.8 12 240 M M 8 13 21 180
28 61 43 52 7 13 0 0.00 0.0 M 13.2 22 290 M M 8 35 280
29 57 37 47 2 18 0 0.00 0.0 M 9.5 18 290 M M 0 28 290
30 58 30 44 -1 21 0 0.06 M M 2.3 9 100 M M 2 1 13 120
31 57 39 48 3 17 0 0.05 M M 5.0 12 300 M M 1 1 17 360
================================================================================
SM 1666 1017 669 2 10.44 0.0 199.7 M 112
================================================================================
AV 53.7 32.8 6.4 FASTST M M 4 MAX(MPH)
MISC ----> # 24 290 42 280
================================================================================
NOTES:
# LAST OF SEVERAL OCCURRENCES
COLUMN 17 PEAK WIND IN M.P.H.
PRELIMINARY LOCAL CLIMATOLOGICAL DATA (WS FORM: F-6) , PAGE 2
STATION: ATHENS
MONTH: JANUARY
YEAR: 2024
LATITUDE: 33 57 N
LONGITUDE: 83 19 W
[TEMPERATURE DATA] [PRECIPITATION DATA] SYMBOLS USED IN COLUMN 16
AVERAGE MONTHLY: 43.3 TOTAL FOR MONTH: 10.44 1 = FOG OR MIST
DPTR FM NORMAL: -1.0 DPTR FM NORMAL: 6.08 2 = FOG REDUCING VISIBILITY
HIGHEST: 74 ON 25 GRTST 24HR 4.56 ON 9- 9 TO 1/4 MILE OR LESS
LOWEST: 13 ON 21 3 = THUNDER
SNOW, ICE PELLETS, HAIL 4 = ICE PELLETS
TOTAL MONTH: 0.0 INCH 5 = HAIL
GRTST 24HR 0.0 6 = FREEZING RAIN OR DRIZZLE
GRTST DEPTH: M ON M 7 = DUSTSTORM OR SANDSTORM:
VSBY 1/2 MILE OR LESS
8 = SMOKE OR HAZE
[NO. OF DAYS WITH] [WEATHER - DAYS WITH] 9 = BLOWING SNOW
X = TORNADO
MAX 32 OR BELOW: 0 0.01 INCH OR MORE: 11
MAX 90 OR ABOVE: 0 0.10 INCH OR MORE: 7
MIN 32 OR BELOW: 15 0.50 INCH OR MORE: 5
MIN 0 OR BELOW: 0 1.00 INCH OR MORE: 3
[HDD (BASE 65) ]
TOTAL THIS MO. 669 CLEAR (SCALE 0-3) 17
DPTR FM NORMAL 25 PTCLDY (SCALE 4-7) 9
TOTAL FM JUL 1 1618 CLOUDY (SCALE 8-10) 5
DPTR FM NORMAL -83
[CDD (BASE 65) ]
TOTAL THIS MO. 2
DPTR FM NORMAL 2 [PRESSURE DATA]
TOTAL FM JAN 1 2 HIGHEST SLP 30.67 ON 22
DPTR FM NORMAL 2 LOWEST SLP 29.32 ON 9
[REMARKS]
#FINAL-01-24#