000
CXUS52 KFFC 021413
CLMAHN
CLIMATE REPORT
NATIONAL WEATHER SERVICE PEACHTREE CITY GA
1013 AM EDT WED AUG 02 2023
...................................
...THE ATHENS CLIMATE SUMMARY FOR THE MONTH OF JULY 2023...
CLIMATE NORMAL PERIOD: 1991 TO 2020
CLIMATE RECORD PERIOD: 1898 TO 2023
WEATHER OBSERVED NORMAL DEPART LAST YEAR`S
VALUE DATE(S) VALUE FROM VALUE DATE(S)
NORMAL
................................................................
TEMPERATURE (F)
RECORD
HIGH 108 07/01/2012
07/12/1930
07/21/1926
LOW 55 07/15/1967
07/02/1885
HIGHEST 95 07/27 MM MM 98 07/08
LOWEST 67 07/12 MM MM 69 07/11
07/18
07/25
07/15
AVG. MAXIMUM 91.0 92.0 -1.0 91.7
AVG. MINIMUM 69.8 70.0 -0.2 71.8
MEAN 80.4 81.0 -0.6 81.8
DAYS MAX >= 90 25 20.4 4.6 19
DAYS MAX <= 32 0 0.0 0.0 0
DAYS MIN <= 32 0 0.0 0.0 0
DAYS MIN <= 0 0 0.0 0.0 0
PRECIPITATION (INCHES)
RECORD
MAXIMUM 11.79 1919
MINIMUM 0.99 1947
TOTALS 3.79 4.20 -0.41 7.20
DAILY AVG. 0.12 0.14 -0.02 0.23
GREATEST
24 HR. TOTAL 1.18 07/01 TO 07/01 2.08 07/30 TO 07/30
DEGREE DAYS
COOLING TOTAL 486 496 -10 475
SINCE 1/1 989 1141 -152 MM
................................................................
WIND (MPH)
AVERAGE WIND SPEED 3.2
HIGHEST WIND SPEED/DIRECTION 40/320 DATE 07/20
HIGHEST GUST SPEED/DIRECTION 69/310 DATE 07/20
SKY COVER
POSSIBLE SUNSHINE (PERCENT) MM
AVERAGE SKY COVER 0.16
NUMBER OF DAYS FAIR 28
NUMBER OF DAYS PC 3
NUMBER OF DAYS CLOUDY 0
AVERAGE RH (PERCENT) 74
WEATHER CONDITIONS. NUMBER OF DAYS WITH
THUNDERSTORM 15 MIXED PRECIP 0
HEAVY RAIN 6 RAIN 6
LIGHT RAIN 9 FREEZING RAIN 0
LT FREEZING RAIN 0 HAIL 0
HEAVY SNOW 0 SNOW 0
LIGHT SNOW 0 SLEET 0
FOG 14 FOG W/VIS <= 1/4 MILE 1
HAZE 4
- INDICATES NEGATIVE NUMBERS.
R INDICATES RECORD WAS SET OR TIED.
MM INDICATES DATA IS MISSING.
T INDICATES TRACE AMOUNT.
$$