000
CXUS55 KCYS 091246 CCA
CF6AIA
PRELIMINARY LOCAL CLIMATOLOGICAL DATA (WS FORM: F-6)...CORRECTED
STATION: ALLIANCE NEBRASKA AIRPORT
MONTH: JANUARY
YEAR: 2022
LATITUDE: 42 2 N
LONGITUDE: 102 48 W
TEMPERATURE IN F: :PCPN: SNOW: WIND :SUNSHINE: SKY :PK WND
================================================================================
1 2 3 4 5 6A 6B 7 8 9 10 11 12 13 14 15 16 17 18
12Z AVG MX 2MIN
DY MAX MIN AVG DEP HDD CDD WTR SNW DPTH SPD SPD DIR MIN PSBL S-S WX SPD DR
================================================================================
1 11 -12 0 -23 65 0 T M M 8.1 15 10 M M 5 18 19 360
2 41 -15 13 -10 52 0 0.00 M M 10.4 23 290 M M 0 30 280
3 54 16 35 12 30 0 0.00 M M 11.3 29 270 M M 0 37 270
4 50 4 27 4 38 0 0.00 M M 17.0 44 270 M M 3 57 270
5 13 -7 3 -20 62 0 T M M 12.2 24 20 M M 7 8 32 20
6 9 -13 -2 -25 67 0 T M M 9.7 24 170 M M 7 1689 30 170
7 43 0 22 -2 43 0 0.00 M M 10.1 32 190 M M 1 41 190
8 45 22 34 10 31 0 0.00 M M 13.3 30 280 M M 4 39 280
9 40 11 26 2 39 0 0.00 M M 10.4 22 220 M M 1 27 230
10 50 10 30 6 35 0 0.00 M M 8.6 17 240 M M 0 21 240
11 50 15 33 9 32 0 0.00 M M 11.1 22 270 M M 0 28 300
12 51 24 38 14 27 0 0.00 M M 13.6 24 280 M M 0 29 280
13 58 26 42 18 23 0 0.00 M M 8.7 15 260 M M 0 19 270
14 43 23 33 9 32 0 T M M 20.7 39 350 M M 8 1 54 320
15 43 8 26 2 39 0 0.00 M M 8.8 16 260 M M 3 21 260
16 48 16 32 8 33 0 0.00 M M 11.7 28 360 M M 0 36 360
17 57 17 37 13 28 0 0.00 M M 8.7 21 300 M M 0 26 300
18 53 19 36 12 29 0 0.00 M M 11.5 24 30 M M 3 31 20
19 18 -4 7 -17 58 0 T M M 9.0 21 10 M M 8 18 28 10
20 31 -6 13 -11 52 0 0.00 M M 10.2 20 150 M M 0 1 24 160
21 42 16 29 4 36 0 T M M 9.5 24 300 M M 5 1 31 310
22 44 11 28 3 37 0 0.00 M M 12.3 24 290 M M 0 32 290
23 50 26 38 13 27 0 0.00 M M 15.5 26 280 M M 4 33 290
24 43 24 34 9 31 0 T M M 12.4 25 330 M M 4 1 34 330
25 29 13 21 -4 44 0 T M M 8.3 24 340 M M 8 1 32 340
26 45 9 27 2 38 0 0.00 M M 13.4 26 290 M M 1 34 300
27 37 10 24 -1 41 0 0.00 M M 11.9 33 320 M M 4 43 320
28 50 11 31 6 34 0 0.00 M M 13.4 29 300 M M 1 37 290
29 57 14 36 11 29 0 0.00 M M 12.5 23 310 M M 0 29 310
30 58 10 34 9 31 0 0.00 M M 9.7 18 290 M M 0 25 310
31 57 14 36 11 29 0 0.00 M M 16.3 47 290 M M 0 8 61 270
================================================================================
SM 1320 312 1192 0 T M 360.3 M 77
================================================================================
AV 42.6 10.1 11.6 FASTST M M 2 MAX(MPH)
MISC ----> 47 290 61 270
================================================================================
NOTES:
# LAST OF SEVERAL OCCURRENCES
COLUMN 17 PEAK WIND IN M.P.H.
PRELIMINARY LOCAL CLIMATOLOGICAL DATA (WS FORM: F-6) , PAGE 2
STATION: ALLIANCE NEBRASKA AIRPORT
MONTH: JANUARY
YEAR: 2022
LATITUDE: 42 2 N
LONGITUDE: 102 48 W
[TEMPERATURE DATA] [PRECIPITATION DATA] SYMBOLS USED IN COLUMN 16
AVERAGE MONTHLY: 26.3 TOTAL FOR MONTH: T 1 = FOG OR MIST
DPTR FM NORMAL: 2.2 DPTR FM NORMAL: -0.20 2 = FOG REDUCING VISIBILITY
HIGHEST: 58 ON 30,13 GRTST 24HR T ON 25 TO 1/4 MILE OR LESS
LOWEST: -15 ON 2 3 = THUNDER
SNOW, ICE PELLETS, HAIL 4 = ICE PELLETS
TOTAL MONTH: M 5 = HAIL
GRTST 24HR M ON M 6 = FREEZING RAIN OR DRIZZLE
GRTST DEPTH: M ON M 7 = DUSTSTORM OR SANDSTORM:
VSBY 1/2 MILE OR LESS
8 = SMOKE OR HAZE
[NO. OF DAYS WITH] [WEATHER - DAYS WITH] 9 = BLOWING SNOW
X = TORNADO
MAX 32 OR BELOW: 6 0.01 INCH OR MORE: 0
MAX 90 OR ABOVE: 0 0.10 INCH OR MORE: 0
MIN 32 OR BELOW: 31 0.50 INCH OR MORE: 0
MIN 0 OR BELOW: 7 1.00 INCH OR MORE: 0
[HDD (BASE 65) ]
TOTAL THIS MO. 1192 CLEAR (SCALE 0-3) 19
DPTR FM NORMAL -76 PTCLDY (SCALE 4-7) 11
TOTAL FM JUL 1 3619 CLOUDY (SCALE 8-10) 1
DPTR FM NORMAL -709
[CDD (BASE 65) ]
TOTAL THIS MO. 0
DPTR FM NORMAL 0 [PRESSURE DATA]
TOTAL FM JAN 1 0 HIGHEST SLP 30.68 ON 19
DPTR FM NORMAL 0 LOWEST SLP 29.52 ON 8
[REMARKS]
#FINAL-01-22#