000
CXAK56 PAFC 010947
CF6AKN
PRELIMINARY LOCAL CLIMATOLOGICAL DATA (WS FORM: F-6)
STATION: KING SALMON
MONTH: OCTOBER
YEAR: 2022
LATITUDE: 58 41 N
LONGITUDE: 156 39 W
TEMPERATURE IN F: :PCPN: SNOW: WIND :SUNSHINE: SKY :PK WND
================================================================================
1 2 3 4 5 6A 6B 7 8 9 10 11 12 13 14 15 16 17 18
12Z AVG MX 2MIN
DY MAX MIN AVG DEP HDD CDD WTR SNW DPTH SPD SPD DIR MIN PSBL S-S WX SPD DR
================================================================================
1 50 28 39 -4 26 0 0.15 M M 5.8 10 210 M M 8 1 14 220
2 49 40 45 3 20 0 0.84 M M 8.3 20 170 M M 10 1 25 180
3 52 42 47 5 18 0 0.06 M M 10.2 22 150 M M 10 1 29 160
4 52 46 49 7 16 0 0.01 M M 15.1 26 30 M M 10 37 40
5 61 43 52 11 13 0 T M M 12.3 21 360 M M 5 25 360
6 63 42 53 12 12 0 0.00 M M 11.4 26 170 M M 4 32 170
7 53 46 50 10 15 0 0.01 M M 6.2 10 200 M M 10 1 15 190
8 49 36 43 3 22 0 1.13 M M 11.0 25 310 M M 10 1 35 320
9 43 33 38 -2 27 0 0.03 M M 7.2 25 320 M M 4 1 33 320
10 45 34 40 1 25 0 0.21 M M 10.3 24 350 M M 10 18 30 360
11 43 26 35 -4 30 0 0.02 M M 3.9 9 360 M M 4 1 13 360
12 40 21 31 -7 34 0 0.00 M M 6.9 17 350 M M 0 22 350
13 46 16 31 -7 34 0 0.00 M M 4.1 12 30 M M 2 1 15 30
14 49 33 41 4 24 0 T M M 12.9 30 80 M M 5 40 70
15 56 39 48 11 17 0 0.03 M M 13.9 26 150 M M 9 34 160
16 48 37 43 7 22 0 0.36 M M 7.2 17 160 M M 10 1 21 160
17 42 33 38 2 27 0 0.01 M M 4.6 9 150 M M 9 1 11 160
18 47 29 38 2 27 0 0.01 M M 8.7 20 330 M M 8 12 23 350
19 45 28 37 2 28 0 0.11 M M 9.2 20 160 M M 6 1 24 140
20 45 34 40 5 25 0 M M M 7.7 26 240 M M 6 1 32 230
21 46 30 38 4 27 0 T M M 6.7 24 280 M M 2 30 270
22 38 31 35 1 30 0 0.00 M M 8.8 16 350 M M 5 21 340
23 40 22 31 -2 34 0 0.08 M M 8.5 18 160 M M 3 1 23 150
24 43 30 37 4 28 0 0.15 M M 7.6 20 220 M M 8 12 26 230
25 47 32 40 8 25 0 0.88 M M 17.5 30 250 M M 10 1 40 250
26 40 28 34 2 31 0 0.07 M M 14.2 28 330 M M 8 1 36 330
27 36 24 30 -2 35 0 0.09 M M 8.9 22 340 M M 5 18 27 350
28 24 9 17 -14 48 0 0.02 M M 9.3 21 30 M M 4 18 28 40
29 30 10 20 -11 45 0 0.05 M M 14.9 25 350 M M 8 1 33 340
30 26 -2 12 -18 53 0 T M M 4.8 14 340 M M 3 1 19 10
31 30 5 18 -12 47 0 0.00 M M 8.5 17 330 M M 0 22 300
================================================================================
SM 1378 905 865 0 4.32 M 286.6 M 196
================================================================================
AV 44.5 29.2 9.2 FASTST M M 6 MAX(MPH)
MISC ----> # 30 80 # 40 70
================================================================================
NOTES:
# LAST OF SEVERAL OCCURRENCES
COLUMN 17 PEAK WIND IN M.P.H.
PRELIMINARY LOCAL CLIMATOLOGICAL DATA (WS FORM: F-6) , PAGE 2
STATION: KING SALMON
MONTH: OCTOBER
YEAR: 2022
LATITUDE: 58 41 N
LONGITUDE: 156 39 W
[TEMPERATURE DATA] [PRECIPITATION DATA] SYMBOLS USED IN COLUMN 16
AVERAGE MONTHLY: 36.8 TOTAL FOR MONTH: 4.32 1 = FOG OR MIST
DPTR FM NORMAL: 0.4 DPTR FM NORMAL: 2.01 2 = FOG REDUCING VISIBILITY
HIGHEST: 63 ON 6 GRTST 24HR 1.30 ON 19-20 TO 1/4 MILE OR LESS
LOWEST: -2 ON 30 3 = THUNDER
SNOW, ICE PELLETS, HAIL 4 = ICE PELLETS
TOTAL MONTH: M 5 = HAIL
GRTST 24HR M ON M 6 = FREEZING RAIN OR DRIZZLE
GRTST DEPTH: M ON M 7 = DUSTSTORM OR SANDSTORM:
VSBY 1/2 MILE OR LESS
8 = SMOKE OR HAZE
[NO. OF DAYS WITH] [WEATHER - DAYS WITH] 9 = BLOWING SNOW
X = TORNADO
MAX 32 OR BELOW: 4 0.01 INCH OR MORE: 21
MAX 90 OR ABOVE: 0 0.10 INCH OR MORE: 8
MIN 32 OR BELOW: 17 0.50 INCH OR MORE: 3
MIN 0 OR BELOW: 1 1.00 INCH OR MORE: 1
[HDD (BASE 65) ]
TOTAL THIS MO. 865 CLEAR (SCALE 0-3) 6
DPTR FM NORMAL -22 PTCLDY (SCALE 4-7) 15
TOTAL FM JUL 1 1939 CLOUDY (SCALE 8-10) 10
DPTR FM NORMAL 13
[CDD (BASE 65) ]
TOTAL THIS MO. 0
DPTR FM NORMAL 0 [PRESSURE DATA]
TOTAL FM JAN 1 0 HIGHEST SLP M ON M
DPTR FM NORMAL -3 LOWEST SLP 28.78 ON 26
[REMARKS]
#FINAL-10-22#