000
CXUS55 KBOU 010900
CF6AKO
PRELIMINARY LOCAL CLIMATOLOGICAL DATA (WS FORM: F-6)
STATION: AKRON CO
MONTH: JULY
YEAR: 2022
LATITUDE: 40 10 N
LONGITUDE: 103 13 W
TEMPERATURE IN F: :PCPN: SNOW: WIND :SUNSHINE: SKY :PK WND
================================================================================
1 2 3 4 5 6A 6B 7 8 9 10 11 12 13 14 15 16 17 18
12Z AVG MX 2MIN
DY MAX MIN AVG DEP HDD CDD WTR SNW DPTH SPD SPD DIR MIN PSBL S-S WX SPD DR
================================================================================
1 84 56 70 -3 0 5 0.06 M M 8.8 29 330 M M 5 3 36 240
2 89 59 74 1 0 9 T M M 8.7 20 350 M M 2 1 27 70
3 97 62 80 7 0 15 T M M 12.8 32 250 M M 0 45 240
4 98 59 79 6 0 14 0.00 M M 10.5 26 20 M M 0 34 20
5 99 66 83 9 0 18 T M M 11.7 43 230 M M 1 38 56 210
6 80 60 70 -4 0 5 0.71 M M 9.2 43 360 M M 7 13 54 360
7 89 59 74 0 0 9 0.03 M M 9.6 37 340 M M 1 13 49 340
8 94 59 77 3 0 12 0.00 M M 8.8 22 160 M M 0 3 30 140
9 100 67 84 10 0 19 0.00 M M 11.2 18 180 M M 0 26 180
10 103 71 87 13 0 22 T M M 10.9 25 170 M M 1 3 34 170
11 84 63 74 0 0 9 T M M 12.6 36 350 M M 2 48 360
12 93 60 77 2 0 12 0.01 M M 15.7 32 100 M M 1 3 42 100
13 99 61 80 5 0 15 0.00 M M 9.0 21 190 M M 0 35 190
14 99 66 83 8 0 18 0.01 M M 10.5 28 340 M M 1 3 34 360
15 97 66 82 7 0 17 0.16 M M 8.4 23 220 M M 2 3 31 230
16 94 64 79 4 0 14 0.06 M M 10.1 24 340 M M 1 3 32 320
17 97 63 80 5 0 15 0.00 M M 7.5 15 170 M M 0 25 10
18 104 70 87 12 0 22 T M M 12.5 33 290 M M 0 46 290
19 99 67 83 8 0 18 T M M 11.2 22 350 M M 1 31 360
20 95 60 78 3 0 13 0.00 M M 9.0 25 240 M M 0 33 240
21 101 63 82 7 0 17 0.00 M M 10.6 23 170 M M 0 32 180
22 98 58 78 3 0 13 0.00 M M 8.9 17 270 M M 0 27 200
23 97 65 81 6 0 16 T M M 13.4 36 330 M M 1 48 330
24 89 59 74 -1 0 9 0.83 M M 15.2 37 290 M M 4 13 47 290
25 85 59 72 -3 0 7 0.00 M M 7.3 17 150 M M 4 1 21 150
26 85 63 74 -1 0 9 0.00 M M 12.4 22 30 M M 1 1 27 30
27 89 56 73 -2 0 8 2.25 M M 14.0 31 80 M M 4 123 42 80
28 74 57 66 -9 0 1 0.20 M M M M M M M 5 13 M M
29 77 59 68 -7 0 3 T M M 16.0 25 160 M M 5 1 34 160
30 87 58 73 -2 0 8 0.00 M M 10.0 18 170 M M 1 27 170
31 94 67 81 6 0 16 0.02 M M 10.3 30 270 M M 2 3 38 260
================================================================================
SM 2870 1922 0 388 4.34 M 326.8 M 52
================================================================================
AV 92.6 62.0 10.9 FASTST M M 2 MAX(MPH)
MISC ----> # 43 360 56 210
================================================================================
NOTES:
# LAST OF SEVERAL OCCURRENCES
COLUMN 17 PEAK WIND IN M.P.H.
PRELIMINARY LOCAL CLIMATOLOGICAL DATA (WS FORM: F-6) , PAGE 2
STATION: AKRON CO
MONTH: JULY
YEAR: 2022
LATITUDE: 40 10 N
LONGITUDE: 103 13 W
[TEMPERATURE DATA] [PRECIPITATION DATA] SYMBOLS USED IN COLUMN 16
AVERAGE MONTHLY: 77.3 TOTAL FOR MONTH: 4.34 1 = FOG OR MIST
DPTR FM NORMAL: 2.8 DPTR FM NORMAL: 1.56 2 = FOG REDUCING VISIBILITY
HIGHEST: 104 ON 18 GRTST 24HR 2.45 ON 27-28 TO 1/4 MILE OR LESS
LOWEST: 56 ON 1,27 3 = THUNDER
SNOW, ICE PELLETS, HAIL 4 = ICE PELLETS
TOTAL MONTH: M 5 = HAIL
GRTST 24HR M ON M 6 = FREEZING RAIN OR DRIZZLE
GRTST DEPTH: M ON M 7 = DUSTSTORM OR SANDSTORM:
VSBY 1/2 MILE OR LESS
8 = SMOKE OR HAZE
[NO. OF DAYS WITH] [WEATHER - DAYS WITH] 9 = BLOWING SNOW
X = TORNADO
MAX 32 OR BELOW: 0 0.01 INCH OR MORE: 11
MAX 90 OR ABOVE: 19 0.10 INCH OR MORE: 5
MIN 32 OR BELOW: 0 0.50 INCH OR MORE: 3
MIN 0 OR BELOW: 0 1.00 INCH OR MORE: 1
[HDD (BASE 65) ]
TOTAL THIS MO. 0 CLEAR (SCALE 0-3) 24
DPTR FM NORMAL -6 PTCLDY (SCALE 4-7) 7
TOTAL FM JUL 1 0 CLOUDY (SCALE 8-10) 0
DPTR FM NORMAL 0
[CDD (BASE 65) ]
TOTAL THIS MO. 388
DPTR FM NORMAL 88 [PRESSURE DATA]
TOTAL FM JAN 1 663 HIGHEST SLP M ON M
DPTR FM NORMAL 188 LOWEST SLP 29.68 ON 5
[REMARKS]
#FINAL-07-22#