000
CXUS55 KBOU 011000
CF6AKO
PRELIMINARY LOCAL CLIMATOLOGICAL DATA (WS FORM: F-6)
STATION: AKRON CO
MONTH: DECEMBER
YEAR: 2021
LATITUDE: 40 10 N
LONGITUDE: 103 13 W
TEMPERATURE IN F: :PCPN: SNOW: WIND :SUNSHINE: SKY :PK WND
================================================================================
1 2 3 4 5 6A 6B 7 8 9 10 11 12 13 14 15 16 17 18
12Z AVG MX 2MIN
DY MAX MIN AVG DEP HDD CDD WTR SNW DPTH SPD SPD DIR MIN PSBL S-S WX SPD DR
================================================================================
1 69 34 52 20 13 0 0.00 M M 10.1 17 270 M M 0 23 270
2 75 37 56 24 9 0 0.00 M M 10.3 16 240 M M 0 23 230
3 53 32 43 11 22 0 0.00 M M 8.2 15 160 M M 0 21 140
4 63 31 47 16 18 0 0.00 M M 12.6 21 220 M M 0 27 220
5 63 16 40 9 25 0 0.00 M M 15.9 39 10 M M 1 50 360
6 32 5 19 -12 46 0 0.00 M M 10.7 24 190 M M 3 35 190
7 46 19 33 3 32 0 0.00 M M 7.7 15 210 M M 0 23 200
8 52 25 39 9 26 0 0.00 M M 9.9 21 160 M M 1 29 160
9 48 27 38 8 27 0 0.00 M M 11.6 22 110 M M 2 29 110
10 32 12 22 -8 43 0 0.01 M M 16.3 35 340 M M 5 1 46 330
11 45 8 27 -3 38 0 0.00 M M 9.7 17 210 M M 0 25 280
12 60 30 45 16 20 0 0.00 M M 8.4 15 90 M M 0 20 280
13 59 30 45 16 20 0 0.00 M M 11.3 22 150 M M 0 29 150
14 61 32 47 18 18 0 0.00 M M 7.8 16 230 M M 0 23 220
15 56 M M M M M T M M 32.5 58 310 M M 1 18 78 320
16 M M M M M M 0.00 M M 27.6 45 310 M M 0 18 50 300
17 44 7 26 -2 39 0 0.00 M M 14.7 31 320 M M 3 42 320
18 38 3 21 -7 44 0 0.00 M M 9.1 18 230 M M 0 29 220
19 58 21 40 12 25 0 0.00 M M 10.8 17 240 M M 0 24 240
20 43 26 35 7 30 0 0.00 M M 13.8 23 230 M M 0 30 230
21 61 24 43 15 22 0 0.00 M M 11.0 21 270 M M 0 30 270
22 62 28 45 17 20 0 0.00 M M 10.3 17 270 M M 0 22 250
23 61 29 45 17 20 0 0.00 M M 10.1 20 160 M M 0 28 170
24 56 34 45 17 20 0 0.05 M M 12.3 20 340 M M 2 27 290
25 46 24 35 7 30 0 0.00 M M 11.8 21 170 M M 0 35 170
26 54 20 37 9 28 0 0.00 M M 12.7 31 320 M M 1 40 320
27 40 12 26 -2 39 0 0.00 M M 15.2 32 160 M M 0 45 160
28 34 16 25 -3 40 0 0.00 M M 14.8 32 350 M M 5 42 350
29 31 4 18 -10 47 0 0.00 M M 9.4 20 160 M M 1 29 160
30 51 13 32 4 33 0 0.00 M M 9.5 22 230 M M 0 28 240
31 36 3 20 -8 45 0 T M M 13.5 26 330 M M 3 1 37 340
================================================================================
SM 1529 602 839 0 0.06 M 389.6 M 28
================================================================================
AV 51.0 20.8 12.6 FASTST M M 1 MAX(MPH)
MISC ----> 58 310 78 320
================================================================================
NOTES:
# LAST OF SEVERAL OCCURRENCES
COLUMN 17 PEAK WIND IN M.P.H.
PRELIMINARY LOCAL CLIMATOLOGICAL DATA (WS FORM: F-6) , PAGE 2
STATION: AKRON CO
MONTH: DECEMBER
YEAR: 2021
LATITUDE: 40 10 N
LONGITUDE: 103 13 W
[TEMPERATURE DATA] [PRECIPITATION DATA] SYMBOLS USED IN COLUMN 16
AVERAGE MONTHLY: 35.9 TOTAL FOR MONTH: 0.06 1 = FOG OR MIST
DPTR FM NORMAL: 6.6 DPTR FM NORMAL: -0.14 2 = FOG REDUCING VISIBILITY
HIGHEST: 75 ON 2 GRTST 24HR 0.05 ON 24-24 TO 1/4 MILE OR LESS
LOWEST: 3 ON 18,31 3 = THUNDER
SNOW, ICE PELLETS, HAIL 4 = ICE PELLETS
TOTAL MONTH: M 5 = HAIL
GRTST 24HR M ON M 6 = FREEZING RAIN OR DRIZZLE
GRTST DEPTH: M ON M 7 = DUSTSTORM OR SANDSTORM:
VSBY 1/2 MILE OR LESS
8 = SMOKE OR HAZE
[NO. OF DAYS WITH] [WEATHER - DAYS WITH] 9 = BLOWING SNOW
X = TORNADO
MAX 32 OR BELOW: 3 0.01 INCH OR MORE: 2
MAX 90 OR ABOVE: 0 0.10 INCH OR MORE: 0
MIN 32 OR BELOW: 26 0.50 INCH OR MORE: 0
MIN 0 OR BELOW: 0 1.00 INCH OR MORE: 0
[HDD (BASE 65) ]
TOTAL THIS MO. 839 CLEAR (SCALE 0-3) 28
DPTR FM NORMAL -267 PTCLDY (SCALE 4-7) 3
TOTAL FM JUL 1 1857 CLOUDY (SCALE 8-10) 0
DPTR FM NORMAL -655
[CDD (BASE 65) ]
TOTAL THIS MO. 0
DPTR FM NORMAL 0 [PRESSURE DATA]
TOTAL FM JAN 1 1051 HIGHEST SLP M ON M
DPTR FM NORMAL 232 LOWEST SLP 29.13 ON 15
[REMARKS]
#FINAL-12-21#