000
CXUS54 KCRP 011310
CF6ALI
PRELIMINARY LOCAL CLIMATOLOGICAL DATA (WS FORM: F-6)
STATION: ALICE
MONTH: OCTOBER
YEAR: 2021
LATITUDE: 27 44 N
LONGITUDE: 98 1 W
TEMPERATURE IN F: :PCPN: SNOW: WIND :SUNSHINE: SKY :PK WND
================================================================================
1 2 3 4 5 6A 6B 7 8 9 10 11 12 13 14 15 16 17 18
12Z AVG MX 2MIN
DY MAX MIN AVG DEP HDD CDD WTR SNW DPTH SPD SPD DIR MIN PSBL S-S WX SPD DR
================================================================================
1 85 73 79 1 0 14 1.87 0.0 0 8.8 22 130 M M 6 13 26 140
2 90 71 81 3 0 16 0.00 0.0 0 4.5 9 120 M M 5 1 14 70
3 93 71 82 4 0 17 0.00 0.0 0 5.0 13 50 M M 4 1 16 50
4 93 66 80 2 0 15 0.00 0.0 0 5.6 16 20 M M 2 21 20
5 93 64 79 2 0 14 0.00 0.0 0 5.9 14 60 M M 0 17 30
6 93 60 77 0 0 12 0.00 0.0 0 4.6 14 130 M M 0 18 130
7 92 65 79 2 0 14 0.00 0.0 0 5.9 14 110 M M 0 18 90
8 91 62 77 0 0 12 0.00 0.0 0 5.4 16 90 M M 0 20 90
9 92 59 76 0 0 11 0.00 0.0 0 6.2 16 140 M M 0 1 20 140
10 97 70 84 8 0 19 0.00 0.0 0 13.5 24 160 M M 4 1 35 160
11 88 77 83 7 0 18 T 0.0 0 9.5 20 70 M M 8 1 24 80
12 95 79 87 11 0 22 0.00 0.0 0 13.8 24 140 M M 6 18 30 140
13 93 77 85 10 0 20 0.00 0.0 0 15.0 25 130 M M 4 33 140
14 87 75 81 6 0 16 0.41 0.0 0 7.9 22 70 M M 5 13 27 70
15 93 70 82 7 0 17 0.61 0.0 0 7.3 32 30 M M 5 13 40 360
16 79 57 68 -6 0 3 0.00 0.0 0 11.8 22 20 M M 3 28 20
17 77 53 65 -9 0 0 0.00 0.0 0 6.0 13 70 M M 0 17 70
18 83 54 69 -5 0 4 0.00 0.0 0 6.8 14 120 M M 0 19 120
19 88 60 74 0 0 9 0.00 0.0 0 6.4 18 130 M M 1 23 140
20 91 65 78 5 0 13 0.00 0.0 0 5.1 17 100 M M 1 22 90
21 91 64 78 5 0 13 0.00 0.0 0 4.6 12 120 M M 4 12 18 40
22 91 64 78 5 0 13 T 0.0 0 4.6 18 100 M M 5 123 23 80
23 89 70 80 8 0 15 M 0.0 0 7.4 18 130 M M 1 23 130
24 94 68 81 9 0 16 0.00 0.0 0 4.5 15 140 M M 5 12 20 140
25 93 70 82 10 0 17 0.00 0.0 0 6.6 14 120 M M 5 12 19 120
26 91 73 82 11 0 17 0.00 0.0 0 11.5 22 140 M M 7 1 29 130
27 91 57 74 3 0 9 T 0.0 0 15.5 33 300 M M 4 18 42 320
28 88 49 69 -2 0 4 0.00 0.0 0 10.7 28 310 M M 0 34 300
29 83 51 67 -3 0 2 0.00 0.0 0 10.3 23 320 M M 0 30 350
30 87 46 67 -3 0 2 0.00 0.0 0 4.4 13 130 M M 0 15 140
31 89 49 69 -1 0 4 0.00 0.0 0 7.2 18 140 M M 0 25 120
================================================================================
SM 2780 1989 0 378 2.89 0.0 242.3 M 85
================================================================================
AV 89.7 64.2 7.8 FASTST M M 3 MAX(MPH)
MISC ----> 33 300 42 320
================================================================================
NOTES:
# LAST OF SEVERAL OCCURRENCES
COLUMN 17 PEAK WIND IN M.P.H.
PRELIMINARY LOCAL CLIMATOLOGICAL DATA (WS FORM: F-6) , PAGE 2
STATION: ALICE
MONTH: OCTOBER
YEAR: 2021
LATITUDE: 27 44 N
LONGITUDE: 98 1 W
[TEMPERATURE DATA] [PRECIPITATION DATA] SYMBOLS USED IN COLUMN 16
AVERAGE MONTHLY: 76.9 TOTAL FOR MONTH: 2.89 1 = FOG OR MIST
DPTR FM NORMAL: 2.6 DPTR FM NORMAL: 1.17 2 = FOG REDUCING VISIBILITY
HIGHEST: 97 ON 10 GRTST 24HR 1.88 ON 30- 1 TO 1/4 MILE OR LESS
LOWEST: 46 ON 30 3 = THUNDER
SNOW, ICE PELLETS, HAIL 4 = ICE PELLETS
TOTAL MONTH: 0.0 INCH 5 = HAIL
GRTST 24HR 0.0 6 = FREEZING RAIN OR DRIZZLE
GRTST DEPTH: 0 7 = DUSTSTORM OR SANDSTORM:
VSBY 1/2 MILE OR LESS
8 = SMOKE OR HAZE
[NO. OF DAYS WITH] [WEATHER - DAYS WITH] 9 = BLOWING SNOW
X = TORNADO
MAX 32 OR BELOW: 0 0.01 INCH OR MORE: 3
MAX 90 OR ABOVE: 19 0.10 INCH OR MORE: 3
MIN 32 OR BELOW: 0 0.50 INCH OR MORE: 2
MIN 0 OR BELOW: 0 1.00 INCH OR MORE: 1
[HDD (BASE 65) ]
TOTAL THIS MO. 0 CLEAR (SCALE 0-3) 16
DPTR FM NORMAL -11 PTCLDY (SCALE 4-7) 14
TOTAL FM JUL 1 0 CLOUDY (SCALE 8-10) 1
DPTR FM NORMAL -9
[CDD (BASE 65) ]
TOTAL THIS MO. 378
DPTR FM NORMAL 80 [PRESSURE DATA]
TOTAL FM JAN 1 3686 HIGHEST SLP 30.32 ON 16
DPTR FM NORMAL 80 LOWEST SLP 29.56 ON 27
[REMARKS]
#FINAL-10-21#