000
CXUS54 KEPZ 131907
CF6ALM
PRELIMINARY LOCAL CLIMATOLOGICAL DATA (WS FORM: F-6)
STATION: ALAMOGORDO
MONTH: JUNE
YEAR: 2023
LATITUDE: 32 49 N
LONGITUDE: 106 0 W
TEMPERATURE IN F: :PCPN: SNOW: WIND :SUNSHINE: SKY :PK WND
================================================================================
1 2 3 4 5 6A 6B 7 8 9 10 11 12 13 14 15 16 17 18
12Z AVG MX 2MIN
DY MAX MIN AVG DEP HDD CDD WTR SNW DPTH SPD SPD DIR MIN PSBL S-S WX SPD DR
================================================================================
1 82 61 72 M 0 7 0.00 M M 7.6 17 180 M M 2 26 180
2 86 59 73 M 0 8 0.00 M M 7.9 16 260 M M 2 25 270
3 90 61 76 M 0 11 0.00 M M M M M M M M M M
4 88 61 75 M 0 10 0.00 M M 7.2 13 160 M M 2 27 240
5 88 59 74 M 0 9 0.03 M M 10.0 24 80 M M 2 38 41 80
6 90 52 71 M 0 6 0.34 M M 9.9 35 160 M M 3 38 52 160
7 86 54 70 M 0 5 0.00 M M 6.0 13 240 M M 1 20 210
8 88 55 72 M 0 7 0.00 M M 4.3 10 200 M M 1 14 99
9 86 55 71 M 0 6 0.00 M M 7.1 17 220 M M 2 26 220
10 91 55 73 M 0 8 0.00 M M 6.6 18 200 M M 2 25 200
11 91 61 76 M 0 11 0.00 M M 8.2 18 210 M M 1 28 210
12 86 43 65 M 0 0 0.00 M M 7.5 20 260 M M 1 25 220
13 90 M M M M M 0.00 M M 8.3 17 250 M M 1 29 250
14 M M M M M M 0.00 M M 7.6 16 230 M M 2 24 240
15 93 59 76 M 0 11 0.00 M M 8.3 27 270 M M 1 37 270
16 95 68 82 M 0 17 0.00 M M 7.6 20 250 M M 1 32 250
17 97 64 81 M 0 16 0.00 M M 9.8 31 270 M M 0 37 270
18 97 72 85 M 0 20 0.00 M M 8.1 27 270 M M 0 31 270
19 99 66 83 M 0 18 0.00 M M 7.2 22 280 M M 1 35 270
20 99 72 86 M 0 21 0.00 M M 5.7 15 260 M M 0 22 230
21 102 70 86 M 0 21 0.00 M M 6.3 22 270 M M 0 29 250
22 102 68 85 M 0 20 0.00 M M 9.5 21 270 M M 0 29 200
23 102 68 85 M 0 20 0.00 M M 8.6 17 210 M M 1 8 31 210
24 102 61 82 M 0 17 0.00 M M 8.3 17 250 M M 1 30 260
25 104 64 84 M 0 19 0.00 M M 5.8 14 220 M M 1 21 310
26 106 66 86 M 0 21 0.00 M M 7.5 14 200 M M 0 22 180
27 106 73 90 M 0 25 0.00 M M 9.4 20 190 M M 1 29 190
28 102 64 83 M 0 18 0.00 M M 7.4 16 180 M M 1 8 23 170
29 99 75 87 M 0 22 0.00 M M 5.5 13 180 M M 0 21 0
30 95 73 84 M 0 19 0.00 M M 9.1 17 150 M M 2 24 160
================================================================================
SM 2742 1759 0 393 0.37 M 222.4 M 32
================================================================================
AV 94.6 62.8 7.7 FASTST M M 1 MAX(MPH)
MISC ----> 35 160 52 160
================================================================================
NOTES:
# LAST OF SEVERAL OCCURRENCES
COLUMN 17 PEAK WIND IN M.P.H.
PRELIMINARY LOCAL CLIMATOLOGICAL DATA (WS FORM: F-6) , PAGE 2
STATION: ALAMOGORDO
MONTH: JUNE
YEAR: 2023
LATITUDE: 32 49 N
LONGITUDE: 106 0 W
[TEMPERATURE DATA] [PRECIPITATION DATA] SYMBOLS USED IN COLUMN 16
AVERAGE MONTHLY: 78.7 TOTAL FOR MONTH: 0.37 1 = FOG OR MIST
DPTR FM NORMAL: 0.0 DPTR FM NORMAL: M 2 = FOG REDUCING VISIBILITY
HIGHEST: 106 ON 27,26 GRTST 24HR 0.34 ON 6- 6 TO 1/4 MILE OR LESS
LOWEST: 43 ON 12 3 = THUNDER
SNOW, ICE PELLETS, HAIL 4 = ICE PELLETS
TOTAL MONTH: M 5 = HAIL
GRTST 24HR M ON M 6 = FREEZING RAIN OR DRIZZLE
GRTST DEPTH: M ON M 7 = DUSTSTORM OR SANDSTORM:
VSBY 1/2 MILE OR LESS
8 = SMOKE OR HAZE
[NO. OF DAYS WITH] [WEATHER - DAYS WITH] 9 = BLOWING SNOW
X = TORNADO
MAX 32 OR BELOW: 0 0.01 INCH OR MORE: 2
MAX 90 OR ABOVE: 21 0.10 INCH OR MORE: 1
MIN 32 OR BELOW: 0 0.50 INCH OR MORE: 0
MIN 0 OR BELOW: 0 1.00 INCH OR MORE: 0
[HDD (BASE 65) ]
TOTAL THIS MO. 0 CLEAR (SCALE 0-3) 29
DPTR FM NORMAL M PTCLDY (SCALE 4-7) 0
TOTAL FM JUL 1 3118 CLOUDY (SCALE 8-10) 1
DPTR FM NORMAL M
[CDD (BASE 65) ]
TOTAL THIS MO. 393
DPTR FM NORMAL M [PRESSURE DATA]
TOTAL FM JAN 1 578 HIGHEST SLP M ON M
DPTR FM NORMAL M LOWEST SLP M ON M
[REMARKS]
#FINAL-06-23#