000
CXUS53 KDMX 052300
CF6ALO
PRELIMINARY LOCAL CLIMATOLOGICAL DATA (WS FORM: F-6)
STATION: WATERLOO IA
MONTH: NOVEMBER
YEAR: 2020
LATITUDE: 42 32 N
LONGITUDE: 92 24 W
TEMPERATURE IN F: :PCPN: SNOW: WIND :SUNSHINE: SKY :PK WND
================================================================================
1 2 3 4 5 6A 6B 7 8 9 10 11 12 13 14 15 16 17 18
12Z AVG MX 2MIN
DY MAX MIN AVG DEP HDD CDD WTR SNW DPTH SPD SPD DIR MIN PSBL S-S WX SPD DR
================================================================================
1 42 18 30 -14 35 0 0.00 0.0 0 14.7 31 310 M M 0 45 300
2 61 18 40 -4 25 0 0.00 0.0 0 7.3 23 230 M M 0 8 29 230
3 75 28 52 9 13 0 0.00 0.0 0 7.7 20 200 M M 0 27 200
4 71 40 56 13 9 0 0.00 0.0 0 6.9 16 210 M M 0 21 220
5 76 35 56 14 9 0 0.00 0.0 0 2.0 10 330 M M 0 18 13 330
6 74 36 55 13 10 0 0.00 0.0 0 10.5 21 190 M M 0 18 31 180
7 72 54 63 22 2 0 0.00 0.0 0 13.6 24 190 M M 0 33 170
8 74 53 64 23 1 0 0.00 0.0 0 15.7 28 170 M M 2 39 160
9 70 41 56 16 9 0 0.01 0.0 0 15.1 25 190 M M 8 18 39 200
10 46 30 38 -2 27 0 0.97 T 0 12.8 31 250 M M 9 13 43 250
11 48 26 37 -2 28 0 0.00 0.0 0 7.4 16 200 M M 2 21 230
12 50 23 37 -1 28 0 T 0.0 0 8.3 28 330 M M 4 1 37 330
13 40 16 28 -10 37 0 0.00 0.0 0 8.5 18 160 M M 0 25 150
14 50 30 40 3 25 0 T 0.0 0 14.8 23 150 M M 7 18 31 140
15 44 28 36 -1 29 0 T 0.0 0 16.8 33 280 M M 7 49 280
16 53 23 38 2 27 0 0.00 0.0 0 12.2 29 320 M M 2 39 330
17 40 20 30 -6 35 0 0.00 0.0 0 7.3 15 160 M M 3 22 160
18 58 33 46 11 19 0 0.00 0.0 0 16.9 29 170 M M 0 39 160
19 69 47 58 24 7 0 0.00 0.0 0 11.3 25 200 M M 0 33 210
20 49 27 38 4 27 0 0.00 0.0 0 8.3 21 330 M M 0 26 330
21 43 20 32 -1 33 0 0.00 0.0 0 2.4 9 330 M M 0 18 10 330
22 50 23 37 4 28 0 T 0.0 0 6.8 20 300 M M 3 18 26 310
23 40 20 30 -2 35 0 0.00 0.0 0 6.0 14 130 M M 3 18 19 130
24 41 33 37 5 28 0 0.38 1.3 1 8.1 18 140 M M 10 12 25 140
25 40 37 39 8 26 0 0.00 0.0 0 7.8 15 350 M M 10 1 20 10
26 47 32 40 10 25 0 0.00 0.0 0 9.0 18 190 M M M 1 24 190
27 41 23 32 2 33 0 0.00 0.0 0 8.4 20 310 M M 4 1 27 300
28 56 23 40 11 25 0 0.00 0.0 0 9.1 21 220 M M 0 26 220
29 40 27 34 5 31 0 0.00 0.0 0 18.0 31 330 M M 4 40 330
30 33 12 23 -5 42 0 0.00 0.0 0 9.1 22 340 M M 2 28 340
================================================================================
SM 1593 876 708 0 1.36 1.3 302.8 M 80
================================================================================
AV 53.1 29.2 10.1 FASTST M M 3 MAX(MPH)
MISC ----> 33 280 49 280
================================================================================
NOTES:
# LAST OF SEVERAL OCCURRENCES
COLUMN 17 PEAK WIND IN M.P.H.
PRELIMINARY LOCAL CLIMATOLOGICAL DATA (WS FORM: F-6) , PAGE 2
STATION: WATERLOO IA
MONTH: NOVEMBER
YEAR: 2020
LATITUDE: 42 32 N
LONGITUDE: 92 24 W
[TEMPERATURE DATA] [PRECIPITATION DATA] SYMBOLS USED IN COLUMN 16
AVERAGE MONTHLY: 41.2 TOTAL FOR MONTH: 1.36 1 = FOG OR MIST
DPTR FM NORMAL: 4.9 DPTR FM NORMAL: -0.65 2 = FOG REDUCING VISIBILITY
HIGHEST: 76 ON 5 GRTST 24HR 0.98 ON 9-10 TO 1/4 MILE OR LESS
LOWEST: 12 ON 30 3 = THUNDER
SNOW, ICE PELLETS, HAIL 4 = ICE PELLETS
TOTAL MONTH: 1.3 INCHES 5 = HAIL
GRTST 24HR 1.3 ON 24-24 6 = FREEZING RAIN OR DRIZZLE
GRTST DEPTH: 1 ON 24 7 = DUSTSTORM OR SANDSTORM:
VSBY 1/2 MILE OR LESS
8 = SMOKE OR HAZE
[NO. OF DAYS WITH] [WEATHER - DAYS WITH] 9 = BLOWING SNOW
X = TORNADO
MAX 32 OR BELOW: 0 0.01 INCH OR MORE: 3
MAX 90 OR ABOVE: 0 0.10 INCH OR MORE: 2
MIN 32 OR BELOW: 20 0.50 INCH OR MORE: 1
MIN 0 OR BELOW: 0 1.00 INCH OR MORE: 0
[HDD (BASE 65) ]
TOTAL THIS MO. 708 CLEAR (SCALE 0-3) 20
DPTR FM NORMAL -152 PTCLDY (SCALE 4-7) 6
TOTAL FM JUL 1 1402 CLOUDY (SCALE 8-10) 4
DPTR FM NORMAL -80
[CDD (BASE 65) ]
TOTAL THIS MO. 0
DPTR FM NORMAL 0 [PRESSURE DATA]
TOTAL FM JAN 1 1038 HIGHEST SLP 30.61 ON 21
DPTR FM NORMAL 239 LOWEST SLP 29.37 ON 14
[REMARKS]
#FINAL-11-20#