000
CXUS55 KPUB 182215
CF6ALS
PRELIMINARY LOCAL CLIMATOLOGICAL DATA (WS FORM: F-6)
STATION: ALAMOSA CO
MONTH: APRIL
YEAR: 2021
LATITUDE: 37 27 N
LONGITUDE: 105 52 W
TEMPERATURE IN F: :PCPN: SNOW: WIND :SUNSHINE: SKY :PK WND
================================================================================
1 2 3 4 5 6A 6B 7 8 9 10 11 12 13 14 15 16 17 18
12Z AVG MX 2MIN
DY MAX MIN AVG DEP HDD CDD WTR SNW DPTH SPD SPD DIR MIN PSBL S-S WX SPD DR
================================================================================
1 64 13 39 1 26 0 0.00 0.0 0 4.6 18 200 M M 0 24 190
2 70 20 45 7 20 0 0.00 0.0 0 4.8 20 340 M M 0 28 330
3 72 21 47 9 18 0 0.00 0.0 0 4.7 14 290 M M 0 20 180
4 72 26 49 10 16 0 0.00 0.0 0 6.4 23 260 M M 1 31 240
5 72 21 47 8 18 0 0.00 0.0 0 9.5 30 220 M M 0 40 240
6 62 28 45 6 20 0 0.00 0.0 0 19.3 45 250 M M 1 8 62 270
7 63 14 39 0 26 0 0.00 0.0 0 8.8 30 350 M M 0 39 360
8 66 17 42 2 23 0 0.00 0.0 0 9.6 31 290 M M 2 43 280
9 62 21 42 2 23 0 0.00 0.0 0 14.8 32 330 M M 0 41 340
10 66 16 41 1 24 0 0.00 0.0 0 5.6 24 300 M M 0 31 300
11 68 18 43 3 22 0 0.00 0.0 0 9.7 25 120 M M 0 35 120
12 67 25 46 5 19 0 0.00 0.0 0 10.8 29 230 M M 1 40 230
13 59 30 45 4 20 0 0.00 0.0 0 10.1 29 260 M M 5 35 260
14 65 29 47 6 18 0 0.00 0.0 0 15.4 32 220 M M 1 8 47 210
15 62 27 45 3 20 0 0.00 0.0 0 18.3 43 230 M M 1 8 59 230
16 50 18 34 -8 31 0 T T 0 7.9 21 110 M M 6 28 110
17 33 16 25 -17 40 0 0.19 1.9 2 8.1 22 100 M M 8 18 28 90
18 50 11 31 -11 34 0 0.00 0.0 1 4.3 13 30 M M 4 18 30
19 59 19 39 -4 26 0 0.00 0.0 0 9.2 31 240 M M 2 44 240
20 57 16 37 -6 28 0 T 0.0 0 8.2 23 240 M M 2 38 270
21 62 27 45 2 20 0 0.00 0.0 0 13.2 32 230 M M 3 43 210
22 60 28 44 0 21 0 0.00 0.0 0 15.0 33 230 M M 2 42 230
23 53 22 38 -6 27 0 T 0.2 0 9.7 37 320 M M 5 8 48 310
24 65 16 41 -3 24 0 0.00 0.0 0 9.6 30 240 M M 0 1 44 230
25 72 37 55 10 10 0 0.00 0.0 0 15.5 31 250 M M 0 42 230
26 68 35 52 7 13 0 0.00 0.0 0 15.0 39 240 M M 0 8 50 240
27 58 27 43 -2 22 0 0.00 0.0 0 12.9 30 230 M M 3 40 210
28 58 19 39 -7 26 0 0.02 0.0 0 7.3 24 120 M M 2 34 120
29 68 22 45 -1 20 0 0.00 0.0 0 10.4 25 20 M M 0 35 20
30 75 27 51 5 14 0 0.00 0.0 0 4.6 13 90 M M 0 18 90
================================================================================
SM 1878 666 669 0 0.21 2.1 303.3 M 49
================================================================================
AV 62.6 22.2 10.1 FASTST M M 2 MAX(MPH)
MISC ----> 45 250 62 270
================================================================================
NOTES:
COLUMN 17 PEAK WIND IN M.P.H.
PRELIMINARY LOCAL CLIMATOLOGICAL DATA (WS FORM: F-6) , PAGE 2
STATION: ALAMOSA CO
MONTH: APRIL
YEAR: 2021
LATITUDE: 37 27 N
LONGITUDE: 105 52 W
[TEMPERATURE DATA] [PRECIPITATION DATA] SYMBOLS USED IN COLUMN 16
AVERAGE MONTHLY: 42.4 TOTAL FOR MONTH: 0.21 1 = FOG OR MIST
DPTR FM NORMAL: 0.6 DPTR FM NORMAL: -0.38 2 = FOG REDUCING VISIBILITY
HIGHEST: 75 ON 30 GRTST 24HR 0.19 ON 17-17 TO 1/4 MILE OR LESS
LOWEST: 11 ON 18 3 = THUNDER
SNOW, ICE PELLETS, HAIL 4 = ICE PELLETS
TOTAL MONTH: 2.1 INCHES 5 = HAIL
GRTST 24HR 1.9 ON 17 6 = FREEZING RAIN OR DRIZZLE
GRTST DEPTH: 2 ON 17 7 = DUSTSTORM OR SANDSTORM:
VSBY 1/2 MILE OR LESS
8 = SMOKE OR HAZE
[NO. OF DAYS WITH] [WEATHER - DAYS WITH] 9 = BLOWING SNOW
X = TORNADO
MAX 32 OR BELOW: 0 0.01 INCH OR MORE: 2
MAX 90 OR ABOVE: 0 0.10 INCH OR MORE: 1
MIN 32 OR BELOW: 28 0.50 INCH OR MORE: 0
MIN 0 OR BELOW: 0 1.00 INCH OR MORE: 0
[HDD (BASE 65) ]
TOTAL THIS MO. 669 CLEAR (SCALE 0-3) 24
DPTR FM NORMAL -25 PTCLDY (SCALE 4-7) 6
TOTAL FM JUL 1 7485 CLOUDY (SCALE 8-10) 0
DPTR FM NORMAL -516
[CDD (BASE 65) ]
TOTAL THIS MO. 0
DPTR FM NORMAL 0 [PRESSURE DATA]
TOTAL FM JAN 1 0 HIGHEST SLP 30.48 ON 1
DPTR FM NORMAL 0 LOWEST SLP 29.49 ON 15
[REMARKS]
#FINAL-04-21#