000
CXUS52 KJAX 010800
CF6AMG
PRELIMINARY LOCAL CLIMATOLOGICAL DATA (WS FORM: F-6)
STATION: ALMA
MONTH: OCTOBER
YEAR: 2022
LATITUDE: 31 32 N
LONGITUDE: 82 30 W
TEMPERATURE IN F: :PCPN: SNOW: WIND :SUNSHINE: SKY :PK WND
================================================================================
1 2 3 4 5 6A 6B 7 8 9 10 11 12 13 14 15 16 17 18
12Z AVG MX 2MIN
DY MAX MIN AVG DEP HDD CDD WTR SNW DPTH SPD SPD DIR MIN PSBL S-S WX SPD DR
================================================================================
1 86 56 71 -3 0 6 0.00 0.0 0 5.9 18 250 M M 2 30 270
2 82 57 70 -4 0 5 0.00 0.0 0 5.0 13 350 M M 1 19 330
3 67 56 62 -11 3 0 0.00 0.0 0 3.8 12 360 M M 6 19 350
4 79 49 64 -9 1 0 0.00 0.0 0 2.0 13 340 M M 0 12 19 20
5 84 50 67 -6 0 2 0.00 0.0 0 2.9 15 320 M M 0 22 300
6 86 48 67 -5 0 2 0.00 0.0 0 2.3 13 290 M M 0 22 320
7 89 48 69 -3 0 4 0.00 0.0 0 1.4 10 330 M M 0 14 300
8 89 54 72 0 0 7 0.00 0.0 0 3.6 12 350 M M 0 17 340
9 86 56 71 0 0 6 0.00 0.0 0 3.2 9 240 M M 2 12 14 220
10 86 56 71 0 0 6 0.00 0.0 0 3.1 10 120 M M 3 12 15 110
11 88 64 76 5 0 11 0.00 0.0 0 3.6 13 90 M M 6 1 20 100
12 80 69 75 5 0 10 2.20 0.0 0 3.8 23 300 M M 8 13 32 310
13 86 63 75 5 0 10 0.12 0.0 0 4.7 15 300 M M 4 12 20 290
14 80 52 66 -3 0 1 0.00 0.0 0 2.6 10 320 M M 0 16 20
15 84 48 66 -3 0 1 0.00 0.0 0 1.0 8 130 M M 0 12 120
16 86 50 68 -1 0 3 0.00 0.0 0 1.3 9 330 M M 0 1 13 330
17 83 63 73 5 0 8 T 0.0 0 4.4 14 190 M M 2 1 19 240
18 70 47 59 -9 6 0 0.00 0.0 0 9.6 16 320 M M 0 23 290
19 65 36 51 -17 14 0 0.00 0.0 0 4.5 14 330 M M 0 18 350
20 70 35 53 -14 12 0 0.00 0.0 0 0.9 12 270 M M 0 16 260
21 73 37 55 -12 10 0 0.00 0.0 0 1.3 10 340 M M 0 13 340
22 77 39 58 -9 7 0 0.00 0.0 0 2.3 10 350 M M 0 17 40
23 81 44 63 -3 2 0 0.00 0.0 0 1.7 8 10 M M 1 1 13 110
24 81 49 65 -1 0 0 0.00 0.0 0 1.3 8 140 M M 0 1 12 190
25 81 46 64 -1 1 0 0.00 0.0 0 2.1 10 170 M M 0 1 15 160
26 83 59 71 6 0 6 0.15 0.0 0 5.3 12 230 M M 4 1 21 230
27 80 50 65 0 0 0 0.00 0.0 0 3.1 9 50 M M 0 15 50
28 80 59 70 6 0 5 0.00 0.0 0 2.9 9 60 M M 1 1 17 20
29 69 62 66 2 0 1 0.00 0.0 0 3.7 9 70 M M 9 1 16 60
30 69 61 65 1 0 0 0.00 0.0 0 3.6 9 100 M M 10 1 17 120
31 86 68 77 14 0 12 0.00 0.0 0 4.4 13 190 M M 7 1 19 200
================================================================================
SM 2486 1631 56 106 2.47 0.0 101.3 M 66
================================================================================
AV 80.2 52.6 3.3 FASTST M M 2 MAX(MPH)
MISC ----> 23 300 32 310
================================================================================
NOTES:
# LAST OF SEVERAL OCCURRENCES
COLUMN 17 PEAK WIND IN M.P.H.
PRELIMINARY LOCAL CLIMATOLOGICAL DATA (WS FORM: F-6) , PAGE 2
STATION: ALMA
MONTH: OCTOBER
YEAR: 2022
LATITUDE: 31 32 N
LONGITUDE: 82 30 W
[TEMPERATURE DATA] [PRECIPITATION DATA] SYMBOLS USED IN COLUMN 16
AVERAGE MONTHLY: 66.4 TOTAL FOR MONTH: 2.47 1 = FOG OR MIST
DPTR FM NORMAL: -2.3 DPTR FM NORMAL: -0.46 2 = FOG REDUCING VISIBILITY
HIGHEST: 89 ON 8, 7 GRTST 24HR 2.20 ON 12-12 TO 1/4 MILE OR LESS
LOWEST: 35 ON 20 3 = THUNDER
SNOW, ICE PELLETS, HAIL 4 = ICE PELLETS
TOTAL MONTH: 0.0 INCH 5 = HAIL
GRTST 24HR 0.0 6 = FREEZING RAIN OR DRIZZLE
GRTST DEPTH: 0 7 = DUSTSTORM OR SANDSTORM:
VSBY 1/2 MILE OR LESS
8 = SMOKE OR HAZE
[NO. OF DAYS WITH] [WEATHER - DAYS WITH] 9 = BLOWING SNOW
X = TORNADO
MAX 32 OR BELOW: 0 0.01 INCH OR MORE: 3
MAX 90 OR ABOVE: 0 0.10 INCH OR MORE: 3
MIN 32 OR BELOW: 0 0.50 INCH OR MORE: 1
MIN 0 OR BELOW: 0 1.00 INCH OR MORE: 1
[HDD (BASE 65) ]
TOTAL THIS MO. 56 CLEAR (SCALE 0-3) 22
DPTR FM NORMAL 10 PTCLDY (SCALE 4-7) 6
TOTAL FM JUL 1 56 CLOUDY (SCALE 8-10) 3
DPTR FM NORMAL 10
[CDD (BASE 65) ]
TOTAL THIS MO. 106
DPTR FM NORMAL -53 [PRESSURE DATA]
TOTAL FM JAN 1 2639 HIGHEST SLP 30.26 ON 29
DPTR FM NORMAL 142 LOWEST SLP 29.75 ON 18
[REMARKS]
#FINAL-10-22#