006
CXUS53 KDMX 051654
CF6AMW
PRELIMINARY LOCAL CLIMATOLOGICAL DATA (WS FORM: F-6)
STATION: AMES IA
MONTH: FEBRUARY
YEAR: 2021
LATITUDE: 41 59 N
LONGITUDE: 93 37 W
TEMPERATURE IN F: :PCPN: SNOW: WIND :SUNSHINE: SKY :PK WND
================================================================================
1 2 3 4 5 6A 6B 7 8 9 10 11 12 13 14 15 16 17 18
12Z AVG MX 2MIN
DY MAX MIN AVG DEP HDD CDD WTR SNW DPTH SPD SPD DIR MIN PSBL S-S WX SPD DR
================================================================================
1 30 23 27 6 38 0 0.00 0.0 M 9.6 20 330 M M 10 27 340
2 23 19 21 0 44 0 0.00 0.0 M 5.0 12 140 M M 10 128 16 100
3 36 18 27 6 38 0 0.00 0.0 M 12.1 21 150 M M 6 18 27 140
4 37 9 23 1 42 0 0.18 M M 17.1 35 320 M M 6 128 46 310
5 17 2 10 -12 55 0 0.00 0.0 M 14.6 26 300 M M 1 34 290
6 8 -5 2 -20 63 0 M M M 10.0 18 310 M M 6 8 24 290
7 0 -13 -6 -28 71 0 M M M 5.5 12 10 M M 7 8 14 360
8 4 -9 -2 -24 67 0 0.02 M M 5.9 14 20 M M 8 8 19 20
9 6 -13 -3 -26 68 0 0.00 0.0 M 4.5 12 350 M M 0 16 340
10 11 0 6 -17 59 0 0.00 0.0 M 7.6 12 360 M M 7 15 30
11 3 -7 -2 -25 67 0 M M M 11.9 17 20 M M 7 8 23 10
12 -4 -9 -6 -30 71 0 M M M 14.3 22 360 M M 4 8 29 360
13 1 -6 -2 -26 67 0 M M M 12.1 20 340 M M 5 8 25 340
14 -6 -11 -8 -32 73 0 0.00 0.0 M 15.7 23 350 M M 8 8 30 350
15 -4 -13 -8 -32 73 0 0.00 0.0 M 11.0 18 350 M M 0 24 350
16 8 -18 -5 -30 70 0 0.00 0.0 M 5.3 10 230 M M 1 12 230
17 13 -10 2 -23 63 0 M M M 4.4 10 110 M M 8 18 13 110
18 19 -5 7 -19 58 0 M M M 4.7 13 250 M M 7 18 16 270
19 23 0 12 -14 53 0 T M M 4.8 14 250 M M 4 18 15 250
20 28 -1 14 -12 51 0 0.00 0.0 M 5.1 13 130 M M 2 18 16 130
21 28 19 24 -3 41 0 0.31 M M 9.1 15 310 M M 8 128 20 310
22 43 19 31 4 34 0 0.00 0.0 M 15.0 24 290 M M 3 18 36 290
23 46 24 35 8 30 0 0.00 0.0 M 9.4 21 300 M M 0 27 310
24 41 21 31 3 34 0 0.00 0.0 M 13.1 28 350 M M 3 35 340
25 39 18 29 1 36 0 0.00 0.0 M 4.0 10 320 M M 0 1 13 240
26 41 20 31 2 34 0 0.00 0.0 M 7.4 16 150 M M 4 1 20 170
27 48 21 35 6 30 0 0.00 0.0 M 4.8 15 130 M M 2 18 25 140
28 40 24 32 2 33 0 0.00 0.0 M 12.1 26 300 M M 4 18 37 330
================================================================================
SM 579 117 1463 0 0.51 0.0 256.1 M 131
================================================================================
AV 20.7 4.2 9.1 FASTST M M 5 MAX(MPH)
MISC ----> 35 320 46 310
================================================================================
NOTES:
# LAST OF SEVERAL OCCURRENCES
COLUMN 17 PEAK WIND IN M.P.H.
PRELIMINARY LOCAL CLIMATOLOGICAL DATA (WS FORM: F-6) , PAGE 2
STATION: AMES IA
MONTH: FEBRUARY
YEAR: 2021
LATITUDE: 41 59 N
LONGITUDE: 93 37 W
[TEMPERATURE DATA] [PRECIPITATION DATA] SYMBOLS USED IN COLUMN 16
AVERAGE MONTHLY: 12.4 TOTAL FOR MONTH: 0.51 1 = FOG OR MIST
DPTR FM NORMAL: -12.3 DPTR FM NORMAL: -0.45 2 = FOG REDUCING VISIBILITY
HIGHEST: 48 ON 27 GRTST 24HR 0.31 ON 21-21 TO 1/4 MILE OR LESS
LOWEST: -18 ON 16 3 = THUNDER
SNOW, ICE PELLETS, HAIL 4 = ICE PELLETS
TOTAL MONTH: 0.0 INCH 5 = HAIL
GRTST 24HR 0.0 6 = FREEZING RAIN OR DRIZZLE
GRTST DEPTH: M ON M 7 = DUSTSTORM OR SANDSTORM:
VSBY 1/2 MILE OR LESS
8 = SMOKE OR HAZE
[NO. OF DAYS WITH] [WEATHER - DAYS WITH] 9 = BLOWING SNOW
X = TORNADO
MAX 32 OR BELOW: 19 0.01 INCH OR MORE: 3
MAX 90 OR ABOVE: 0 0.10 INCH OR MORE: 2
MIN 32 OR BELOW: 28 0.50 INCH OR MORE: 0
MIN 0 OR BELOW: 15 1.00 INCH OR MORE: 0
[HDD (BASE 65) ]
TOTAL THIS MO. 1463 CLEAR (SCALE 0-3) 10
DPTR FM NORMAL 333 PTCLDY (SCALE 4-7) 16
TOTAL FM JUL 1 5341 CLOUDY (SCALE 8-10) 2
DPTR FM NORMAL 55
[CDD (BASE 65) ]
TOTAL THIS MO. 0
DPTR FM NORMAL 0 [PRESSURE DATA]
TOTAL FM JAN 1 0 HIGHEST SLP 30.77 ON 14
DPTR FM NORMAL 0 LOWEST SLP 29.53 ON 4
[REMARKS]
#FINAL-02-21#