000
CXUS54 KBMX 011010
CF6ANB
PRELIMINARY LOCAL CLIMATOLOGICAL DATA (WS FORM: F-6)
STATION: ANNISTON
MONTH: JULY
YEAR: 2023
LATITUDE: 33 35 N
LONGITUDE: 85 51 W
TEMPERATURE IN F: :PCPN: SNOW: WIND :SUNSHINE: SKY :PK WND
================================================================================
1 2 3 4 5 6A 6B 7 8 9 10 11 12 13 14 15 16 17 18
12Z AVG MX 2MIN
DY MAX MIN AVG DEP HDD CDD WTR SNW DPTH SPD SPD DIR MIN PSBL S-S WX SPD DR
================================================================================
1 94 71 83 3 0 18 0.95 0.0 M 3.9 21 260 M M 2 13 30 250
2 92 69 81 1 0 16 T 0.0 0 4.4 13 230 M M 1 13 20 220
3 89 70 80 0 0 15 0.15 0.0 0 3.6 26 340 M M 3 13 42 350
4 90 72 81 1 0 16 0.08 0.0 0 3.1 15 150 M M 4 13 24 160
5 89 72 81 1 0 16 0.00 0.0 0 3.2 13 230 M M 5 13 16 240
6 87 70 79 -1 0 14 0.36 0.0 0 2.7 22 280 M M 3 138 33 270
7 87 71 79 -1 0 14 0.21 0.0 0 4.0 17 70 M M 5 13 24 60
8 88 70 79 -1 0 14 T 0.0 0 6.5 16 240 M M 2 21 240
9 88 71 80 0 0 15 0.60 0.0 0 4.7 29 250 M M 6 13 38 250
10 87 68 78 -2 0 13 0.76 0.0 0 4.0 10 350 M M 6 1 16 20
11 89 66 78 -2 0 13 0.00 0.0 0 1.7 10 290 M M 1 1 15 280
12 91 69 80 0 0 15 0.03 0.0 M 4.4 14 240 M M 2 1 21 260
13 87 72 80 0 0 15 0.00 0.0 0 4.1 14 250 M M 2 3 18 250
14 91 74 83 3 0 18 0.00 0.0 0 3.5 12 230 M M 5 15 230
15 90 73 82 2 0 17 0.00 0.0 0 5.8 20 260 M M 1 29 240
16 91 72 82 2 0 17 0.00 0.0 0 3.4 12 330 M M 3 1 17 340
17 90 68 79 -2 0 14 0.00 0.0 0 1.8 9 360 M M 1 18 13 20
18 92 69 81 0 0 16 0.03 0.0 0 4.3 26 350 M M 1 138 37 340
19 89 70 80 -1 0 15 0.00 0.0 0 2.8 16 340 M M 1 23 10
20 95 74 85 4 0 20 0.00 0.0 M 5.3 16 230 M M 2 3 25 230
21 91 70 81 0 0 16 0.16 0.0 0 5.6 25 270 M M 2 38 40 280
22 86 71 79 -2 0 14 0.14 0.0 0 3.3 12 360 M M 7 13 16 360
23 89 69 79 -2 0 14 0.00 0.0 0 3.1 12 350 M M 3 1 15 300
24 91 65 78 -3 0 13 0.00 0.0 0 1.7 10 300 M M 0 1 21 330
25 93 66 80 -1 0 15 0.00 0.0 0 2.3 10 250 M M 1 14 280
26 94 69 82 1 0 17 0.00 0.0 0 1.6 10 240 M M 1 1 15 270
27 97 69 83 2 0 18 0.00 0.0 0 2.0 10 340 M M 1 13 16 330
28 98 73 86 5 0 21 0.00 0.0 0 3.2 16 10 M M 0 3 24 60
29 96 73 85 4 0 20 0.00 0.0 0 4.3 13 250 M M 1 19 260
30 91 72 82 1 0 17 T 0.0 0 3.5 25 330 M M 1 3 45 300
31 94 71 83 2 0 18 0.00 0.0 0 3.4 14 360 M M 3 12 20 350
================================================================================
SM 2816 2179 0 494 3.47 0.0 111.2 M 76
================================================================================
AV 90.8 70.3 3.6 FASTST M M 2 MAX(MPH)
MISC ----> 29 250 45 300
================================================================================
NOTES:
# LAST OF SEVERAL OCCURRENCES
COLUMN 17 PEAK WIND IN M.P.H.
PRELIMINARY LOCAL CLIMATOLOGICAL DATA (WS FORM: F-6) , PAGE 2
STATION: ANNISTON
MONTH: JULY
YEAR: 2023
LATITUDE: 33 35 N
LONGITUDE: 85 51 W
[TEMPERATURE DATA] [PRECIPITATION DATA] SYMBOLS USED IN COLUMN 16
AVERAGE MONTHLY: 80.6 TOTAL FOR MONTH: 3.47 1 = FOG OR MIST
DPTR FM NORMAL: 0.2 DPTR FM NORMAL: -1.21 2 = FOG REDUCING VISIBILITY
HIGHEST: 98 ON 28 GRTST 24HR 1.36 ON 9-10 TO 1/4 MILE OR LESS
LOWEST: 65 ON 24 3 = THUNDER
SNOW, ICE PELLETS, HAIL 4 = ICE PELLETS
TOTAL MONTH: 0.0 INCH 5 = HAIL
GRTST 24HR 0.0 6 = FREEZING RAIN OR DRIZZLE
GRTST DEPTH: 0 7 = DUSTSTORM OR SANDSTORM:
VSBY 1/2 MILE OR LESS
8 = SMOKE OR HAZE
[NO. OF DAYS WITH] [WEATHER - DAYS WITH] 9 = BLOWING SNOW
X = TORNADO
MAX 32 OR BELOW: 0 0.01 INCH OR MORE: 11
MAX 90 OR ABOVE: 19 0.10 INCH OR MORE: 8
MIN 32 OR BELOW: 0 0.50 INCH OR MORE: 3
MIN 0 OR BELOW: 0 1.00 INCH OR MORE: 0
[HDD (BASE 65) ]
TOTAL THIS MO. 0 CLEAR (SCALE 0-3) 22
DPTR FM NORMAL 0 PTCLDY (SCALE 4-7) 9
TOTAL FM JUL 1 0 CLOUDY (SCALE 8-10) 0
DPTR FM NORMAL 0
[CDD (BASE 65) ]
TOTAL THIS MO. 494
DPTR FM NORMAL 17 [PRESSURE DATA]
TOTAL FM JAN 1 1096 HIGHEST SLP 30.18 ON 25
DPTR FM NORMAL -22 LOWEST SLP 29.83 ON 10
[REMARKS]
#FINAL-07-23#