157
CXUS53 KAPX 011417
CF6ANJ
PRELIMINARY LOCAL CLIMATOLOGICAL DATA (WS FORM: F-6)
STATION: SAULT STE MARIE MI
MONTH: AUGUST
YEAR: 2020
LATITUDE: 46 28 N
LONGITUDE: 84 21 W
TEMPERATURE IN F: :PCPN: SNOW: WIND :SUNSHINE: SKY :PK WND
================================================================================
1 2 3 4 5 6A 6B 7 8 9 10 11 12 13 14 15 16 17 18
12Z AVG MX 2MIN
DY MAX MIN AVG DEP HDD CDD WTR SNW DPTH SPD SPD DIR MIN PSBL S-S WX SPD DR
================================================================================
1 82 58 70 4 0 5 T 0.0 0 2.7 10 140 M M 2 1 15 340
2 79 60 70 4 0 5 0.00 0.0 0 4.6 13 30 M M 2 22 40
3 68 55 62 -4 3 0 0.00 0.0 0 5.2 14 320 M M 8 24 320
4 71 54 63 -3 2 0 0.00 0.0 0 6.8 17 310 M M 5 28 300
5 71 53 62 -4 3 0 T 0.0 0 6.2 16 310 M M 4 25 310
6 81 52 67 1 0 2 0.00 0.0 0 2.9 10 300 M M 3 12 16 310
7 81 57 69 3 0 4 0.00 0.0 0 3.6 14 210 M M 3 12 21 210
8 76 58 67 1 0 2 1.06 0.0 0 4.2 18 210 M M 5 1 27 210
9 85 66 76 10 0 11 0.00 0.0 0 4.1 15 210 M M 7 12 20 220
10 81 65 73 7 0 8 0.19 0.0 0 7.0 15 200 M M 6 13 19 130
11 81 56 69 4 0 4 0.00 0.0 0 6.9 15 220 M M 0 1 23 230
12 84 59 72 7 0 7 0.00 0.0 0 3.8 10 340 M M 0 17 230
13 78 63 71 6 0 6 0.00 0.0 0 2.3 7 60 M M 0 10 110
14 84 60 72 7 0 7 0.00 0.0 0 6.0 17 140 M M 0 24 140
15 82 62 72 7 0 7 0.41 0.0 0 7.2 17 300 M M 5 13 25 330
16 79 60 70 5 0 5 0.00 0.0 0 5.8 14 320 M M 1 22 330
17 73 55 64 -1 1 0 0.00 0.0 0 8.4 20 310 M M 1 33 330
18 69 55 62 -3 3 0 0.00 0.0 0 7.7 17 310 M M 4 26 330
19 73 49 61 -3 4 0 T 0.0 0 4.2 12 220 M M 3 1 16 220
20 74 63 69 5 0 4 0.05 0.0 0 5.6 12 210 M M 9 1 17 200
21 77 60 69 5 0 4 0.00 0.0 0 2.0 9 150 M M 8 12 13 150
22 76 63 70 6 0 5 0.00 0.0 0 3.4 8 160 M M 8 12 12 80
23 79 65 72 8 0 7 0.08 0.0 0 3.8 13 320 M M 6 18 19 310
24 77 64 71 7 0 6 0.00 0.0 0 4.8 13 320 M M 7 12 20 290
25 78 58 68 4 0 3 0.00 0.0 0 6.7 14 310 M M 1 1 23 290
26 66 57 62 -1 3 0 1.57 0.0 0 6.1 14 140 M M 8 13 22 130
27 70 58 64 1 1 0 0.04 0.0 0 8.2 17 290 M M 9 13 27 310
28 70 57 64 1 1 0 0.46 0.0 0 5.7 13 140 M M 8 12 19 110
29 67 56 62 -1 3 0 0.10 0.0 0 10.3 25 300 M M 8 1 41 300
30 70 55 63 1 2 0 0.00 0.0 0 4.1 10 290 M M 3 15 300
31 72 54 63 1 2 0 T 0.0 0 8.7 20 150 M M 7 29 120
================================================================================
SM 2354 1807 28 102 3.96 0.0 169.0 M 141
================================================================================
AV 75.9 58.3 5.5 FASTST M M 5 MAX(MPH)
MISC ----> # 25 300 # 41 300
================================================================================
NOTES:
# LAST OF SEVERAL OCCURRENCES
COLUMN 17 PEAK WIND IN M.P.H.
PRELIMINARY LOCAL CLIMATOLOGICAL DATA (WS FORM: F-6) , PAGE 2
STATION: SAULT STE MARIE MI
MONTH: AUGUST
YEAR: 2020
LATITUDE: 46 28 N
LONGITUDE: 84 21 W
[TEMPERATURE DATA] [PRECIPITATION DATA] SYMBOLS USED IN COLUMN 16
AVERAGE MONTHLY: 67.1 TOTAL FOR MONTH: 3.96 1 = FOG OR MIST
DPTR FM NORMAL: 2.5 DPTR FM NORMAL: 0.79 2 = FOG REDUCING VISIBILITY
HIGHEST: 85 ON 9 GRTST 24HR 1.57 ON 26-26 TO 1/4 MILE OR LESS
LOWEST: 49 ON 19 3 = THUNDER
SNOW, ICE PELLETS, HAIL 4 = ICE PELLETS
TOTAL MONTH: 0.0 INCH 5 = HAIL
GRTST 24HR 0.0 6 = FREEZING RAIN OR DRIZZLE
GRTST DEPTH: 0 7 = DUSTSTORM OR SANDSTORM:
VSBY 1/2 MILE OR LESS
8 = SMOKE OR HAZE
[NO. OF DAYS WITH] [WEATHER - DAYS WITH] 9 = BLOWING SNOW
X = TORNADO
MAX 32 OR BELOW: 0 0.01 INCH OR MORE: 9
MAX 90 OR ABOVE: 0 0.10 INCH OR MORE: 6
MIN 32 OR BELOW: 0 0.50 INCH OR MORE: 2
MIN 0 OR BELOW: 0 1.00 INCH OR MORE: 2
[HDD (BASE 65) ]
TOTAL THIS MO. 28 CLEAR (SCALE 0-3) 10
DPTR FM NORMAL -50 PTCLDY (SCALE 4-7) 18
TOTAL FM JUL 1 36 CLOUDY (SCALE 8-10) 3
DPTR FM NORMAL -111
[CDD (BASE 65) ]
TOTAL THIS MO. 102
DPTR FM NORMAL 37 [PRESSURE DATA]
TOTAL FM JAN 1 369 HIGHEST SLP M ON M
DPTR FM NORMAL 191 LOWEST SLP 29.56 ON 29
[REMARKS]
#FINAL-08-20#