000
CXUS53 KAPX 010607
CLMANJ
CLIMATE REPORT
NATIONAL WEATHER SERVICE
207 AM EDT TUE AUG 01 2023
...................................
...THE SAULT STE MARIE MI CLIMATE SUMMARY FOR THE MONTH OF JULY 2023...
CLIMATE NORMAL PERIOD: 1991 TO 2020
CLIMATE RECORD PERIOD: 1888 TO 2023
WEATHER OBSERVED NORMAL DEPART LAST YEAR`S
VALUE DATE(S) VALUE FROM VALUE
NORMAL
..............................................................
TEMPERATURE (F)
RECORD
HIGH 98 07/03/1921
07/30/1916
LOW 36 07/21/1992
07/11/1985
07/06/1983
HIGHEST 87 07/04 MM MM
LOWEST 51 07/06 MM MM
07/07
AVG. MAXIMUM 76.2 76.8 -0.6
AVG. MINIMUM 55.8 55.2 0.6
MEAN 66.0 66.0 0.0
DAYS MAX <= 32 0 0.0 0.0
DAYS MIN <= 0 0 0.0 0.0
DAYS MIN <= -20 0
PRECIPITATION (INCHES)
TOTALS 4.01 3.07 0.94
DAYS >= .01 12 11.3 0.7
DAYS >= .10 9 6.4 2.6
DAYS >= .50 3 2.0 1.0
DAYS >= 1.00 1 0.6 0.4
GREATEST
24 HR. TOTAL 1.13 07/20 TO 07/20
SNOWFALL (INCHES)
RECORDS
TOTAL MM MM
TOTALS 0.0 0.0 0.0 MM
DAYS >= TRACE 0 0.0 MM
GREATEST
SNOW DEPTH 0 MM
DEGREE DAYS
HEATING TOTAL 23 60 -37
SINCE 7/1 23 60 -37
COOLING TOTAL 64 91 -27
SINCE 1/1 161 131 30
..............................................................
WIND (MPH)
AVERAGE WIND SPEED 4.9
HIGHEST WIND SPEED/DIRECTION 25/290 DATE 07/10
HIGHEST GUST SPEED/DIRECTION 43/290 DATE 07/10
SKY COVER
AVERAGE SKY COVER 0.28
AVERAGE RH (PERCENT) 76
- INDICATES NEGATIVE NUMBERS.
R INDICATES RECORD WAS SET OR TIED.
MM INDICATES DATA IS MISSING.
T INDICATES TRACE AMOUNT.
$$