000
CXUS53 KIWX 010910
CF6AOH
PRELIMINARY LOCAL CLIMATOLOGICAL DATA (WS FORM: F-6)
STATION: LIMA
MONTH: JANUARY
YEAR: 2024
LATITUDE: 40 42 N
LONGITUDE: 84 1 W
TEMPERATURE IN F: :PCPN: SNOW: WIND :SUNSHINE: SKY :PK WND
================================================================================
1 2 3 4 5 6A 6B 7 8 9 10 11 12 13 14 15 16 17 18
12Z AVG MX 2MIN
DY MAX MIN AVG DEP HDD CDD WTR SNW DPTH SPD SPD DIR MIN PSBL S-S WX SPD DR
================================================================================
1 34 32 33 5 32 0 0.01 M M 8.8 15 360 M M 10 1 21 280
2 33 29 31 3 34 0 0.00 M M 13.0 21 240 M M 8 28 240
3 37 28 33 5 32 0 T M M 9.4 14 280 M M 9 18 19 260
4 33 18 26 -2 39 0 0.00 0.0 0 7.2 16 360 M M 8 1 22 350
5 36 17 27 -1 38 0 0.00 0.0 0 6.2 10 80 M M 0 15 100
6 32 29 31 3 34 0 0.04 M M 6.1 13 110 M M 9 18 19 110
7 34 31 33 5 32 0 0.03 M M 13.1 23 270 M M 10 128 30 260
8 38 31 35 7 30 0 0.00 M M 8.1 18 150 M M 7 23 150
9 49 34 42 15 23 0 1.16 M M 13.7 30 230 M M 10 1 39 240
10 40 33 37 10 28 0 T M M 19.3 32 230 M M 10 1 44 260
11 36 26 31 4 34 0 T M M 12.7 29 250 M M 8 1 37 250
12 46 28 37 10 28 0 0.84 M M 17.1 32 230 M M 7 1 41 230
13 38 20 29 2 36 0 T M M 26.1 39 240 M M 9 18 52 240
14 20 -1 10 -17 55 0 T M M 19.4 33 250 M M 6 18 44 260
15 9 -3 3 -24 62 0 0.00 M M 8.2 15 260 M M 2 8 18 250
16 10 4 7 -20 58 0 T M M 13.9 22 240 M M 5 18 29 250
17 24 2 13 -14 52 0 0.00 M M 14.5 25 230 M M 3 36 220
18 26 21 24 -3 41 0 T M M 5.7 16 220 M M 10 18 22 230
19 23 12 18 -9 47 0 0.05 M M 11.2 22 310 M M 10 18 27 300
20 16 2 9 -18 56 0 T M M 13.4 18 260 M M 9 18 23 250
21 22 10 16 -11 49 0 T M M 7.8 13 200 M M 4 1 16 200
22 39 14 27 0 38 0 T M M 12.7 25 230 M M 7 35 220
23 42 33 38 11 27 0 0.23 M M 8.3 16 160 M M 9 1 22 170
24 52 39 46 19 19 0 0.20 M M 8.8 14 170 M M 10 12 18 170
25 51 43 47 20 18 0 0.25 M M 4.4 14 80 M M 10 12 19 80
26 47 37 42 15 23 0 0.04 0.0 M 10.0 25 250 M M 10 1 35 260
27 42 37 40 13 25 0 0.29 M M 6.9 21 40 M M 10 12 30 40
28 39 34 37 10 28 0 0.17 M M 14.8 29 40 M M 10 1 39 30
29 36 32 34 7 31 0 0.00 M M 10.8 16 200 M M 10 18 23 210
30 35 31 33 6 32 0 0.10 M M 10.1 22 170 M M 10 1 31 180
31 40 31 36 9 29 0 0.00 0.0 M 7.8 18 230 M M 10 12 26 230
================================================================================
SM 1059 734 1110 0 3.41 0.0 349.5 M 250
================================================================================
AV 34.2 23.7 11.3 FASTST M M 8 MAX(MPH)
MISC ----> 39 240 52 240
================================================================================
NOTES:
# LAST OF SEVERAL OCCURRENCES
COLUMN 17 PEAK WIND IN M.P.H.
PRELIMINARY LOCAL CLIMATOLOGICAL DATA (WS FORM: F-6) , PAGE 2
STATION: LIMA
MONTH: JANUARY
YEAR: 2024
LATITUDE: 40 42 N
LONGITUDE: 84 1 W
[TEMPERATURE DATA] [PRECIPITATION DATA] SYMBOLS USED IN COLUMN 16
AVERAGE MONTHLY: 28.9 TOTAL FOR MONTH: 3.41 1 = FOG OR MIST
DPTR FM NORMAL: 1.8 DPTR FM NORMAL: 1.18 2 = FOG REDUCING VISIBILITY
HIGHEST: 52 ON 24 GRTST 24HR 1.16 ON 9- 9 TO 1/4 MILE OR LESS
LOWEST: -3 ON 15 3 = THUNDER
SNOW, ICE PELLETS, HAIL 4 = ICE PELLETS
TOTAL MONTH: 0.0 INCH 5 = HAIL
GRTST 24HR 0.0 6 = FREEZING RAIN OR DRIZZLE
GRTST DEPTH: 0 7 = DUSTSTORM OR SANDSTORM:
VSBY 1/2 MILE OR LESS
8 = SMOKE OR HAZE
[NO. OF DAYS WITH] [WEATHER - DAYS WITH] 9 = BLOWING SNOW
X = TORNADO
MAX 32 OR BELOW: 9 0.01 INCH OR MORE: 13
MAX 90 OR ABOVE: 0 0.10 INCH OR MORE: 8
MIN 32 OR BELOW: 23 0.50 INCH OR MORE: 2
MIN 0 OR BELOW: 2 1.00 INCH OR MORE: 1
[HDD (BASE 65) ]
TOTAL THIS MO. 1110 CLEAR (SCALE 0-3) 2
DPTR FM NORMAL -65 PTCLDY (SCALE 4-7) 9
TOTAL FM JUL 1 2877 CLOUDY (SCALE 8-10) 20
DPTR FM NORMAL -470
[CDD (BASE 65) ]
TOTAL THIS MO. 0
DPTR FM NORMAL 0 [PRESSURE DATA]
TOTAL FM JAN 1 0 HIGHEST SLP M ON M
DPTR FM NORMAL 0 LOWEST SLP 28.93 ON 9
[REMARKS]
#FINAL-01-24#