000
CXUS53 KIWX 010910
CF6AOH
PRELIMINARY LOCAL CLIMATOLOGICAL DATA (WS FORM: F-6)
STATION: LIMA
MONTH: NOVEMBER
YEAR: 2023
LATITUDE: 40 42 N
LONGITUDE: 84 1 W
TEMPERATURE IN F: :PCPN: SNOW: WIND :SUNSHINE: SKY :PK WND
================================================================================
1 2 3 4 5 6A 6B 7 8 9 10 11 12 13 14 15 16 17 18
12Z AVG MX 2MIN
DY MAX MIN AVG DEP HDD CDD WTR SNW DPTH SPD SPD DIR MIN PSBL S-S WX SPD DR
================================================================================
1 43 26 35 -13 30 0 0.00 M M 7.8 16 290 M M 5 1 20 290
2 52 30 41 -6 24 0 0.00 M M 10.4 22 220 M M 1 32 220
3 62 41 52 5 13 0 0.00 M M 12.5 24 210 M M 1 34 200
4 64 44 54 8 11 0 T M M 8.1 15 260 M M 4 22 250
5 58 38 48 2 17 0 0.00 M M 4.4 10 300 M M 2 12 15 320
6 69 41 55 9 10 0 0.02 M M 12.3 22 210 M M 5 33 210
7 62 41 52 7 13 0 0.00 M M 8.8 16 250 M M 1 22 260
8 73 40 57 12 8 0 0.00 M M 13.8 30 250 M M 5 39 230
9 69 45 57 13 8 0 T M M 12.5 25 300 M M 5 1 33 260
10 58 33 46 2 19 0 0.00 M M 9.9 25 270 M M 0 32 260
11 50 31 41 -3 24 0 0.00 M M 5.2 10 10 M M 3 14 10
12 55 30 43 0 22 0 0.00 M M 6.7 14 120 M M 0 19 130
13 63 35 49 6 16 0 0.00 M M 10.2 21 300 M M 0 27 290
14 60 27 44 2 21 0 0.00 M M 4.4 10 150 M M 0 14 170
15 63 37 50 8 15 0 0.00 M M 9.0 17 240 M M 0 23 240
16 67 39 53 11 12 0 0.00 M M 8.3 18 200 M M 2 28 190
17 62 36 49 8 16 0 0.63 M M 9.8 21 350 M M 9 1 27 340
18 48 27 38 -3 27 0 0.00 M M 5.3 14 260 M M 0 12 20 220
19 54 32 43 3 22 0 0.00 M M 5.1 8 90 M M 0 14 220
20 45 33 39 -1 26 0 0.02 M M 12.1 18 70 M M 3 26 60
21 52 40 46 6 19 0 0.44 M M 13.8 24 270 M M 10 1 31 280
22 47 36 42 3 23 0 0.01 M M 10.7 17 310 M M 9 1 25 320
23 50 30 40 1 25 0 0.00 M M 9.1 18 230 M M 2 25 240
24 38 25 32 -7 33 0 0.00 M M 9.2 16 10 M M 3 26 20
25 38 20 29 -9 36 0 0.00 M M 4.3 12 120 M M 0 16 120
26 41 24 33 -5 32 0 0.18 M M 10.5 26 280 M M 7 1 37 270
27 33 20 27 -11 38 0 T M M 18.7 32 270 M M 9 45 280
28 25 18 22 -15 43 0 T M M 13.2 23 290 M M 7 32 270
29 41 17 29 -8 36 0 0.00 M M 12.2 24 230 M M 1 31 230
30 55 34 45 8 20 0 0.00 M M 11.8 20 190 M M 3 32 170
================================================================================
SM 1597 970 659 0 1.30 M 290.1 M 97
================================================================================
AV 53.2 32.3 9.7 FASTST M M 3 MAX(MPH)
MISC ----> 32 270 45 280
================================================================================
NOTES:
# LAST OF SEVERAL OCCURRENCES
COLUMN 17 PEAK WIND IN M.P.H.
PRELIMINARY LOCAL CLIMATOLOGICAL DATA (WS FORM: F-6) , PAGE 2
STATION: LIMA
MONTH: NOVEMBER
YEAR: 2023
LATITUDE: 40 42 N
LONGITUDE: 84 1 W
[TEMPERATURE DATA] [PRECIPITATION DATA] SYMBOLS USED IN COLUMN 16
AVERAGE MONTHLY: 42.8 TOTAL FOR MONTH: 1.30 1 = FOG OR MIST
DPTR FM NORMAL: 0.9 DPTR FM NORMAL: -1.51 2 = FOG REDUCING VISIBILITY
HIGHEST: 73 ON 8 GRTST 24HR 0.63 ON 17-17 TO 1/4 MILE OR LESS
LOWEST: 17 ON 29 3 = THUNDER
SNOW, ICE PELLETS, HAIL 4 = ICE PELLETS
TOTAL MONTH: M 5 = HAIL
GRTST 24HR M ON M 6 = FREEZING RAIN OR DRIZZLE
GRTST DEPTH: M ON M 7 = DUSTSTORM OR SANDSTORM:
VSBY 1/2 MILE OR LESS
8 = SMOKE OR HAZE
[NO. OF DAYS WITH] [WEATHER - DAYS WITH] 9 = BLOWING SNOW
X = TORNADO
MAX 32 OR BELOW: 1 0.01 INCH OR MORE: 6
MAX 90 OR ABOVE: 0 0.10 INCH OR MORE: 3
MIN 32 OR BELOW: 14 0.50 INCH OR MORE: 1
MIN 0 OR BELOW: 0 1.00 INCH OR MORE: 0
[HDD (BASE 65) ]
TOTAL THIS MO. 659 CLEAR (SCALE 0-3) 18
DPTR FM NORMAL -34 PTCLDY (SCALE 4-7) 8
TOTAL FM JUL 1 1036 CLOUDY (SCALE 8-10) 4
DPTR FM NORMAL -121
[CDD (BASE 65) ]
TOTAL THIS MO. 0
DPTR FM NORMAL 0 [PRESSURE DATA]
TOTAL FM JAN 1 803 HIGHEST SLP M ON M
DPTR FM NORMAL -43 LOWEST SLP 29.63 ON 8
[REMARKS]
#FINAL-11-23#