000
CXUS55 KBOU 010900
CF6APA
PRELIMINARY LOCAL CLIMATOLOGICAL DATA (WS FORM: F-6)
STATION: CENTENNIAL CO
MONTH: AUGUST
YEAR: 2023
LATITUDE: 39 33 N
LONGITUDE: 104 51 W
TEMPERATURE IN F: :PCPN: SNOW: WIND :SUNSHINE: SKY :PK WND
================================================================================
1 2 3 4 5 6A 6B 7 8 9 10 11 12 13 14 15 16 17 18
12Z AVG MX 2MIN
DY MAX MIN AVG DEP HDD CDD WTR SNW DPTH SPD SPD DIR MIN PSBL S-S WX SPD DR
================================================================================
1 86 61 74 1 0 9 0.47 M M 7.2 28 210 M M 7 35 43 220
2 82 60 71 -2 0 6 0.16 M M 7.9 30 240 M M 5 13 40 260
3 84 59 72 -1 0 7 0.02 M M 5.4 24 160 M M 5 3 33 160
4 85 58 72 -1 0 7 0.00 M M 4.7 16 140 M M 2 21 140
5 83 57 70 -2 0 5 T M M 5.8 21 30 M M 4 3 32 30
6 65 56 61 -11 4 0 0.19 M M 7.1 23 200 M M 9 135 33 200
7 81 52 67 -5 0 2 T M M 6.7 22 210 M M 5 3 29 200
8 82 56 69 -3 0 4 0.03 M M 9.0 18 190 M M 5 3 25 200
9 79 53 66 -6 0 1 0.00 M M 6.4 13 10 M M 2 18 60
10 86 60 73 1 0 8 T M M 8.2 25 20 M M 5 34 360
11 87 59 73 1 0 8 0.01 M M 8.6 40 210 M M 5 3 52 220
12 79 66 73 1 0 8 0.00 M M 9.7 20 210 M M 7 27 200
13 71 58 65 -6 0 0 0.00 M M 7.7 20 350 M M 7 28 30
14 77 54 66 -5 0 1 0.00 M M 4.9 14 150 M M 4 19 150
15 90 54 72 1 0 7 0.00 M M 6.7 13 170 M M 1 20 60
16 95 64 80 9 0 15 0.00 M M 9.4 23 210 M M 3 3 34 210
17 90 62 76 5 0 11 0.00 M M 10.7 28 170 M M 3 37 160
18 93 64 79 8 0 14 0.02 M M 7.5 24 240 M M 4 3 32 240
19 94 60 77 7 0 12 0.02 M M 7.0 23 350 M M 4 3 32 340
20 93 57 75 5 0 10 0.00 M M 11.7 31 160 M M 5 41 170
21 94 62 78 8 0 13 0.00 M M 14.4 25 170 M M 1 36 170
22 93 63 78 8 0 13 0.00 M M 13.3 24 170 M M 3 34 180
23 92 64 78 8 0 13 0.00 M M 6.9 17 270 M M 5 27 100
24 90 63 77 7 0 12 T M M 6.1 22 360 M M 5 3 30 360
25 71 57 64 -5 1 0 0.46 M M 8.4 17 350 M M 9 1 22 340
26 79 56 68 -1 0 3 T M M 5.2 13 250 M M 8 16 250
27 87 57 72 3 0 7 0.36 M M 6.8 31 360 M M 5 13 39 360
28 78 55 67 -2 0 2 T M M 7.2 26 40 M M 6 13 43 10
29 81 52 67 -1 0 2 0.00 M M 5.0 14 180 M M 2 21 190
30 91 60 76 8 0 11 0.00 M M 9.6 20 170 M M 2 29 170
31 93 59 76 8 0 11 0.00 M M 7.0 18 190 M M 2 27 190
================================================================================
SM 2631 1818 5 222 1.74 M 242.2 M 140
================================================================================
AV 84.9 58.6 7.8 FASTST M M 5 MAX(MPH)
MISC ----> 40 210 52 220
================================================================================
NOTES:
# LAST OF SEVERAL OCCURRENCES
COLUMN 17 PEAK WIND IN M.P.H.
PRELIMINARY LOCAL CLIMATOLOGICAL DATA (WS FORM: F-6) , PAGE 2
STATION: CENTENNIAL CO
MONTH: AUGUST
YEAR: 2023
LATITUDE: 39 33 N
LONGITUDE: 104 51 W
[TEMPERATURE DATA] [PRECIPITATION DATA] SYMBOLS USED IN COLUMN 16
AVERAGE MONTHLY: 71.8 TOTAL FOR MONTH: 1.74 1 = FOG OR MIST
DPTR FM NORMAL: 1.0 DPTR FM NORMAL: -0.51 2 = FOG REDUCING VISIBILITY
HIGHEST: 95 ON 16 GRTST 24HR 1.12 ON 31- 1 TO 1/4 MILE OR LESS
LOWEST: 52 ON 29, 7 3 = THUNDER
SNOW, ICE PELLETS, HAIL 4 = ICE PELLETS
TOTAL MONTH: M 5 = HAIL
GRTST 24HR M ON M 6 = FREEZING RAIN OR DRIZZLE
GRTST DEPTH: M ON M 7 = DUSTSTORM OR SANDSTORM:
VSBY 1/2 MILE OR LESS
8 = SMOKE OR HAZE
[NO. OF DAYS WITH] [WEATHER - DAYS WITH] 9 = BLOWING SNOW
X = TORNADO
MAX 32 OR BELOW: 0 0.01 INCH OR MORE: 10
MAX 90 OR ABOVE: 12 0.10 INCH OR MORE: 5
MIN 32 OR BELOW: 0 0.50 INCH OR MORE: 0
MIN 0 OR BELOW: 0 1.00 INCH OR MORE: 0
[HDD (BASE 65) ]
TOTAL THIS MO. 5 CLEAR (SCALE 0-3) 8
DPTR FM NORMAL -9 PTCLDY (SCALE 4-7) 21
TOTAL FM JUL 1 14 CLOUDY (SCALE 8-10) 2
DPTR FM NORMAL 1
[CDD (BASE 65) ]
TOTAL THIS MO. 222
DPTR FM NORMAL 30 [PRESSURE DATA]
TOTAL FM JAN 1 495 HIGHEST SLP M ON M
DPTR FM NORMAL -77 LOWEST SLP 29.73 ON 31
[REMARKS]
#FINAL-08-23#