000
CXUS53 KAPX 010830
CF6APN
PRELIMINARY LOCAL CLIMATOLOGICAL DATA (WS FORM: F-6)
STATION: ALPENA MI
MONTH: DECEMBER
YEAR: 2022
LATITUDE: 45 4 N
LONGITUDE: 83 34 W
TEMPERATURE IN F: :PCPN: SNOW: WIND :SUNSHINE: SKY :PK WND
================================================================================
1 2 3 4 5 6A 6B 7 8 9 10 11 12 13 14 15 16 17 18
12Z AVG MX 2MIN
DY MAX MIN AVG DEP HDD CDD WTR SNW DPTH SPD SPD DIR MIN PSBL S-S WX SPD DR
================================================================================
1 32 22 27 -4 38 0 T T T 9.3 20 260 M M 8 31 270
2 44 29 37 6 28 0 0.00 0.0 0 10.1 20 170 M M 9 25 170
3 46 24 35 4 30 0 0.06 T 0 11.7 24 310 M M 10 1 43 320
4 35 20 28 -2 37 0 0.00 0.0 0 9.4 17 220 M M 1 28 240
5 38 30 34 4 31 0 0.06 1.2 0 7.9 16 200 M M 5 1 23 210
6 37 31 34 4 31 0 0.08 2.2 3 3.1 9 80 M M 10 1 14 90
7 40 30 35 6 30 0 0.02 T T 3.5 15 320 M M 10 1 25 320
8 30 15 23 -6 42 0 0.00 0.0 0 4.2 15 320 M M 8 20 320
9 32 15 24 -5 41 0 T T 0 7.4 14 70 M M 9 1 24 80
10 32 31 32 4 33 0 0.00 0.0 0 8.1 17 100 M M 10 1 25 110
11 34 29 32 4 33 0 0.06 1.0 1 4.4 10 340 M M 10 1 15 350
12 31 27 29 1 36 0 0.00 0.0 1 3.5 8 340 M M 10 11 30
13 33 27 30 3 35 0 0.00 0.0 1 6.4 13 90 M M 10 19 110
14 36 33 35 8 30 0 0.00 0.0 T 14.0 25 120 M M 5 39 110
15 39 34 37 10 28 0 0.46 0.5 T 14.4 30 110 M M 8 1 47 100
16 35 30 33 7 32 0 0.02 0.4 T 6.9 13 170 M M 10 1 18 180
17 33 25 29 3 36 0 0.01 0.1 T 6.4 15 190 M M 9 1 21 190
18 34 24 29 3 36 0 0.02 0.2 T 8.1 21 260 M M 10 18 33 270
19 28 26 27 1 38 0 T T T 6.2 14 310 M M 10 1 23 330
20 32 23 28 3 37 0 0.04 0.4 1 8.3 17 230 M M 8 1 29 210
21 23 12 18 -7 47 0 T T 1 4.7 14 260 M M 6 21 250
22 40 17 29 4 36 0 0.31 0.7 1 7.6 17 140 M M 10 1 26 120
23 33 14 24 0 41 0 0.31 2.5 3 13.5 26 260 M M 10 1 49 270
24 21 17 19 -5 46 0 0.07 0.4 3 14.0 24 270 M M 10 12 44 260
25 23 17 20 -4 45 0 T T 3 11.2 18 280 M M 8 32 280
26 24 16 20 -4 45 0 T T 3 7.4 13 270 M M 9 21 320
27 25 19 22 -2 43 0 0.00 0.0 3 9.3 17 180 M M 8 24 180
28 40 24 32 9 33 0 T 0.0 2 9.5 17 180 M M 5 23 170
29 49 33 41 18 24 0 0.00 0.0 2 9.0 15 200 M M 5 24 190
30 56 38 47 24 18 0 0.00 0.0 T 7.8 22 230 M M 8 1 38 240
31 38 34 36 14 29 0 0.00 0.0 T 1.9 7 300 M M 10 1 11 320
================================================================================
SM 1073 766 1089 0 1.52 9.6 249.2 M 259
================================================================================
AV 34.6 24.7 8.0 FASTST M M 8 MAX(MPH)
MISC ----> 30 110 49 270
================================================================================
NOTES:
# LAST OF SEVERAL OCCURRENCES
COLUMN 17 PEAK WIND IN M.P.H.
PRELIMINARY LOCAL CLIMATOLOGICAL DATA (WS FORM: F-6) , PAGE 2
STATION: ALPENA MI
MONTH: DECEMBER
YEAR: 2022
LATITUDE: 45 4 N
LONGITUDE: 83 34 W
[TEMPERATURE DATA] [PRECIPITATION DATA] SYMBOLS USED IN COLUMN 16
AVERAGE MONTHLY: 29.7 TOTAL FOR MONTH: 1.52 1 = FOG OR MIST
DPTR FM NORMAL: 3.1 DPTR FM NORMAL: -0.35 2 = FOG REDUCING VISIBILITY
HIGHEST: 56 ON 30 GRTST 24HR 0.62 ON 22-23 TO 1/4 MILE OR LESS
LOWEST: 12 ON 21 3 = THUNDER
SNOW, ICE PELLETS, HAIL 4 = ICE PELLETS
TOTAL MONTH: 9.6 INCHES 5 = HAIL
GRTST 24HR 2.5 ON 23-23 6 = FREEZING RAIN OR DRIZZLE
GRTST DEPTH: 3 ON 27,26 7 = DUSTSTORM OR SANDSTORM:
VSBY 1/2 MILE OR LESS
8 = SMOKE OR HAZE
[NO. OF DAYS WITH] [WEATHER - DAYS WITH] 9 = BLOWING SNOW
X = TORNADO
MAX 32 OR BELOW: 12 0.01 INCH OR MORE: 13
MAX 90 OR ABOVE: 0 0.10 INCH OR MORE: 3
MIN 32 OR BELOW: 26 0.50 INCH OR MORE: 0
MIN 0 OR BELOW: 0 1.00 INCH OR MORE: 0
[HDD (BASE 65) ]
TOTAL THIS MO. 1089 CLEAR (SCALE 0-3) 1
DPTR FM NORMAL -101 PTCLDY (SCALE 4-7) 11
TOTAL FM JUL 1 2595 CLOUDY (SCALE 8-10) 19
DPTR FM NORMAL -293
[CDD (BASE 65) ]
TOTAL THIS MO. 0
DPTR FM NORMAL 0 [PRESSURE DATA]
TOTAL FM JAN 1 398 HIGHEST SLP 30.50 ON 8
DPTR FM NORMAL 47 LOWEST SLP 29.05 ON 23
[REMARKS]
#FINAL-12-22#