000
CXUS53 KAPX 010730
CF6APN
PRELIMINARY LOCAL CLIMATOLOGICAL DATA (WS FORM: F-6)
STATION: ALPENA MI
MONTH: OCTOBER
YEAR: 2022
LATITUDE: 45 4 N
LONGITUDE: 83 34 W
TEMPERATURE IN F: :PCPN: SNOW: WIND :SUNSHINE: SKY :PK WND
================================================================================
1 2 3 4 5 6A 6B 7 8 9 10 11 12 13 14 15 16 17 18
12Z AVG MX 2MIN
DY MAX MIN AVG DEP HDD CDD WTR SNW DPTH SPD SPD DIR MIN PSBL S-S WX SPD DR
================================================================================
1 69 35 52 -1 13 0 0.00 0.0 0 6.2 14 50 M M 1 22 50
2 57 32 45 -8 20 0 0.00 0.0 0 5.8 15 80 M M 1 21 90
3 65 28 47 -5 18 0 0.00 0.0 0 2.4 9 120 M M 0 12 120
4 73 36 55 3 10 0 0.00 0.0 0 1.5 10 100 M M 1 13 90
5 76 42 59 7 6 0 0.00 0.0 0 3.8 13 210 M M 2 19 220
6 66 42 54 3 11 0 0.61 0.0 0 7.8 20 340 M M 7 1 29 340
7 46 38 42 -9 23 0 0.12 0.0 0 9.9 20 340 M M 9 1 28 360
8 56 32 44 -6 21 0 0.00 0.0 0 9.1 21 250 M M 6 33 230
9 58 33 46 -4 19 0 0.00 0.0 0 5.1 15 350 M M 2 21 350
10 56 32 44 -6 21 0 0.00 0.0 0 3.0 13 100 M M 0 17 120
11 74 30 52 3 13 0 0.00 0.0 0 6.1 18 200 M M 2 32 180
12 68 44 56 7 9 0 0.15 0.0 0 12.9 21 190 M M 8 38 190
13 55 32 44 -4 21 0 0.01 0.0 0 6.6 20 250 M M 5 1 33 240
14 51 30 41 -7 24 0 T 0.0 0 8.5 20 200 M M 6 29 190
15 51 39 45 -3 20 0 T 0.0 0 9.6 22 240 M M 9 34 260
16 52 42 47 0 18 0 0.04 0.0 0 5.2 13 250 M M 8 19 250
17 42 39 41 -6 24 0 1.30 0.0 0 14.4 26 340 M M 10 1 39 350
18 46 33 40 -7 25 0 0.60 0.4 T 11.2 21 330 M M 10 1 31 310
19 39 33 36 -10 29 0 0.32 T 0 9.1 20 340 M M 10 1 30 330
20 45 32 39 -7 26 0 0.10 T 0 5.5 12 220 M M 8 1 17 300
21 66 33 50 4 15 0 0.00 0.0 0 8.9 22 190 M M 0 31 210
22 75 44 60 15 5 0 0.00 0.0 0 7.9 18 170 M M 0 25 170
23 75 43 59 14 6 0 0.00 0.0 0 9.0 24 160 M M 0 32 160
24 77 53 65 21 0 0 0.01 0.0 0 10.1 23 180 M M 2 37 170
25 72 51 62 18 3 0 0.06 0.0 0 7.2 18 180 M M 4 1 29 180
26 56 35 46 2 19 0 0.46 0.0 0 9.8 20 320 M M 8 1 33 300
27 51 27 39 -4 26 0 0.00 0.0 0 3.4 10 120 M M 1 14 230
28 56 27 42 -1 23 0 0.00 0.0 0 4.3 15 120 M M 1 20 170
29 65 27 46 3 19 0 0.00 0.0 0 3.1 13 180 M M 0 1 19 210
30 62 27 45 3 20 0 0.00 0.0 0 1.2 8 90 M M 0 12 10 150
31 64 35 50 8 15 0 0.00 0.0 0 2.1 10 130 M M 2 12 12 120
================================================================================
SM 1864 1106 522 0 3.78 0.4 210.7 M 123
================================================================================
AV 60.1 35.7 6.8 FASTST M M 4 MAX(MPH)
MISC ----> 26 340 39 350
================================================================================
NOTES:
# LAST OF SEVERAL OCCURRENCES
COLUMN 17 PEAK WIND IN M.P.H.
PRELIMINARY LOCAL CLIMATOLOGICAL DATA (WS FORM: F-6) , PAGE 2
STATION: ALPENA MI
MONTH: OCTOBER
YEAR: 2022
LATITUDE: 45 4 N
LONGITUDE: 83 34 W
[TEMPERATURE DATA] [PRECIPITATION DATA] SYMBOLS USED IN COLUMN 16
AVERAGE MONTHLY: 47.9 TOTAL FOR MONTH: 3.78 1 = FOG OR MIST
DPTR FM NORMAL: 0.5 DPTR FM NORMAL: 0.77 2 = FOG REDUCING VISIBILITY
HIGHEST: 77 ON 24 GRTST 24HR 1.34 ON 16-17 TO 1/4 MILE OR LESS
LOWEST: 27 ON 30,29 3 = THUNDER
SNOW, ICE PELLETS, HAIL 4 = ICE PELLETS
TOTAL MONTH: 0.4 INCH 5 = HAIL
GRTST 24HR 0.4 ON 18-18 6 = FREEZING RAIN OR DRIZZLE
GRTST DEPTH: T 7 = DUSTSTORM OR SANDSTORM:
VSBY 1/2 MILE OR LESS
8 = SMOKE OR HAZE
[NO. OF DAYS WITH] [WEATHER - DAYS WITH] 9 = BLOWING SNOW
X = TORNADO
MAX 32 OR BELOW: 0 0.01 INCH OR MORE: 12
MAX 90 OR ABOVE: 0 0.10 INCH OR MORE: 8
MIN 32 OR BELOW: 12 0.50 INCH OR MORE: 3
MIN 0 OR BELOW: 0 1.00 INCH OR MORE: 1
[HDD (BASE 65) ]
TOTAL THIS MO. 522 CLEAR (SCALE 0-3) 17
DPTR FM NORMAL -27 PTCLDY (SCALE 4-7) 6
TOTAL FM JUL 1 738 CLOUDY (SCALE 8-10) 8
DPTR FM NORMAL -108
[CDD (BASE 65) ]
TOTAL THIS MO. 0
DPTR FM NORMAL -3 [PRESSURE DATA]
TOTAL FM JAN 1 395 HIGHEST SLP 30.53 ON 28
DPTR FM NORMAL 44 LOWEST SLP 29.49 ON 13
[REMARKS]
#FINAL-10-22#