000
CXUS53 KAPX 010631
CF6APN
PRELIMINARY LOCAL CLIMATOLOGICAL DATA (WS FORM: F-6)
STATION: ALPENA MI
MONTH: MARCH
YEAR: 2020
LATITUDE: 45 4 N
LONGITUDE: 83 34 W
TEMPERATURE IN F: :PCPN: SNOW: WIND :SUNSHINE: SKY :PK WND
================================================================================
1 2 3 4 5 6A 6B 7 8 9 10 11 12 13 14 15 16 17 18
12Z AVG MX 2MIN
DY MAX MIN AVG DEP HDD CDD WTR SNW DPTH SPD SPD DIR MIN PSBL S-S WX SPD DR
================================================================================
1 43 5 24 1 41 0 0.00 0.0 10 7.8 26 180 M M 4 33 170
2 45 22 34 10 31 0 0.00 0.0 9 4.5 15 320 M M 2 23 290
3 43 17 30 6 35 0 0.03 0.4 8 2.8 13 280 M M 8 1 22 300
4 35 25 30 6 35 0 T T 7 6.7 17 310 M M 8 1 29 290
5 38 13 26 2 39 0 0.16 2.0 7 9.9 21 120 M M 6 1 27 120
6 33 13 23 -2 42 0 0.19 2.9 11 13.7 26 20 M M 8 18 35 30
7 45 0 23 -2 42 0 0.00 0.0 11 5.4 18 180 M M 0 25 170
8 57 20 39 13 26 0 0.00 0.0 10 7.4 17 190 M M 1 26 180
9 55 44 50 24 15 0 0.28 0.0 7 8.1 17 210 M M 6 1 25 220
10 44 25 35 9 30 0 0.25 T 5 11.0 25 320 M M 5 1 36 320
11 38 26 32 5 33 0 0.13 1.8 6 4.6 10 160 M M 10 1 14 160
12 45 29 37 10 28 0 0.09 0.0 5 9.5 20 160 M M 9 1 25 160
13 44 30 37 10 28 0 0.04 0.0 3 16.1 25 260 M M 8 1 44 260
14 34 25 30 2 35 0 0.00 0.0 1 9.2 18 320 M M 6 30 320
15 31 17 24 -4 41 0 0.00 0.0 T 5.9 14 60 M M 0 18 40
16 43 15 29 1 36 0 0.00 0.0 T 6.3 18 190 M M 5 24 170
17 43 22 33 4 32 0 0.01 T T 8.2 21 260 M M 4 18 36 280
18 36 20 28 -1 37 0 0.01 T T 5.2 15 180 M M 8 1 21 190
19 43 24 34 4 31 0 0.48 0.0 T 8.1 17 130 M M 5 1 25 130
20 40 20 30 0 35 0 0.16 0.2 T 11.3 28 320 M M 9 18 39 330
21 29 13 21 -10 44 0 T T T 6.5 15 360 M M 3 20 350
22 36 10 23 -8 42 0 0.00 0.0 T 7.3 21 140 M M 3 27 130
23 48 25 37 6 28 0 0.00 0.0 T 2.7 16 10 M M 2 21 70
24 44 26 35 3 30 0 0.00 0.0 T 4.6 14 110 M M 8 1 20 130
25 50 31 41 9 24 0 0.08 0.0 T 4.7 13 100 M M 10 1 16 160
26 42 31 37 4 28 0 0.26 0.0 T 3.9 13 350 M M 10 1 16 340
27 47 30 39 6 26 0 0.00 0.0 T 5.4 15 150 M M 4 20 120
28 44 30 37 3 28 0 0.08 0.0 0 6.4 18 100 M M 9 1 27 100
29 59 38 49 15 16 0 0.47 0.0 0 9.5 21 90 M M 10 12 31 100
30 41 36 39 5 26 0 0.01 0.0 0 10.5 17 10 M M 9 1 23 330
31 40 34 37 2 28 0 T 0.0 0 9.0 14 20 M M 10 1 18 30
================================================================================
SM 1315 716 992 0 2.73 7.3 232.2 M 190
================================================================================
AV 42.4 23.1 7.5 FASTST M M 6 MAX(MPH)
MISC ----> # 28 320 # 44 260
================================================================================
NOTES:
# LAST OF SEVERAL OCCURRENCES
COLUMN 17 PEAK WIND IN M.P.H.
PRELIMINARY LOCAL CLIMATOLOGICAL DATA (WS FORM: F-6) , PAGE 2
STATION: ALPENA MI
MONTH: MARCH
YEAR: 2020
LATITUDE: 45 4 N
LONGITUDE: 83 34 W
[TEMPERATURE DATA] [PRECIPITATION DATA] SYMBOLS USED IN COLUMN 16
AVERAGE MONTHLY: 32.8 TOTAL FOR MONTH: 2.73 1 = FOG OR MIST
DPTR FM NORMAL: 4.1 DPTR FM NORMAL: 0.87 2 = FOG REDUCING VISIBILITY
HIGHEST: 59 ON 29 GRTST 24HR 0.48 ON 19-19 TO 1/4 MILE OR LESS
LOWEST: 0 ON 7 3 = THUNDER
SNOW, ICE PELLETS, HAIL 4 = ICE PELLETS
TOTAL MONTH: 7.3 INCHES 5 = HAIL
GRTST 24HR 2.9 ON 6- 6 6 = FREEZING RAIN OR DRIZZLE
GRTST DEPTH: 11 ON 7, 6 7 = DUSTSTORM OR SANDSTORM:
VSBY 1/2 MILE OR LESS
8 = SMOKE OR HAZE
[NO. OF DAYS WITH] [WEATHER - DAYS WITH] 9 = BLOWING SNOW
X = TORNADO
MAX 32 OR BELOW: 2 0.01 INCH OR MORE: 17
MAX 90 OR ABOVE: 0 0.10 INCH OR MORE: 9
MIN 32 OR BELOW: 27 0.50 INCH OR MORE: 0
MIN 0 OR BELOW: 1 1.00 INCH OR MORE: 0
[HDD (BASE 65) ]
TOTAL THIS MO. 992 CLEAR (SCALE 0-3) 6
DPTR FM NORMAL -132 PTCLDY (SCALE 4-7) 14
TOTAL FM JUL 1 6275 CLOUDY (SCALE 8-10) 11
DPTR FM NORMAL -581
[CDD (BASE 65) ]
TOTAL THIS MO. 0
DPTR FM NORMAL 0 [PRESSURE DATA]
TOTAL FM JAN 1 0 HIGHEST SLP M ON M
DPTR FM NORMAL 0 LOWEST SLP 29.40 ON 29
[REMARKS]
#FINAL-03-20#
#FINAL-03-20#