000
CXUS53 KAPX 010734
CLMAPN
CLIMATE REPORT
NATIONAL WEATHER SERVICE
334 AM EDT THU JUN 01 2023
...................................
...THE ALPENA MI CLIMATE SUMMARY FOR THE MONTH OF MAY 2023...
CLIMATE NORMAL PERIOD: 1991 TO 2020
CLIMATE RECORD PERIOD: 1916 TO 2023
WEATHER OBSERVED NORMAL DEPART LAST YEAR`S
VALUE DATE(S) VALUE FROM VALUE
NORMAL
..............................................................
TEMPERATURE (F)
HIGHEST 90 05/31 MM MM
LOWEST 26 05/18 MM MM
AVG. MAXIMUM 67.2 65.8 1.4
AVG. MINIMUM 39.0 40.9 -1.9
MEAN 53.1 53.4 -0.3
DAYS MAX >= 90 1 0.0 1.0
DAYS MAX <= 32 0 0.0 0.0
DAYS MIN <= 32 4 5.0 -1.0
DAYS MIN <= 0 0 0.0 0.0
PRECIPITATION (INCHES)
TOTALS 0.92R 2.78 -1.86
DAYS >= .01 6 11.7 -5.7
DAYS >= .10 3 6.7 -3.7
DAYS >= .50 1 1.9 -0.9
DAYS >= 1.00 0 0.2 -0.2
GREATEST
24 HR. TOTAL 0.50 05/07 TO 05/07
SNOWFALL (INCHES)
TOTALS T 0.2 -0.2
DAYS >= TRACE 1 1.0
DAYS >= 1.0 0 0.0
GREATEST
SNOW DEPTH 0
24 HR TOTAL MM
DEGREE DAYS
HEATING TOTAL 367 377 -10
SINCE 7/1 6940 7724 -784
COOLING TOTAL 7 15 -8
SINCE 1/1 9 16 -7
..............................................................
WIND (MPH)
AVERAGE WIND SPEED 6.2
HIGHEST WIND SPEED/DIRECTION 23/010 DATE 05/16
HIGHEST GUST SPEED/DIRECTION 34/330 DATE 05/19
SKY COVER
AVERAGE SKY COVER 0.26
AVERAGE RH (PERCENT) 65
- INDICATES NEGATIVE NUMBERS.
R INDICATES RECORD WAS SET OR TIED.
MM INDICATES DATA IS MISSING.
T INDICATES TRACE AMOUNT.
$$