000
CXUS53 KAPX 010532
CLMAPN
CLIMATE REPORT
NATIONAL WEATHER SERVICE
132 AM EDT MON APR 01 2024
...................................
...THE ALPENA MI CLIMATE SUMMARY FOR THE MONTH OF MARCH 2024...
CLIMATE NORMAL PERIOD: 1991 TO 2020
CLIMATE RECORD PERIOD: 1916 TO 2024
WEATHER OBSERVED NORMAL DEPART LAST YEAR`S
VALUE DATE(S) VALUE FROM VALUE
NORMAL
..............................................................
TEMPERATURE (F)
HIGHEST 66 03/13 MM MM
LOWEST 11 03/24 MM MM
AVG. MAXIMUM 44.1 39.4 4.7
AVG. MINIMUM 25.2 19.1 6.1
MEAN 34.6 29.3 5.3
DAYS MAX >= 90 0 0.0 0.0
DAYS MAX <= 32 3 8.9 -5.9
DAYS MIN <= 32 29 28.0 1.0
DAYS MIN <= 0 0 2.3 -2.3
PRECIPITATION (INCHES)
TOTALS 2.18 1.81 0.37
DAYS >= .01 9 11.0 -2.0
DAYS >= .10 3 4.6 -1.6
DAYS >= .50 1 0.9 0.1
DAYS >= 1.00 0 0.1 -0.1
GREATEST
24 HR. TOTAL 0.99 03/05 TO 03/05
SNOWFALL (INCHES)
RECORDS
TOTAL 49.4 1926
TOTALS 4.6 10.6 -6.0
DAYS >= TRACE 13 5.9
DAYS >= 1.0 2 -1.4
GREATEST
SNOW DEPTH 2 03/10
03/23
24 HR TOTAL MM
DEGREE DAYS
HEATING TOTAL 933 1108 -175
SINCE 7/1 5590 6632 -1042
COOLING TOTAL 0 0 0
SINCE 1/1 0 0 0
..............................................................
WIND (MPH)
AVERAGE WIND SPEED 8.1
HIGHEST WIND SPEED/DIRECTION 26/330 DATE 03/20
26/170 03/26
HIGHEST GUST SPEED/DIRECTION 43/270 DATE 03/20
SKY COVER
AVERAGE SKY COVER 0.54
AVERAGE RH (PERCENT) 71
- INDICATES NEGATIVE NUMBERS.
R INDICATES RECORD WAS SET OR TIED.
MM INDICATES DATA IS MISSING.
T INDICATES TRACE AMOUNT.
$$