000
CXUS51 KBUF 010905
CF6ART
PRELIMINARY LOCAL CLIMATOLOGICAL DATA (WS FORM: F-6)
STATION: WATERTOWN NY
MONTH: JUNE
YEAR: 2020
LATITUDE: 43 59 N
LONGITUDE: 76 2 W
TEMPERATURE IN F: :PCPN: SNOW: WIND :SUNSHINE: SKY :PK WND
================================================================================
1 2 3 4 5 6A 6B 7 8 9 10 11 12 13 14 15 16 17 18
12Z AVG MX 2MIN
DY MAX MIN AVG DEP HDD CDD WTR SNW DPTH SPD SPD DIR MIN PSBL S-S WX SPD DR
================================================================================
1 63 34 49 -10 16 0 0.00 M M 6.6 17 230 M M 1 1 28 220
2 64 55 60 0 5 0 0.03 M M 4.6 13 210 M M 9 1 17 230
3 70 52 61 1 4 0 0.04 M M 3.6 15 260 M M 7 128 18 260
4 79 50 65 5 0 0 0.00 M M 5.3 15 280 M M 2 12 20 230
5 79 62 71 10 0 6 0.00 M M 5.7 15 270 M M 1 138 19 280
6 77 53 65 4 0 0 0.16 M M 6.5 31 280 M M 6 138 45 270
7 70 47 59 -2 6 0 T M M 6.3 20 230 M M 2 18 22 230
8 72 41 57 -5 8 0 0.00 M M 5.3 15 230 M M 1 18 21 260
9 80 55 68 6 0 3 0.00 M M 6.1 15 280 M M 3 19 260
10 90 57 74 12 0 9 T M M 9.5 20 170 M M 1 34 160
11 81 62 72 10 0 7 0.39 M M 13.0 30 240 M M 4 18 45 230
12 65 51 58 -5 7 0 0.00 M M 12.5 25 260 M M 3 33 230
13 60 41 51 -12 14 0 T M M 3.8 15 20 M M 8 19 360
14 69 35 52 -11 13 0 0.00 M M 6.6 16 40 M M 5 1 21 50
15 75 37 56 -8 9 0 0.00 M M 4.0 14 80 M M 1 1 19 60
16 78 42 60 -4 5 0 0.00 M M 4.7 13 280 M M 0 19 270
17 82 46 64 0 1 0 0.00 M M 4.3 12 260 M M 0 15 230
18 86 51 69 5 0 4 0.00 M M 4.8 13 200 M M 0 20 200
19 85 64 75 10 0 10 0.00 M M 6.4 14 270 M M 0 18 230
20 86 60 73 8 0 8 0.00 M M 5.5 18 270 M M 0 8 20 260
21 88 60 74 9 0 9 0.00 M M 5.0 16 260 M M 0 1 20 260
22 89 70 80 15 0 15 0.00 M M 5.4 15 260 M M 0 18 270
23 89 69 79 13 0 14 0.04 M M 6.0 17 240 M M 5 138 26 230
24 72 64 68 2 0 3 0.03 M M 15.3 29 260 M M 8 1 40 260
25 77 59 68 2 0 3 0.00 M M 8.6 20 250 M M 2 27 260
26 82 59 71 5 0 6 0.00 M M 7.6 18 260 M M 1 26 230
27 80 61 71 5 0 6 0.20 0.0 0 6.4 16 230 M M 4 138 21 220
28 78 58 68 1 0 3 0.33 0.0 0 6.5 20 60 M M 4 13 26 50
29 83 54 69 2 0 4 T M M 6.5 17 40 M M 2 12 20 40
30 77 60 69 2 0 4 0.00 M M 9.2 18 30 M M 7 18 24 30
================================================================================
SM 2326 1609 88 114 1.22 0.0 201.6 M 87
================================================================================
AV 77.5 53.6 6.7 FASTST M M 3 MAX(MPH)
MISC ----> # 31 280 # 45 270
================================================================================
NOTES:
# LAST OF SEVERAL OCCURRENCES
COLUMN 17 PEAK WIND IN M.P.H.
PRELIMINARY LOCAL CLIMATOLOGICAL DATA (WS FORM: F-6) , PAGE 2
STATION: WATERTOWN NY
MONTH: JUNE
YEAR: 2020
LATITUDE: 43 59 N
LONGITUDE: 76 2 W
[TEMPERATURE DATA] [PRECIPITATION DATA] SYMBOLS USED IN COLUMN 16
AVERAGE MONTHLY: 65.6 TOTAL FOR MONTH: 1.22 1 = FOG OR MIST
DPTR FM NORMAL: 2.1 DPTR FM NORMAL: -1.63 2 = FOG REDUCING VISIBILITY
HIGHEST: 90 ON 10 GRTST 24HR 0.39 ON 11-11 TO 1/4 MILE OR LESS
LOWEST: 34 ON 1 3 = THUNDER
SNOW, ICE PELLETS, HAIL 4 = ICE PELLETS
TOTAL MONTH: 0.0 INCH 5 = HAIL
GRTST 24HR 0.0 6 = FREEZING RAIN OR DRIZZLE
GRTST DEPTH: 0 7 = DUSTSTORM OR SANDSTORM:
VSBY 1/2 MILE OR LESS
8 = SMOKE OR HAZE
[NO. OF DAYS WITH] [WEATHER - DAYS WITH] 9 = BLOWING SNOW
X = TORNADO
MAX 32 OR BELOW: 0 0.01 INCH OR MORE: 8
MAX 90 OR ABOVE: 1 0.10 INCH OR MORE: 4
MIN 32 OR BELOW: 0 0.50 INCH OR MORE: 0
MIN 0 OR BELOW: 0 1.00 INCH OR MORE: 0
[HDD (BASE 65) ]
TOTAL THIS MO. 88 CLEAR (SCALE 0-3) 18
DPTR FM NORMAL -19 PTCLDY (SCALE 4-7) 10
TOTAL FM JUL 1 7215 CLOUDY (SCALE 8-10) 2
DPTR FM NORMAL -368
[CDD (BASE 65) ]
TOTAL THIS MO. 114
DPTR FM NORMAL 52 [PRESSURE DATA]
TOTAL FM JAN 1 155 HIGHEST SLP 30.47 ON 15
DPTR FM NORMAL 82 LOWEST SLP 29.53 ON 23
[REMARKS]
#FINAL-06-20#