000
CXUS51 KBUF 011421
CLMART
CLIMATE REPORT
NATIONAL WEATHER SERVICE BUFFALO NY
1021 AM EDT SAT JUL 01 2023
...................................
...THE WATERTOWN NY CLIMATE SUMMARY FOR THE MONTH OF JUNE 2023...
CLIMATE NORMAL PERIOD: 1991 TO 2020
CLIMATE RECORD PERIOD: 1949 TO 2023
WEATHER OBSERVED NORMAL DEPART LAST YEAR`S
VALUE DATE(S) VALUE FROM VALUE DATE(S)
NORMAL
................................................................
TEMPERATURE (F)
RECORD
HIGH 95 06/14/1949
LOW 29 06/05/1964
HIGHEST 89 06/02 90 06/26
LOWEST 38 06/04 38 06/19
AVG. MAXIMUM 75.3 74.5 0.8 74.3
AVG. MINIMUM 52.9 53.1 -0.2 53.2
MEAN 64.1 63.8 0.3 63.8
DAYS MAX >= 90 0 0.5 -0.5 1
DAYS MAX <= 32 0 0.0 0.0 0
DAYS MIN <= 32 0 0.0 0.0 0
DAYS MIN <= 0 0 0.0 0.0 0
PRECIPITATION (INCHES)
RECORD
MAXIMUM 6.22 1982
MINIMUM 0.33 1973
TOTALS 2.93 3.09 -0.16 2.33
DAYS >= .01 16 12.3 3.7 9
DAYS >= .10 7 7.3 -0.3 7
DAYS >= .50 3 1.8 1.2 2
DAYS >= 1.00 0 0.4 -0.4 0
GREATEST
24 HR. TOTAL 0.86 06/23 TO 06/24 0.78 06/01 TO 06/01
DEGREE DAYS
HEATING TOTAL 88 100 -12 83
SINCE 7/1 6666 7524 -858 MM
COOLING TOTAL 70 64 6 53
SINCE 1/1 71 79 -8 MM
................................................................
WIND (MPH)
AVERAGE WIND SPEED 5.6
HIGHEST WIND SPEED/DIRECTION 32/020
HIGHEST GUST SPEED/DIRECTION 55/030 DATE 06/06
SKY COVER
POSSIBLE SUNSHINE (PERCENT) MM
AVERAGE SKY COVER 0.49
NUMBER OF DAYS FAIR 12
NUMBER OF DAYS PC 10
NUMBER OF DAYS CLOUDY 8
AVERAGE RH (PERCENT) 74
WEATHER CONDITIONS. NUMBER OF DAYS WITH
THUNDERSTORM 5 MIXED PRECIP 0
HEAVY RAIN 6 RAIN 4
LIGHT RAIN 15 FREEZING RAIN 0
LT FREEZING RAIN 0 HAIL 0
HEAVY SNOW 0 SNOW 0
LIGHT SNOW 0 SLEET 0
FOG 17 FOG W/VIS <= 1/4 MILE 2
HAZE 8
- INDICATES NEGATIVE NUMBERS.
R INDICATES RECORD WAS SET OR TIED.
MM INDICATES DATA IS MISSING.
T INDICATES TRACE AMOUNT.
$$