000
CXUS53 KARX 111440
CF6ARX
PRELIMINARY LOCAL CLIMATOLOGICAL DATA (WS FORM: F-6)
STATION: LA CROSSE WEATHER OFFICE WI
MONTH: SEPTEMBER
YEAR: 2021
LATITUDE: 43 49 N
LONGITUDE: 91 12 W
TEMPERATURE IN F: :PCPN: SNOW: WIND :SUNSHINE: SKY :PK WND
================================================================================
1 2 3 4 5 6A 6B 7 8 9 10 11 12 13 14 15 16 17 18
12Z AVG MX 2MIN
DY MAX MIN AVG DEP HDD CDD WTR SNW DPTH SPD SPD DIR MIN PSBL S-S WX SPD DR
================================================================================
1 75 55 65 -2 0 0 0.00 0.0 0 M M M M M M 10 M
2 75 55 65 -1 0 0 T 0.0 0 M M M M M M 18 M
3 64 57 61 -5 4 0 0.49 0.0 0 M M M M M M 21 M
4 71 59 65 -1 0 0 0.01 0.0 0 M M M M M M 18 M
5 76 55 66 1 0 1 0.00 0.0 0 M M M M M M 21 M
6 75 53 64 -1 1 0 0.00 0.0 0 M M M M M M 19 M
7 75 59 67 2 0 2 T 0.0 0 M M M M M M 26 M
8 69 53 61 -3 4 0 T 0.0 0 M M M M M M 26 M
9 72 51 62 -2 3 0 0.00 0.0 0 M M M M M M 26 M
10 76 57 67 3 0 2 0.00 0.0 0 M M M M M M 15 M
11 82 60 71 8 0 6 0.00 0.0 0 M M M M M M 16 M
12 69 57 63 0 2 0 0.03 0.0 0 M M M M M M 3 14 M
13 69 54 62 -1 3 0 T 0.0 0 M M M M M M 23 M
14 70 57 64 2 1 0 0.04 0.0 0 M M M M M M 3 23 M
15 74 51 63 1 2 0 0.00 0.0 0 M M M M M M 22 M
16 77 57 67 6 0 2 0.00 0.0 0 M M M M M M 28 M
17 71 53 62 1 3 0 0.00 0.0 0 M M M M M M 23 M
18 75 47 61 0 4 0 0.00 0.0 0 M M M M M M 23 M
19 83 63 73 13 0 8 0.00 0.0 0 M M M M M M 26 M
20 78 57 68 8 0 3 0.59 0.0 0 M M M M M M 3 34 M
21 67 51 59 0 6 0 0.00 0.0 0 M M M M M M 19 M
22 65 47 56 -3 9 0 0.00 0.0 0 M M M M M M 14 M
23 67 45 56 -2 9 0 0.00 0.0 0 M M M M M M 15 M
24 67 46 57 -1 8 0 0.25 0.0 0 M M M M M M 23 M
25 63 41 52 -6 13 0 0.00 0.0 0 M M M M M M 19 M
26 77 52 65 8 0 0 0.00 0.0 0 M M M M M M 18 M
27 76 56 66 9 0 1 0.00 0.0 0 M M M M M M 12 M
28 75 51 63 7 2 0 0.00 0.0 0 M M M M M M 19 M
29 81 55 68 12 0 3 0.00 0.0 0 M M M M M M 19 M
30 83 61 72 16 0 7 0.00 0.0 0 M M M M M M 21 M
================================================================================
SM 2197 1615 74 35 1.41 0.0 M M M
================================================================================
AV 73.2 53.8 M FASTST M M M MAX(MPH)
MISC ----> M M 34 9999
================================================================================
NOTES:
# LAST OF SEVERAL OCCURRENCES
COLUMN 17 PEAK WIND IN M.P.H.
PRELIMINARY LOCAL CLIMATOLOGICAL DATA (WS FORM: F-6) , PAGE 2
STATION: LA CROSSE WEATHER OFFICE WI
MONTH: SEPTEMBER
YEAR: 2021
LATITUDE: 43 49 N
LONGITUDE: 91 12 W
[TEMPERATURE DATA] [PRECIPITATION DATA] SYMBOLS USED IN COLUMN 16
AVERAGE MONTHLY: 63.5 TOTAL FOR MONTH: 1.41 1 = FOG OR MIST
DPTR FM NORMAL: 2.1 DPTR FM NORMAL: -2.59 2 = FOG REDUCING VISIBILITY
HIGHEST: 83 ON 30,19 GRTST 24HR 0.59 ON 20-20 TO 1/4 MILE OR LESS
LOWEST: 41 ON 25 3 = THUNDER
SNOW, ICE PELLETS, HAIL 4 = ICE PELLETS
TOTAL MONTH: 0.0 INCH 5 = HAIL
GRTST 24HR 0.0 6 = FREEZING RAIN OR DRIZZLE
GRTST DEPTH: 0 7 = DUSTSTORM OR SANDSTORM:
VSBY 1/2 MILE OR LESS
8 = SMOKE OR HAZE
[NO. OF DAYS WITH] [WEATHER - DAYS WITH] 9 = BLOWING SNOW
X = TORNADO
MAX 32 OR BELOW: 0 0.01 INCH OR MORE: 6
MAX 90 OR ABOVE: 0 0.10 INCH OR MORE: 3
MIN 32 OR BELOW: 0 0.50 INCH OR MORE: 1
MIN 0 OR BELOW: 0 1.00 INCH OR MORE: 0
[HDD (BASE 65) ]
TOTAL THIS MO. 74 CLEAR (SCALE 0-3) 0
DPTR FM NORMAL -88 PTCLDY (SCALE 4-7) 0
TOTAL FM JUL 1 80 CLOUDY (SCALE 8-10) 30
DPTR FM NORMAL -116
[CDD (BASE 65) ]
TOTAL THIS MO. 35
DPTR FM NORMAL -19 [PRESSURE DATA]
TOTAL FM JAN 1 658 HIGHEST SLP M ON M
DPTR FM NORMAL 121 LOWEST SLP M ON M
[REMARKS]
#FINAL-09-21#