000
CXUS54 KEWX 011458
CF6ATT
PRELIMINARY LOCAL CLIMATOLOGICAL DATA (WS FORM: F-6)
STATION: AUSTIN CAMP MABRY
MONTH: MAY
YEAR: 2023
LATITUDE: 30 17 N
LONGITUDE: 97 42 W
TEMPERATURE IN F: :PCPN: SNOW: WIND :SUNSHINE: SKY :PK WND
================================================================================
1 2 3 4 5 6A 6B 7 8 9 10 11 12 13 14 15 16 17 18
12Z AVG MX 2MIN
DY MAX MIN AVG DEP HDD CDD WTR SNW DPTH SPD SPD DIR MIN PSBL S-S WX SPD DR
================================================================================
1 84 58 71 -2 0 6 0.00 0.0 0 2.7 10 120 M M 1 19 70
2 82 68 75 2 0 10 0.00 0.0 0 4.2 10 120 M M 6 16 130
3 86 64 75 2 0 10 0.00 0.0 0 4.1 13 120 M M 1 20 130
4 85 68 77 3 0 12 0.00 0.0 0 5.2 14 160 M M 6 8 26 150
5 94 66 80 6 0 15 T 0.0 0 6.1 20 10 M M 5 138 42 350
6 91 67 79 5 0 14 0.00 0.0 0 6.0 13 150 M M 5 27 150
7 88 74 81 7 0 16 T 0.0 0 6.2 16 150 M M 4 1 27 150
8 93 72 83 8 0 18 0.00 0.0 0 5.6 18 110 M M 5 1 36 110
9 76 69 73 -2 0 8 0.15 0.0 0 3.1 12 140 M M 7 13 21 200
10 82 67 75 0 0 10 0.05 0.0 0 4.1 12 140 M M 9 1 19 100
11 92 72 82 6 0 17 T 0.0 0 6.8 16 130 M M 7 18 24 140
12 88 75 82 6 0 17 T 0.0 0 7.2 15 140 M M 8 18 26 160
13 78 64 71 -5 0 6 2.13 0.0 0 3.2 16 310 M M 7 13 34 310
14 86 65 76 0 0 11 0.02 0.0 0 1.3 8 130 M M 5 1 12 160
15 86 67 77 0 0 12 0.95 0.0 0 2.4 13 360 M M 6 13 26 240
16 85 67 76 -1 0 11 T 0.0 0 2.1 10 360 M M 4 1 16 10
17 90 65 78 1 0 13 0.00 0.0 0 1.7 9 140 M M 1 14 150
18 91 65 78 1 0 13 0.00 0.0 0 2.3 12 110 M M 1 17 110
19 92 68 80 2 0 15 0.06 0.0 0 4.5 15 10 M M 0 13 29 360
20 84 68 76 -2 0 11 T 0.0 0 4.8 14 10 M M 5 27 20
21 74 65 70 -8 0 5 0.03 0.0 0 2.3 7 100 M M 8 1 10 20
22 87 63 75 -3 0 10 0.00 0.0 0 1.9 8 130 M M 5 1 14 120
23 92 67 80 1 0 15 T 0.0 0 4.3 12 140 M M 3 20 150
24 86 65 76 -3 0 11 0.90 0.0 0 4.8 17 330 M M 3 13 38 320
25 85 67 76 -3 0 11 0.00 0.0 0 2.4 12 150 M M 2 17 130
26 89 65 77 -3 0 12 0.00 0.0 0 2.0 9 150 M M 3 17 60
27 87 67 77 -3 0 12 T 0.0 0 3.1 12 360 M M 2 21 360
28 86 71 79 -1 0 14 0.00 0.0 0 3.8 13 140 M M 3 23 130
29 88 70 79 -1 0 14 0.01 0.0 0 3.1 12 130 M M 3 19 120
30 89 67 78 -2 0 13 0.00 0.0 0 3.2 12 120 M M 1 18 130
31 91 69 80 -1 0 15 0.00 0.0 0 4.2 12 140 M M 2 19 170
================================================================================
SM 2687 2085 0 377 4.30 0.0 118.7 M 128
================================================================================
AV 86.7 67.3 3.8 FASTST M M 4 MAX(MPH)
MISC ----> 20 10 42 350
================================================================================
NOTES:
# LAST OF SEVERAL OCCURRENCES
COLUMN 17 PEAK WIND IN M.P.H.
PRELIMINARY LOCAL CLIMATOLOGICAL DATA (WS FORM: F-6) , PAGE 2
STATION: AUSTIN CAMP MABRY
MONTH: MAY
YEAR: 2023
LATITUDE: 30 17 N
LONGITUDE: 97 42 W
[TEMPERATURE DATA] [PRECIPITATION DATA] SYMBOLS USED IN COLUMN 16
AVERAGE MONTHLY: 77.0 TOTAL FOR MONTH: 4.30 1 = FOG OR MIST
DPTR FM NORMAL: 0.2 DPTR FM NORMAL: -0.74 2 = FOG REDUCING VISIBILITY
HIGHEST: 94 ON 5 GRTST 24HR 2.13 ON 13-13 TO 1/4 MILE OR LESS
LOWEST: 58 ON 1 3 = THUNDER
SNOW, ICE PELLETS, HAIL 4 = ICE PELLETS
TOTAL MONTH: 0.0 INCH 5 = HAIL
GRTST 24HR 0.0 6 = FREEZING RAIN OR DRIZZLE
GRTST DEPTH: 0 7 = DUSTSTORM OR SANDSTORM:
VSBY 1/2 MILE OR LESS
8 = SMOKE OR HAZE
[NO. OF DAYS WITH] [WEATHER - DAYS WITH] 9 = BLOWING SNOW
X = TORNADO
MAX 32 OR BELOW: 0 0.01 INCH OR MORE: 9
MAX 90 OR ABOVE: 9 0.10 INCH OR MORE: 4
MIN 32 OR BELOW: 0 0.50 INCH OR MORE: 3
MIN 0 OR BELOW: 0 1.00 INCH OR MORE: 1
[HDD (BASE 65) ]
TOTAL THIS MO. 0 CLEAR (SCALE 0-3) 13
DPTR FM NORMAL -3 PTCLDY (SCALE 4-7) 16
TOTAL FM JUL 1 1298 CLOUDY (SCALE 8-10) 2
DPTR FM NORMAL -142
[CDD (BASE 65) ]
TOTAL THIS MO. 377
DPTR FM NORMAL 7 [PRESSURE DATA]
TOTAL FM JAN 1 714 HIGHEST SLP 30.16 ON 20
DPTR FM NORMAL 65 LOWEST SLP 29.72 ON 11
[REMARKS]
#FINAL-05-23#