000
CXUS54 KEWX 031438
CF6ATT
PRELIMINARY LOCAL CLIMATOLOGICAL DATA (WS FORM: F-6)
STATION: AUSTIN CAMP MABRY
MONTH: MARCH
YEAR: 2024
LATITUDE: 30 17 N
LONGITUDE: 97 42 W
TEMPERATURE IN F: :PCPN: SNOW: WIND :SUNSHINE: SKY :PK WND
================================================================================
1 2 3 4 5 6A 6B 7 8 9 10 11 12 13 14 15 16 17 18
12Z AVG MX 2MIN
DY MAX MIN AVG DEP HDD CDD WTR SNW DPTH SPD SPD DIR MIN PSBL S-S WX SPD DR
================================================================================
1 70 45 58 -1 7 0 0.00 0.0 0 2.9 10 140 M M 4 18 130
2 83 48 66 7 0 1 0.00 0.0 0 4.7 13 170 M M 0 25 150
3 81 63 72 12 0 7 0.00 0.0 0 7.0 14 160 M M 7 24 180
4 84 67 76 16 0 11 0.00 0.0 0 4.4 12 190 M M 6 1 22 170
5 91 61 76 16 0 11 0.00 0.0 0 2.5 12 300 M M 0 1 20 300
6 84 56 70 10 0 5 0.00 0.0 0 4.6 13 160 M M 0 25 150
7 75 67 71 11 0 6 0.00 0.0 0 7.3 16 140 M M 9 28 160
8 84 51 68 7 0 3 0.19 0.0 0 6.2 21 330 M M 3 1 37 320
9 63 46 55 -6 10 0 0.00 0.0 0 8.5 17 330 M M 4 31 10
10 69 43 56 -5 9 0 0.00 0.0 0 3.1 9 140 M M 0 14 120
11 75 54 65 3 0 0 0.00 0.0 0 3.7 12 150 M M 3 19 160
12 79 58 69 7 0 4 0.00 0.0 0 5.3 12 160 M M 8 1 24 150
13 84 67 76 14 0 11 0.00 0.0 0 7.4 16 140 M M 8 1 28 160
14 80 70 75 13 0 10 0.01 0.0 0 7.7 16 150 M M 9 18 29 140
15 76 64 70 8 0 5 0.02 0.0 0 6.0 17 10 M M 8 138 29 20
16 74 62 68 5 0 3 0.06 0.0 0 3.8 12 30 M M 10 13 20 20
17 66 58 62 -1 3 0 0.74 0.0 0 6.2 13 360 M M 10 13 24 70
18 66 52 59 -4 6 0 T 0.0 0 5.5 13 20 M M 4 29 70
19 68 46 57 -7 8 0 0.00 0.0 0 3.6 9 180 M M 5 18 190
20 67 50 59 -5 6 0 0.00 0.0 0 2.9 10 140 M M 9 18 140
21 64 58 61 -3 4 0 0.13 0.0 0 2.0 10 80 M M 10 13 22 100
22 80 55 68 4 0 3 0.00 0.0 0 5.1 16 360 M M 5 12 28 10
23 73 52 63 -1 2 0 0.00 0.0 0 3.1 13 150 M M 2 20 130
24 73 59 66 1 0 1 0.00 0.0 0 8.9 17 160 M M 6 32 140
25 78 57 68 3 0 3 0.12 0.0 0 4.8 13 310 M M 5 1 25 280
26 70 46 58 -7 7 0 0.00 0.0 0 4.6 10 350 M M 0 17 90
27 68 48 58 -7 7 0 0.07 0.0 0 1.9 10 110 M M 3 13 18 30
28 79 45 62 -4 3 0 0.00 0.0 0 3.4 14 160 M M 0 1 25 200
29 80 56 68 2 0 3 0.00 0.0 0 6.9 20 150 M M 3 1 34 150
30 78 63 71 5 0 6 0.00 0.0 0 5.4 13 140 M M 9 22 160
31 79 67 73 7 0 8 0.00 0.0 0 6.9 13 140 M M 9 26 180
================================================================================
SM 2341 1734 72 101 1.34 0.0 156.3 M 159
================================================================================
AV 75.5 55.9 5.0 FASTST M M 5 MAX(MPH)
MISC ----> 21 330 37 320
================================================================================
NOTES:
# LAST OF SEVERAL OCCURRENCES
COLUMN 17 PEAK WIND IN M.P.H.
PRELIMINARY LOCAL CLIMATOLOGICAL DATA (WS FORM: F-6) , PAGE 2
STATION: AUSTIN CAMP MABRY
MONTH: MARCH
YEAR: 2024
LATITUDE: 30 17 N
LONGITUDE: 97 42 W
[TEMPERATURE DATA] [PRECIPITATION DATA] SYMBOLS USED IN COLUMN 16
AVERAGE MONTHLY: 65.7 TOTAL FOR MONTH: 1.34 1 = FOG OR MIST
DPTR FM NORMAL: 2.9 DPTR FM NORMAL: -1.54 2 = FOG REDUCING VISIBILITY
HIGHEST: 91 ON 5 GRTST 24HR 0.79 ON 16-17 TO 1/4 MILE OR LESS
LOWEST: 43 ON 10 3 = THUNDER
SNOW, ICE PELLETS, HAIL 4 = ICE PELLETS
TOTAL MONTH: 0.0 INCH 5 = HAIL
GRTST 24HR 0.0 6 = FREEZING RAIN OR DRIZZLE
GRTST DEPTH: 0 7 = DUSTSTORM OR SANDSTORM:
VSBY 1/2 MILE OR LESS
8 = SMOKE OR HAZE
[NO. OF DAYS WITH] [WEATHER - DAYS WITH] 9 = BLOWING SNOW
X = TORNADO
MAX 32 OR BELOW: 0 0.01 INCH OR MORE: 8
MAX 90 OR ABOVE: 1 0.10 INCH OR MORE: 4
MIN 32 OR BELOW: 0 0.50 INCH OR MORE: 1
MIN 0 OR BELOW: 0 1.00 INCH OR MORE: 0
[HDD (BASE 65) ]
TOTAL THIS MO. 72 CLEAR (SCALE 0-3) 9
DPTR FM NORMAL -71 PTCLDY (SCALE 4-7) 12
TOTAL FM JUL 1 1293 CLOUDY (SCALE 8-10) 10
DPTR FM NORMAL -111
[CDD (BASE 65) ]
TOTAL THIS MO. 101
DPTR FM NORMAL 28 [PRESSURE DATA]
TOTAL FM JAN 1 148 HIGHEST SLP 30.33 ON 10
DPTR FM NORMAL 41 LOWEST SLP 29.44 ON 25
[REMARKS]
#FINAL-03-24#