132
CXUS54 KBMX 011110
CF6AUO
PRELIMINARY LOCAL CLIMATOLOGICAL DATA (WS FORM: F-6)
STATION: AUBURN AWOS
MONTH: AUGUST
YEAR: 2020
LATITUDE: 32 34 N
LONGITUDE: 85 30 W
TEMPERATURE IN F: :PCPN: SNOW: WIND :SUNSHINE: SKY :PK WND
================================================================================
1 2 3 4 5 6A 6B 7 8 9 10 11 12 13 14 15 16 17 18
12Z AVG MX 2MIN
DY MAX MIN AVG DEP HDD CDD WTR SNW DPTH SPD SPD DIR MIN PSBL S-S WX SPD DR
================================================================================
1 89 72 81 M 0 16 0.00 0.0 0 6.0 13 230 M M 4 1 18 240
2 92 74 83 M 0 18 0.00 0.0 0 3.8 7 20 M M 1 M M
3 91 74 83 M 0 18 0.00 0.0 0 6.2 13 250 M M 2 3 18 250
4 91 71 81 M 0 16 0.00 0.0 0 3.2 8 330 M M 3 M M
5 92 72 82 M 0 17 0.00 0.0 0 4.3 9 190 M M 1 M M
6 89 72 81 M 0 16 0.00 0.0 0 3.8 9 200 M M 3 3 M M
7 92 72 82 M 0 17 0.00 0.0 0 3.3 8 290 M M 2 M M
8 93 72 83 M 0 18 0.00 0.0 0 4.3 12 310 M M 1 M M
9 94 72 83 M 0 18 0.43 0.0 0 3.6 8 200 M M 2 13 M M
10 93 70 82 M 0 17 1.09 0.0 0 2.6 6 280 M M 1 13 M M
11 90 71 81 M 0 16 T 0.0 0 3.9 9 360 M M 1 3 M M
12 90 71 81 M 0 16 0.01 0.0 0 4.0 8 20 M M 1 3 M M
13 91 72 82 M 0 17 0.00 0.0 0 3.3 13 220 M M 2 3 M M
14 88 71 80 M 0 15 0.42 0.0 0 6.7 10 210 M M 5 1 M M
15 85 73 79 M 0 14 1.12 0.0 0 5.4 14 40 M M 6 13 17 40
16 91 71 81 M 0 16 0.00 0.0 0 5.3 10 310 M M 1 M M
17 92 71 82 M 0 17 0.00 0.0 0 4.0 10 330 M M 1 3 M M
18 91 71 81 M 0 16 0.00 0.0 0 4.9 9 320 M M 0 M M
19 89 69 79 M 0 14 0.27 0.0 0 6.7 16 40 M M 1 13 21 160
20 83 68 76 M 0 11 0.70 0.0 0 5.1 10 170 M M 1 13 M M
21 M M M M M M T 0.0 0 4.3 8 160 M M 5 M M
22 85 67 76 M 0 11 0.05 0.0 0 5.6 9 160 M M 3 M M
23 87 71 79 M 0 14 T 0.0 0 4.5 8 150 M M 5 M M
24 83 73 78 M 0 13 0.14 0.0 0 7.3 10 100 M M 6 M M
25 85 73 79 M 0 14 0.24 0.0 0 6.4 10 20 M M 5 1 M M
26 92 76 84 M 0 19 0.00 0.0 0 5.8 9 80 M M 5 38 M M
27 91 75 83 M 0 18 0.11 0.0 0 7.4 15 180 M M 2 3 M M
28 88 73 81 M 0 16 0.65 0.0 0 7.9 10 210 M M 6 13 M M
29 87 75 81 M 0 16 0.01 0.0 0 8.1 15 210 M M 7 18 230
30 91 73 82 M 0 17 T 0.0 0 5.9 13 190 M M 6 13 M M
31 89 74 82 M 0 17 T 0.0 0 5.5 10 230 M M 6 1 M M
================================================================================
SM 2684 2159 0 478 5.24 0.0 159.1 M 95
================================================================================
AV 89.5 72.0 5.1 FASTST M M 3 MAX(MPH)
MISC ----> # 16 40 # 21 160
================================================================================
NOTES:
# LAST OF SEVERAL OCCURRENCES
COLUMN 17 PEAK WIND IN M.P.H.
PRELIMINARY LOCAL CLIMATOLOGICAL DATA (WS FORM: F-6) , PAGE 2
STATION: AUBURN AWOS
MONTH: AUGUST
YEAR: 2020
LATITUDE: 32 34 N
LONGITUDE: 85 30 W
[TEMPERATURE DATA] [PRECIPITATION DATA] SYMBOLS USED IN COLUMN 16
AVERAGE MONTHLY: 80.7 TOTAL FOR MONTH: 5.24 1 = FOG OR MIST
DPTR FM NORMAL: M DPTR FM NORMAL: M 2 = FOG REDUCING VISIBILITY
HIGHEST: 94 ON 9 GRTST 24HR 1.12 ON 15-15 TO 1/4 MILE OR LESS
LOWEST: 67 ON 22 3 = THUNDER
SNOW, ICE PELLETS, HAIL 4 = ICE PELLETS
TOTAL MONTH: 0.0 INCH 5 = HAIL
GRTST 24HR 0.0 6 = FREEZING RAIN OR DRIZZLE
GRTST DEPTH: 0 7 = DUSTSTORM OR SANDSTORM:
VSBY 1/2 MILE OR LESS
8 = SMOKE OR HAZE
[NO. OF DAYS WITH] [WEATHER - DAYS WITH] 9 = BLOWING SNOW
X = TORNADO
MAX 32 OR BELOW: 0 0.01 INCH OR MORE: 13
MAX 90 OR ABOVE: 17 0.10 INCH OR MORE: 10
MIN 32 OR BELOW: 0 0.50 INCH OR MORE: 4
MIN 0 OR BELOW: 0 1.00 INCH OR MORE: 2
[HDD (BASE 65) ]
TOTAL THIS MO. 0 CLEAR (SCALE 0-3) 19
DPTR FM NORMAL M PTCLDY (SCALE 4-7) 12
TOTAL FM JUL 1 0 CLOUDY (SCALE 8-10) 0
DPTR FM NORMAL M
[CDD (BASE 65) ]
TOTAL THIS MO. 478
DPTR FM NORMAL M [PRESSURE DATA]
TOTAL FM JAN 1 1641 HIGHEST SLP M ON M
DPTR FM NORMAL M LOWEST SLP M ON M
[REMARKS]
#FINAL-08-20#