000
CXUS54 KEWX 011110
CF6AUS
PRELIMINARY LOCAL CLIMATOLOGICAL DATA (WS FORM: F-6)
STATION: AUSTIN BERGSTROM
MONTH: JANUARY
YEAR: 2022
LATITUDE: 30 13 N
LONGITUDE: 97 40 W
TEMPERATURE IN F: :PCPN: SNOW: WIND :SUNSHINE: SKY :PK WND
================================================================================
1 2 3 4 5 6A 6B 7 8 9 10 11 12 13 14 15 16 17 18
12Z AVG MX 2MIN
DY MAX MIN AVG DEP HDD CDD WTR SNW DPTH SPD SPD DIR MIN PSBL S-S WX SPD DR
================================================================================
1 78 38 58 8 7 0 T 0.0 0 11.1 31 350 M M 9 1 42 360
2 47 25 36 -14 29 0 0.01 0.0 0 15.6 29 350 M M 2 3 40 350
3 56 21 39 -11 26 0 0.00 0.0 0 1.5 12 180 M M 1 15 180
4 67 25 46 -4 19 0 0.00 0.0 0 7.5 26 200 M M 2 39 190
5 73 33 53 3 12 0 0.00 0.0 0 3.6 10 300 M M 1 15 290
6 57 31 44 -6 21 0 0.00 0.0 0 11.8 26 20 M M 1 33 20
7 41 27 34 -16 31 0 0.03 0.0 0 6.0 18 360 M M 7 1 23 10
8 64 41 53 3 12 0 0.17 0.0 0 4.9 16 210 M M 10 1 23 200
9 65 48 57 7 8 0 0.00 0.0 0 12.8 28 360 M M 8 35 10
10 58 41 50 0 15 0 0.00 0.0 0 15.5 26 10 M M 7 33 10
11 51 37 44 -6 21 0 T 0.0 0 5.7 16 10 M M 9 19 10
12 63 34 49 -1 16 0 0.00 0.0 0 3.1 10 170 M M 6 14 170
13 75 31 53 3 12 0 0.00 0.0 0 2.4 10 320 M M 1 14 340
14 78 32 55 5 10 0 0.00 0.0 0 6.3 23 200 M M 3 32 200
15 65 41 53 3 12 0 0.00 0.0 0 19.4 35 340 M M 4 47 340
16 62 29 46 -4 19 0 0.00 0.0 0 5.5 21 340 M M 0 32 330
17 70 23 47 -3 18 0 0.00 0.0 0 3.5 12 180 M M 1 16 180
18 75 29 52 2 13 0 0.00 0.0 0 9.2 25 190 M M 4 38 210
19 79 42 61 11 4 0 0.00 0.0 0 9.0 31 350 M M 7 8 43 350
20 42 31 37 -13 28 0 0.01 T 0 20.0 33 360 M M 10 46 42 360
21 49 25 37 -13 28 0 0.00 0.0 0 9.8 21 360 M M 3 26 360
22 54 19 37 -13 28 0 0.00 0.0 0 4.4 14 50 M M 2 20 50
23 58 43 51 1 14 0 0.00 0.0 0 2.7 9 190 M M 10 13 170
24 53 41 47 -4 18 0 0.11 0.0 0 2.0 12 100 M M 9 1 15 100
25 53 43 48 -3 17 0 0.00 0.0 0 6.7 13 40 M M 10 1 20 50
26 55 42 49 -2 16 0 0.00 0.0 0 8.4 16 50 M M 6 23 30
27 60 33 47 -4 18 0 T 0.0 0 3.7 20 20 M M 8 27 20
28 59 31 45 -6 20 0 T 0.0 0 12.3 25 360 M M 4 33 10
29 67 24 46 -5 19 0 0.00 0.0 0 4.4 15 190 M M 1 22 270
30 69 25 47 -4 18 0 0.00 0.0 0 6.9 18 190 M M 2 25 180
31 59 40 50 -2 15 0 4.22 0.0 0 6.6 20 40 M M 9 13 25 40
================================================================================
SM 1902 1025 544 0 4.55 T 242.3 M 157
================================================================================
AV 61.4 33.1 7.8 FASTST M M 5 MAX(MPH)
MISC ----> 35 340 47 340
================================================================================
NOTES:
# LAST OF SEVERAL OCCURRENCES
COLUMN 17 PEAK WIND IN M.P.H.
PRELIMINARY LOCAL CLIMATOLOGICAL DATA (WS FORM: F-6) , PAGE 2
STATION: AUSTIN BERGSTROM
MONTH: JANUARY
YEAR: 2022
LATITUDE: 30 13 N
LONGITUDE: 97 40 W
[TEMPERATURE DATA] [PRECIPITATION DATA] SYMBOLS USED IN COLUMN 16
AVERAGE MONTHLY: 47.2 TOTAL FOR MONTH: 4.55 1 = FOG OR MIST
DPTR FM NORMAL: -2.9 DPTR FM NORMAL: 1.73 2 = FOG REDUCING VISIBILITY
HIGHEST: 79 ON 19 GRTST 24HR 4.22 ON 31-31 TO 1/4 MILE OR LESS
LOWEST: 19 ON 22 3 = THUNDER
SNOW, ICE PELLETS, HAIL 4 = ICE PELLETS
TOTAL MONTH: T 5 = HAIL
GRTST 24HR T ON 20-20 6 = FREEZING RAIN OR DRIZZLE
GRTST DEPTH: 0 7 = DUSTSTORM OR SANDSTORM:
VSBY 1/2 MILE OR LESS
8 = SMOKE OR HAZE
[NO. OF DAYS WITH] [WEATHER - DAYS WITH] 9 = BLOWING SNOW
X = TORNADO
MAX 32 OR BELOW: 0 0.01 INCH OR MORE: 6
MAX 90 OR ABOVE: 0 0.10 INCH OR MORE: 3
MIN 32 OR BELOW: 16 0.50 INCH OR MORE: 1
MIN 0 OR BELOW: 0 1.00 INCH OR MORE: 1
[HDD (BASE 65) ]
TOTAL THIS MO. 544 CLEAR (SCALE 0-3) 13
DPTR FM NORMAL 74 PTCLDY (SCALE 4-7) 10
TOTAL FM JUL 1 923 CLOUDY (SCALE 8-10) 8
DPTR FM NORMAL -235
[CDD (BASE 65) ]
TOTAL THIS MO. 0
DPTR FM NORMAL -8 [PRESSURE DATA]
TOTAL FM JAN 1 0 HIGHEST SLP 30.67 ON 10
DPTR FM NORMAL -8 LOWEST SLP 29.58 ON 1
[REMARKS]
#FINAL-01-22#