000
CXUS53 KGRB 012208
CF6AUW
PRELIMINARY LOCAL CLIMATOLOGICAL DATA (WS FORM: F-6)
STATION: WAUSAU WI
MONTH: MAY
YEAR: 2022
LATITUDE: 44 55 N
LONGITUDE: 89 37 W
TEMPERATURE IN F: :PCPN: SNOW: WIND :SUNSHINE: SKY :PK WND
================================================================================
1 2 3 4 5 6A 6B 7 8 9 10 11 12 13 14 15 16 17 18
12Z AVG MX 2MIN
DY MAX MIN AVG DEP HDD CDD WTR SNW DPTH SPD SPD DIR MIN PSBL S-S WX SPD DR
================================================================================
1 53 46 50 0 15 0 0.25 0.0 0 10.7 20 210 M M 10 18 28 210
2 50 43 47 -3 18 0 0.00 0.0 0 7.4 15 260 M M 10 18 19 280
3 58 41 50 -1 15 0 0.00 0.0 0 8.1 16 10 M M 7 23 40
4 66 32 49 -2 16 0 0.00 0.0 0 4.4 12 120 M M 0 17 160
5 67 37 52 0 13 0 0.00 0.0 0 4.4 13 100 M M 0 17 120
6 71 44 58 6 7 0 0.00 0.0 0 7.5 21 70 M M 0 29 70
7 71 42 57 5 8 0 0.00 0.0 0 7.3 16 100 M M 0 24 120
8 63 47 55 2 10 0 0.00 0.0 0 11.5 22 130 M M 3 35 120
9 78 51 65 12 0 0 0.03 0.0 0 15.1 32 120 M M 6 3 49 130
10 82 62 72 18 0 7 T 0.0 0 4.2 15 180 M M 7 3 22 190
11 79 66 73 19 0 8 T 0.0 0 9.2 20 80 M M 7 38 30 90
12 93 65 79 25 0 14 0.31 0.0 0 11.2 26 280 M M 2 138 38 270
13 92 67 80 25 0 15 0.00 0.0 0 9.2 21 260 M M 2 27 250
14 86 59 73 18 0 8 0.06 0.0 0 6.2 33 280 M M 1 3 49 280
15 76 52 64 8 1 0 0.00 0.0 0 9.3 23 250 M M 1 30 270
16 72 50 61 5 4 0 0.00 0.0 0 10.7 25 280 M M 3 36 270
17 72 42 57 1 8 0 0.00 0.0 0 4.4 14 120 M M 0 21 110
18 67 50 59 2 6 0 0.41 0.0 0 6.6 23 310 M M 9 138 43 320
19 72 50 61 4 4 0 0.48 0.0 0 7.3 33 320 M M 5 138 50 300
20 67 56 62 4 3 0 0.71 0.0 0 8.0 22 270 M M 6 138 28 270
21 63 47 55 -3 10 0 0.00 0.0 0 9.8 18 260 M M 4 26 280
22 57 40 49 -9 16 0 0.00 0.0 0 9.3 21 260 M M 7 28 270
23 66 35 51 -7 14 0 0.00 0.0 0 4.3 17 130 M M 1 18 22 120
24 69 41 55 -4 10 0 T 0.0 0 6.3 15 140 M M 1 22 100
25 55 49 52 -7 13 0 0.48 0.0 0 7.1 15 60 M M 10 18 22 40
26 61 53 57 -3 8 0 0.12 0.0 0 6.1 13 340 M M 10 18 17 340
27 76 50 63 3 2 0 T 0.0 0 5.2 14 330 M M 4 22 360
28 70 49 60 0 5 0 0.06 0.0 0 6.4 15 130 M M 5 21 120
29 78 57 68 8 0 3 T 0.0 0 9.3 23 130 M M 2 3 34 130
30 88 70 79 18 0 14 0.00 0.0 0 13.1 29 130 M M 1 41 130
31 83 62 73 12 0 8 T 0.0 0 15.0 28 230 M M 2 39 190
================================================================================
SM 2201 1555 206 77 2.91 0.0 254.6 M 126
================================================================================
AV 71.0 50.2 8.2 FASTST M M 4 MAX(MPH)
MISC ----> # 33 280 50 300
================================================================================
NOTES:
# LAST OF SEVERAL OCCURRENCES
COLUMN 17 PEAK WIND IN M.P.H.
PRELIMINARY LOCAL CLIMATOLOGICAL DATA (WS FORM: F-6) , PAGE 2
STATION: WAUSAU WI
MONTH: MAY
YEAR: 2022
LATITUDE: 44 55 N
LONGITUDE: 89 37 W
[TEMPERATURE DATA] [PRECIPITATION DATA] SYMBOLS USED IN COLUMN 16
AVERAGE MONTHLY: 60.6 TOTAL FOR MONTH: 2.91 1 = FOG OR MIST
DPTR FM NORMAL: 4.8 DPTR FM NORMAL: -0.88 2 = FOG REDUCING VISIBILITY
HIGHEST: 93 ON 12 GRTST 24HR 1.19 ON 19-20 TO 1/4 MILE OR LESS
LOWEST: 32 ON 4 3 = THUNDER
SNOW, ICE PELLETS, HAIL 4 = ICE PELLETS
TOTAL MONTH: 0.0 INCH 5 = HAIL
GRTST 24HR 0.0 6 = FREEZING RAIN OR DRIZZLE
GRTST DEPTH: 0 7 = DUSTSTORM OR SANDSTORM:
VSBY 1/2 MILE OR LESS
8 = SMOKE OR HAZE
[NO. OF DAYS WITH] [WEATHER - DAYS WITH] 9 = BLOWING SNOW
X = TORNADO
MAX 32 OR BELOW: 0 0.01 INCH OR MORE: 10
MAX 90 OR ABOVE: 2 0.10 INCH OR MORE: 7
MIN 32 OR BELOW: 1 0.50 INCH OR MORE: 1
MIN 0 OR BELOW: 0 1.00 INCH OR MORE: 0
[HDD (BASE 65) ]
TOTAL THIS MO. 206 CLEAR (SCALE 0-3) 16
DPTR FM NORMAL -99 PTCLDY (SCALE 4-7) 10
TOTAL FM JUL 1 7547 CLOUDY (SCALE 8-10) 5
DPTR FM NORMAL -551
[CDD (BASE 65) ]
TOTAL THIS MO. 77
DPTR FM NORMAL 56 [PRESSURE DATA]
TOTAL FM JAN 1 77 HIGHEST SLP 30.43 ON 23
DPTR FM NORMAL 55 LOWEST SLP 29.25 ON 20
[REMARKS]
#FINAL-05-22#