000
CXUS53 KGRB 020105
CF6AUW
PRELIMINARY LOCAL CLIMATOLOGICAL DATA (WS FORM: F-6)
STATION: WAUSAU WI
MONTH: FEBRUARY
YEAR: 2022
LATITUDE: 44 55 N
LONGITUDE: 89 37 W
TEMPERATURE IN F: :PCPN: SNOW: WIND :SUNSHINE: SKY :PK WND
================================================================================
1 2 3 4 5 6A 6B 7 8 9 10 11 12 13 14 15 16 17 18
12Z AVG MX 2MIN
DY MAX MIN AVG DEP HDD CDD WTR SNW DPTH SPD SPD DIR MIN PSBL S-S WX SPD DR
================================================================================
1 36 10 23 8 42 0 0.00 0.0 9 14.5 26 250 M M 2 8 37 270
2 14 0 7 -8 58 0 0.00 0.0 9 9.7 17 320 M M 0 24 320
3 13 -9 2 -13 63 0 0.00 0.0 9 5.0 12 320 M M 0 18 330
4 12 -11 1 -14 64 0 0.02 0.5 10 2.3 8 290 M M 6 8 10 300
5 19 -7 6 -10 59 0 0.01 0.2 10 7.9 20 140 M M 5 8 28 150
6 27 16 22 6 43 0 T 0.3 10 6.2 15 320 M M 10 8 21 310
7 22 14 18 2 47 0 0.00 0.0 10 5.8 13 270 M M 8 16 260
8 36 14 25 9 40 0 0.00 0.0 9 6.9 14 170 M M 3 19 160
9 37 24 31 15 34 0 T T 8 12.7 22 270 M M 9 32 240
10 28 17 23 6 42 0 0.27 2.3 10 11.5 23 150 M M 9 8 33 140
11 38 8 23 6 42 0 0.02 0.2 10 13.1 23 320 M M 10 18 34 320
12 9 -5 2 -15 63 0 0.00 0.0 10 5.8 17 350 M M 3 27 300
13 14 -9 3 -15 62 0 0.00 0.0 10 4.9 12 270 M M 4 8 15 330
14 18 3 11 -7 54 0 0.00 0.0 10 3.9 12 250 M M 5 8 14 260
15 31 -5 13 -5 52 0 0.00 0.0 10 9.8 22 130 M M 4 8 35 100
16 38 21 30 11 35 0 0.00 0.0 10 8.1 20 320 M M 3 8 32 330
17 21 -1 10 -9 55 0 0.00 0.0 10 9.4 16 300 M M 3 30 340
18 29 -12 9 -10 56 0 0.16 1.9 12 14.6 43 270 M M 6 89 57 270
19 16 -4 6 -14 59 0 0.00 0.0 12 12.1 24 280 M M 1 35 270
20 43 15 29 9 36 0 0.00 0.0 12 10.8 23 260 M M 0 30 240
21 28 14 21 1 44 0 0.05 0.5 10 13.5 23 50 M M 10 32 60
22 20 12 16 -5 49 0 0.10 0.9 11 10.9 20 30 M M 10 8 30 20
23 20 0 10 -11 55 0 T T 11 7.5 17 280 M M 2 8 22 280
24 19 2 11 -11 54 0 0.08 1.1 12 5.4 14 50 M M 7 18 30
25 23 7 15 -7 50 0 T T 12 6.4 14 250 M M 3 18 240
26 33 3 18 -4 47 0 0.00 0.0 12 9.4 22 220 M M 0 33 210
27 32 17 25 2 40 0 0.00 0.0 12 6.6 16 260 M M 1 24 260
28 37 21 29 6 36 0 0.00 0.0 11 5.9 14 90 M M 5 8 22 100
================================================================================
SM 713 155 1381 0 0.71 7.9 240.6 M 129
================================================================================
AV 25.5 5.5 8.6 FASTST M M 5 MAX(MPH)
MISC ----> 43 270 57 270
================================================================================
NOTES:
# LAST OF SEVERAL OCCURRENCES
COLUMN 17 PEAK WIND IN M.P.H.
PRELIMINARY LOCAL CLIMATOLOGICAL DATA (WS FORM: F-6) , PAGE 2
STATION: WAUSAU WI
MONTH: FEBRUARY
YEAR: 2022
LATITUDE: 44 55 N
LONGITUDE: 89 37 W
[TEMPERATURE DATA] [PRECIPITATION DATA] SYMBOLS USED IN COLUMN 16
AVERAGE MONTHLY: 15.5 TOTAL FOR MONTH: 0.71 1 = FOG OR MIST
DPTR FM NORMAL: -3.0 DPTR FM NORMAL: -0.37 2 = FOG REDUCING VISIBILITY
HIGHEST: 43 ON 20 GRTST 24HR 0.27 ON 10-10 TO 1/4 MILE OR LESS
LOWEST: -12 ON 18 3 = THUNDER
SNOW, ICE PELLETS, HAIL 4 = ICE PELLETS
TOTAL MONTH: 7.9 INCHES 5 = HAIL
GRTST 24HR 2.3 ON 10-10 6 = FREEZING RAIN OR DRIZZLE
GRTST DEPTH: 12 ON 27,26 7 = DUSTSTORM OR SANDSTORM:
VSBY 1/2 MILE OR LESS
8 = SMOKE OR HAZE
[NO. OF DAYS WITH] [WEATHER - DAYS WITH] 9 = BLOWING SNOW
X = TORNADO
MAX 32 OR BELOW: 20 0.01 INCH OR MORE: 8
MAX 90 OR ABOVE: 0 0.10 INCH OR MORE: 3
MIN 32 OR BELOW: 28 0.50 INCH OR MORE: 0
MIN 0 OR BELOW: 11 1.00 INCH OR MORE: 0
[HDD (BASE 65) ]
TOTAL THIS MO. 1381 CLEAR (SCALE 0-3) 13
DPTR FM NORMAL 78 PTCLDY (SCALE 4-7) 9
TOTAL FM JUL 1 5544 CLOUDY (SCALE 8-10) 6
DPTR FM NORMAL -505
[CDD (BASE 65) ]
TOTAL THIS MO. 0
DPTR FM NORMAL 0 [PRESSURE DATA]
TOTAL FM JAN 1 0 HIGHEST SLP 30.69 ON 3
DPTR FM NORMAL 0 LOWEST SLP 29.25 ON 11
[REMARKS]
#FINAL-02-22#